000
CXUS55 KCAE 011500
CF6CAE
PRELIMINARY LOCAL CLIMATOLOGICAL DATA (WS FORM: F-6)
STATION: COLUMBIA METRO AIRPORT SC
MONTH: NOVEMBER
YEAR: 2020
LATITUDE: 33 57 N
LONGITUDE: 81 7 W
TEMPERATURE IN F: :PCPN: SNOW: WIND :SUNSHINE: SKY :PK WND
================================================================================
1 2 3 4 5 6A 6B 7 8 9 10 11 12 13 14 15 16 17 18
12Z AVG MX 2MIN
DY MAX MIN AVG DEP HDD CDD WTR SNW DPTH SPD SPD DIR MIN PSBL S-S WX SPD DR
================================================================================
1 71 54 63 4 2 0 0.11 0.0 0 8.9 22 260 M M 6 1 28 310
2 59 36 48 -11 17 0 0.00 0.0 0 5.5 18 340 M M 0 32 340
3 68 32 50 -8 15 0 0.00 0.0 0 0.7 6 220 M M 1 9 240
4 70 37 54 -4 11 0 0.00 0.0 0 2.4 14 130 M M 0 1 16 130
5 77 39 58 0 7 0 0.00 0.0 0 2.4 10 90 M M 3 1 18 210
6 78 51 65 7 0 0 0.00 0.0 0 4.7 15 80 M M 4 19 40
7 82 63 73 16 0 8 0.00 0.0 0 8.0 18 100 M M 5 24 100
8 80 65 73 16 0 8 0.00 0.0 0 9.3 20 90 M M 6 26 90
9 81 64 73 16 0 8 0.00 0.0 0 8.9 18 80 M M 5 23 80
10 83 67 75 19 0 10 0.23 0.0 0 8.9 17 100 M M 9 1 20 110
11 82 71 77 21 0 12 0.53 0.0 0 7.8 16 120 M M 10 13 19 170
12 77 66 72 16 0 7 0.38 0.0 0 5.8 17 280 M M 9 1 25 290
13 78 56 67 11 0 2 T 0.0 0 3.7 13 300 M M 5 1 15 290
14 71 52 62 7 3 0 T 0.0 0 5.5 14 90 M M 6 12 18 100
15 81 58 70 15 0 5 0.00 0.0 0 8.2 22 250 M M 7 12 30 250
16 67 41 54 -1 11 0 0.00 0.0 0 4.2 13 300 M M 0 1 17 320
17 68 37 53 -1 12 0 0.00 0.0 0 6.8 18 290 M M 0 1 22 320
18 59 35 47 -7 18 0 0.00 0.0 0 4.7 14 50 M M 0 1 18 40
19 61 30 46 -8 19 0 0.00 0.0 0 2.8 9 100 M M 0 1 13 80
20 73 35 54 0 11 0 0.00 0.0 0 1.9 8 120 M M 1 12 100
21 73 42 58 5 7 0 0.00 0.0 0 1.1 8 100 M M 4 12 9 90
22 64 42 53 0 12 0 0.03 0.0 0 1.6 6 300 M M 8 128 8 310
23 68 40 54 1 11 0 0.00 0.0 0 5.1 14 20 M M 1 12 21 350
24 59 40 50 -2 15 0 0.00 0.0 0 5.3 15 90 M M 2 20 90
25 73 42 58 6 7 0 T 0.0 0 5.2 14 140 M M 8 19 140
26 71 60 66 14 0 1 1.07 0.0 0 5.9 23 270 M M 5 123 27 270
27 71 52 62 11 3 0 0.00 0.0 0 4.2 15 300 M M 6 12 19 290
28 60 48 54 3 11 0 0.27 0.0 0 3.3 21 280 M M 9 12 25 290
29 60 47 54 3 11 0 0.35 0.0 0 4.4 10 70 M M 10 128 13 70
30 67 39 53 3 12 0 0.51 0.0 0 16.6 29 270 M M 7 1 37 250
================================================================================
SM 2132 1441 215 61 3.48 0.0 163.8 M 137
================================================================================
AV 71.1 48.0 5.5 FASTST M M 5 MAX(MPH)
MISC ----> 29 270 37 250
================================================================================
NOTES:
# LAST OF SEVERAL OCCURRENCES
COLUMN 17 PEAK WIND IN M.P.H.
PRELIMINARY LOCAL CLIMATOLOGICAL DATA (WS FORM: F-6) , PAGE 2
STATION: COLUMBIA METRO AIRPORT SC
MONTH: NOVEMBER
YEAR: 2020
LATITUDE: 33 57 N
LONGITUDE: 81 7 W
[TEMPERATURE DATA] [PRECIPITATION DATA] SYMBOLS USED IN COLUMN 16
AVERAGE MONTHLY: 59.6 TOTAL FOR MONTH: 3.48 1 = FOG OR MIST
DPTR FM NORMAL: 4.8 DPTR FM NORMAL: 0.74 2 = FOG REDUCING VISIBILITY
HIGHEST: 83 ON 10 GRTST 24HR 1.07 ON 26-26 TO 1/4 MILE OR LESS
LOWEST: 30 ON 19 3 = THUNDER
SNOW, ICE PELLETS, HAIL 4 = ICE PELLETS
TOTAL MONTH: 0.0 INCH 5 = HAIL
GRTST 24HR 0.0 6 = FREEZING RAIN OR DRIZZLE
GRTST DEPTH: 0 7 = DUSTSTORM OR SANDSTORM:
VSBY 1/2 MILE OR LESS
8 = SMOKE OR HAZE
[NO. OF DAYS WITH] [WEATHER - DAYS WITH] 9 = BLOWING SNOW
X = TORNADO
MAX 32 OR BELOW: 0 0.01 INCH OR MORE: 9
MAX 90 OR ABOVE: 0 0.10 INCH OR MORE: 8
MIN 32 OR BELOW: 2 0.50 INCH OR MORE: 3
MIN 0 OR BELOW: 0 1.00 INCH OR MORE: 1
[HDD (BASE 65) ]
TOTAL THIS MO. 215 CLEAR (SCALE 0-3) 10
DPTR FM NORMAL -106 PTCLDY (SCALE 4-7) 15
TOTAL FM JUL 1 250 CLOUDY (SCALE 8-10) 5
DPTR FM NORMAL -190
[CDD (BASE 65) ]
TOTAL THIS MO. 61
DPTR FM NORMAL 46 [PRESSURE DATA]
TOTAL FM JAN 1 2380 HIGHEST SLP 30.66 ON 19
DPTR FM NORMAL 213 LOWEST SLP 29.52 ON 30
[REMARKS]
#FINAL-11-20#