000
CXUS55 KGJT 020305
CLMCAG
CLIMATE REPORT
NATIONAL WEATHER SERVICE GRAND JUNCTION CO
905 PM MDT SAT JUL 01 2023
...................................
...THE CRAIG CO CLIMATE SUMMARY FOR THE MONTH OF JUNE 2023...
CLIMATE NORMAL PERIOD 1991 TO 2020
CLIMATE RECORD PERIOD 9999 TO 9999
WEATHER OBSERVED NORMAL DEPART LAST YEAR`S
VALUE DATE(S) VALUE FROM VALUE DATE(S)
NORMAL
................................................................
TEMPERATURE (F)
HIGHEST 88 06/26 MM MM 93 06/11
06/17
LOWEST 33 06/24 MM MM 28 06/15
AVG. MAXIMUM 77.6 81.2 -3.6 82.1
AVG. MINIMUM 41.0 40.6 0.4 41.9
MEAN 59.3 60.9 -1.6 62.0
DAYS MAX >= 90 0 4.8 -4.8 6
DAYS MAX <= 32 0 0.0 0.0 0
DAYS MIN <= 32 0 2.0 -2.0 5
DAYS MIN <= 0 0 0.0 0.0 0
PRECIPITATION (INCHES)
TOTALS 0.93 0.99 -0.06 0.94
DAILY AVG. 0.03 0.03 -0.00 0.03
DAYS >= .01 9 6.7 2.3 8
DAYS >= .10 3 3.2 -0.2 4
DAYS >= .50 0 0.4 -0.4 0
DAYS >= 1.00 0 0.1 -0.1 0
GREATEST
24 HR. TOTAL 0.40 06/14 TO 06/15 0.32
SNOWFALL (INCHES)
TOTALS MM MM MM MM
SINCE 7/1 MM MM MM MM
SNOWDEPTH AVG. MM MM
DAYS >= 1.0 MM MM MM MM
GREATEST
SNOW DEPTH MM MM MM
24 HR TOTAL MM MM
DEGREE DAYS
HEATING TOTAL 164 143 21 116
SINCE 7/1 9138 8235 903 8350
COOLING TOTAL 0 20 -20 34
SINCE 1/1 0 21 -21 34
................................................................
WIND (MPH)
AVERAGE WIND SPEED 6.3
HIGHEST WIND SPEED/DIRECTION 39/170 DATE 06/11
HIGHEST GUST SPEED/DIRECTION 55/180 DATE 06/11
SKY COVER
POSSIBLE SUNSHINE (PERCENT) MM
AVERAGE SKY COVER 0.24
NUMBER OF DAYS FAIR 20
NUMBER OF DAYS PC 8
NUMBER OF DAYS CLOUDY 2
AVERAGE RH (PERCENT) 52
WEATHER CONDITIONS. NUMBER OF DAYS WITH
THUNDERSTORM 12 MIXED PRECIP 0
HEAVY RAIN 2 RAIN 3
LIGHT RAIN 13 FREEZING RAIN 0
LT FREEZING RAIN 0 HAIL 0
HEAVY SNOW 0 SNOW 0
LIGHT SNOW 0 SLEET 0
FOG 6 FOG W/VIS <= 1/4 MILE 1
HAZE 1
- INDICATES NEGATIVE NUMBERS.
R INDICATES RECORD WAS SET OR TIED.
MM INDICATES DATA IS MISSING.
T INDICATES TRACE AMOUNT.
$$