000
CXUS55 KGJT 011140
CLMCAG
CLIMATE REPORT
NATIONAL WEATHER SERVICE GRAND JUNCTION CO
540 AM MDT TUE AUG 01 2023
...................................
...THE CRAIG CO CLIMATE SUMMARY FOR THE MONTH OF JULY 2023...
CLIMATE NORMAL PERIOD 1991 TO 2020
CLIMATE RECORD PERIOD 9999 TO 9999
WEATHER OBSERVED NORMAL DEPART LAST YEAR`S
VALUE DATE(S) VALUE FROM VALUE DATE(S)
NORMAL
................................................................
TEMPERATURE (F)
HIGHEST 101 07/17 MM MM 96 07/09
07/10
07/22
LOWEST 40 07/01 MM MM 43 07/09
AVG. MAXIMUM 91.0 89.2 1.8 90.2
AVG. MINIMUM 49.0 47.3 1.7 50.5
MEAN 70.0 68.3 1.7 70.3
DAYS MAX >= 90 20 16.4 3.6 17
DAYS MAX <= 32 0 0.0 0.0 0
DAYS MIN <= 32 0 0.1 -0.1 0
DAYS MIN <= 0 0 0.0 0.0 0
PRECIPITATION (INCHES)
TOTALS 0.67 0.93 -0.26 1.63
DAILY AVG. 0.02 0.03 -0.01 0.05
DAYS >= .01 10 7.5 2.5 8
DAYS >= .10 3 2.8 0.2 4
DAYS >= .50 0 0.3 -0.3 1
DAYS >= 1.00 0 0.0 0.0 0
GREATEST
24 HR. TOTAL 0.21 07/19 TO 07/20 0.63
SNOWFALL (INCHES)
TOTALS MM MM MM MM
SINCE 7/1 MM MM MM MM
SNOWDEPTH AVG. MM MM
DAYS >= 1.0 MM MM MM MM
GREATEST
SNOW DEPTH MM MM MM
24 HR TOTAL MM MM
DEGREE DAYS
HEATING TOTAL 2 15 -13 2
SINCE 7/1 2 11 -9 2
COOLING TOTAL 166 116 50 176
SINCE 1/1 166 137 29 210
................................................................
WIND (MPH)
AVERAGE WIND SPEED 5.6
HIGHEST WIND SPEED/DIRECTION 41/200 DATE 07/24
HIGHEST GUST SPEED/DIRECTION 60/200 DATE 07/24
SKY COVER
POSSIBLE SUNSHINE (PERCENT) MM
AVERAGE SKY COVER 0.10
NUMBER OF DAYS FAIR 29
NUMBER OF DAYS PC 2
NUMBER OF DAYS CLOUDY 0
AVERAGE RH (PERCENT) 46
WEATHER CONDITIONS. NUMBER OF DAYS WITH
THUNDERSTORM 16 MIXED PRECIP 0
HEAVY RAIN 2 RAIN 1
LIGHT RAIN 17 FREEZING RAIN 0
LT FREEZING RAIN 0 HAIL 0
HEAVY SNOW 0 SNOW 0
LIGHT SNOW 0 SLEET 0
FOG 4 FOG W/VIS <= 1/4 MILE 0
HAZE 0
- INDICATES NEGATIVE NUMBERS.
R INDICATES RECORD WAS SET OR TIED.
MM INDICATES DATA IS MISSING.
T INDICATES TRACE AMOUNT.
$$