000
CXUS51 KCLE 011633
CLMCAK
CLIMATE REPORT
NATIONAL WEATHER SERVICE CLEVELAND, OH
1133 AM EST FRI DEC 01 2023
...................................
...THE AKRON CANTON OH CLIMATE SUMMARY FOR THE MONTH OF NOVEMBER 2023...
CLIMATE NORMAL PERIOD 1991 TO 2020
CLIMATE RECORD PERIOD 1887 TO 2023
WEATHER OBSERVED NORMAL DEPART LAST YEAR`S
VALUE DATE(S) VALUE FROM VALUE
NORMAL
..............................................................
TEMPERATURE (F)
RECORD
HIGH 80 11/03/1961
LOW 11/30/1958
HIGHEST 67 11/09
LOWEST 15 11/29
AVG. MAXIMUM 50.1 50.7 -0.6 53.8
AVG. MINIMUM 31.6 34.2 -2.6 36.8
MEAN 40.8 42.5 -1.7 45.3
DAYS MAX >= 90 0 0.0 0.0 0
DAYS MAX <= 32 1 1.7 -0.7 2
DAYS MIN <= 32 16 14.2 1.8 11
DAYS MIN <= 0 0 0.0 0.0 0
PRECIPITATION (INCHES)
RECORD
MAXIMUM 9.39 1985
MINIMUM 0.41 1939
TOTALS 1.53 3.08 -1.55 3.26
DAYS >= .01 7 12.5 -5.5 15
DAYS >= .10 3 7.0 -4.0 4
DAYS >= .50 2 1.6 0.4 2
DAYS >= 1.00 0 0.4 -0.4 1
GREATEST
24 HR. TOTAL 0.69 11/17 TO 11/17 1.42
SNOWFALL (INCHES)
RECORDS
TOTAL 22.3 1950
TOTALS 0.3 3.3 -3.0 1.9
SINCE 7/1 0.7 3.6 -2.9 2.8
DAYS >= 1.0 0 1.2 -1.2 0
GREATEST
24 HR TOTAL 0.2 11/01 TO 11/01
DEGREE DAYS
HEATING TOTAL 718 677 41 586
SINCE 7/1 1160 1134 26 1012
COOLING TOTAL 0 0 0 5
SINCE 1/1 592 869 -277 1081
..............................................................
WIND (MPH)
AVERAGE WIND SPEED 9.4
HIGHEST WIND SPEED/DIRECTION 26/260 DATE 11/27
26/290 11/28
HIGHEST GUST SPEED/DIRECTION 38/260 DATE 11/27
38/280 11/28
SKY COVER
AVERAGE SKY COVER 0.55
AVERAGE RH (PERCENT) 67
WEATHER CONDITIONS. NUMBER OF DAYS WITH
THUNDERSTORM 0 MIXED PRECIP 0
HEAVY RAIN 0 RAIN 2
LIGHT RAIN 7 FREEZING RAIN 0
LT FREEZING RAIN 0 HAIL 0
HEAVY SNOW 1 SNOW 0
LIGHT SNOW 3 SLEET 0
FOG 9 FOG W/VIS <= 1/4 MILE 2
HAZE 2
- INDICATES NEGATIVE NUMBERS.
R INDICATES RECORD WAS SET OR TIED.
MM INDICATES DATA IS MISSING.
T INDICATES TRACE AMOUNT.
$$