000
CXUS55 KABQ 011614
CLMCAO
CLIMATE REPORT
NATIONAL WEATHER SERVICE ALBUQUERQUE NM
1014 AM MDT TUE AUG 01 2023
...................................
...THE CLAYTON NM CLIMATE SUMMARY FOR THE MONTH OF JULY 2023...
CLIMATE NORMAL PERIOD 1991 TO 2020
CLIMATE RECORD PERIOD 1896 TO 2023
WEATHER OBSERVED NORMAL DEPART LAST YEAR`S
VALUE DATE(S) VALUE FROM VALUE DATE(S)
NORMAL
................................................................
TEMPERATURE (F)
RECORD
HIGH 105 07/30/1934
LOW 40 07/09/1943
HIGHEST 101 07/24 MM MM 103 07/19
07/26
LOWEST 55 07/01 MM MM 57 07/07
AVG. MAXIMUM 91.1 90.0 1.1 92.4
AVG. MINIMUM 62.1 60.8 1.3 64.2
MEAN 76.6 75.4 1.2 78.3
DAYS MAX >= 90 19 18.5 0.5 24
DAYS MAX <= 32 0 0.0 0.0 0
DAYS MIN <= 32 0 0.0 0.0 0
DAYS MIN <= 0 0 0.0 0.0 0
PRECIPITATION (INCHES)
TOTALS 2.17R 2.81 -0.64 4.26
DAILY AVG. 0.07 0.09 -0.02 0.14
DAYS >= .01 10 9.9 0.1 14
DAYS >= .10 4 5.2 -1.2 9
DAYS >= .50 2 2.1 -0.1 3
DAYS >= 1.00 0 0.7 -0.7 1
GREATEST
24 HR. TOTAL 0.94 07/13 TO 07/14 1.50
SNOWFALL (INCHES)
TOTALS 0.0 0.0 0.0 0.0
SINCE 7/1 0.0 0.0 0.0 MM
DAYS >= 1.0 0 0.0 0.0 0
GREATEST
SNOW DEPTH 0 0 MM
24 HR TOTAL 0.0 MM
DEGREE DAYS
HEATING TOTAL 0 2 -2 0
SINCE 7/1 0 0 0 MM
COOLING TOTAL 368 324 44 418
SINCE 1/1 518 588 -70 MM
................................................................
WIND (MPH)
AVERAGE WIND SPEED 10.7
HIGHEST WIND SPEED/DIRECTION 37/320 DATE 07/13
HIGHEST GUST SPEED/DIRECTION 52/320 DATE 07/13
SKY COVER
AVERAGE SKY COVER 0.16
AVERAGE RH (PERCENT) 56
WEATHER CONDITIONS. NUMBER OF DAYS WITH
THUNDERSTORM 13 MIXED PRECIP 0
HEAVY RAIN 4 RAIN 3
LIGHT RAIN 13 FREEZING RAIN 0
LT FREEZING RAIN 0 HAIL 0
HEAVY SNOW 0 SNOW 0
LIGHT SNOW 0 SLEET 0
FOG 10 FOG W/VIS <= 1/4 MILE 3
HAZE 1
- INDICATES NEGATIVE NUMBERS.
R INDICATES RECORD WAS SET OR TIED.
MM INDICATES DATA IS MISSING.
T INDICATES TRACE AMOUNT.
$$