000
CXUS51 KCAR 040610
CLMCAR
CLIMATE REPORT
NATIONAL WEATHER SERVICE CARIBOU ME
210 AM EDT WED OCT 04 2023
...................................
...THE CARIBOU ME CLIMATE SUMMARY FOR THE MONTH OF SEPTEMBER 2023...
CLIMATE NORMAL PERIOD: 1991 TO 2020
CLIMATE RECORD PERIOD: 1939 TO 2023
WEATHER OBSERVED NORMAL DEPART LAST YEAR`S
VALUE DATE(S) VALUE FROM VALUE DATE(S)
NORMAL
................................................................
TEMPERATURE (F)
RECORD
HIGH 92 09/01/2010
LOW 23 09/29/1980
09/22/1950
HIGHEST 86 09/04 MM MM 83 09/11
09/05
LOWEST 36 09/26 MM MM 32 09/30
AVG. MAXIMUM 71.2 67.3 3.9 67.3
AVG. MINIMUM 50.5 45.9 4.6 46.4
MEAN 60.9 56.6 4.3 56.8
DAYS MAX >= 90 0 0.1 -0.1 0
DAYS MAX <= 32 0 0.0 0.0 0
DAYS MIN <= 32 0 1.7 -1.7 1
DAYS MIN <= 0 0 0.0 0.0 0
PRECIPITATION (INCHES)
RECORD
MAXIMUM 8.81 1999
MINIMUM 0.86 1968
TOTALS 4.00 0.56
DAILY AVG. 0.13 0.11 0.02 0.06
DAYS >= .01 12 11.5 0.5 7
DAYS >= .10 6 6.9 -0.9 4
DAYS >= .50 5 2.1 2.9 2
DAYS >= 1.00 1 0.9 0.1 0
GREATEST
24 HR. TOTAL 1.24 09/16 TO 09/17 0.90 09/22 TO 09/22
SNOWFALL (INCHES)
RECORDS
TOTAL 2.5 1991
TOTALS 0.0 0.1 -0.1 0.0
SINCE 7/1 0.0 0.1 -0.1 MM
SNOWDEPTH AVG. 0 0
DAYS >= 1.0 0 0.0 0.0 0
GREATEST
SNOW DEPTH 0 0 MM
24 HR TOTAL MM MM
DEGREE DAYS
HEATING TOTAL 163 269 -106 251
SINCE 7/1 242 381 -139 MM
COOLING TOTAL 46 17 29 12
SINCE 1/1 350 224 126 MM
................................................................
WIND (MPH)
AVERAGE WIND SPEED 4.8
HIGHEST WIND SPEED/DIRECTION 29/360 DATE 09/16
HIGHEST GUST SPEED/DIRECTION 42/360 DATE 09/16
SKY COVER
POSSIBLE SUNSHINE (PERCENT) MM
AVERAGE SKY COVER 0.40
NUMBER OF DAYS FAIR 17
NUMBER OF DAYS PC 7
NUMBER OF DAYS CLOUDY 6
AVERAGE RH (PERCENT) 77
WEATHER CONDITIONS. NUMBER OF DAYS WITH
THUNDERSTORM 1 MIXED PRECIP 0
HEAVY RAIN 5 RAIN 6
LIGHT RAIN 13 FREEZING RAIN 0
LT FREEZING RAIN 0 HAIL 0
HEAVY SNOW 0 SNOW 0
LIGHT SNOW 0 SLEET 0
FOG 24 FOG W/VIS <= 1/4 MILE 7
HAZE 2
- INDICATES NEGATIVE NUMBERS.
* INDICATES RECORD WAS SET OR TIED.
MM INDICATES DATA IS MISSING.
T INDICATES TRACE AMOUNT.
$$