000
CXUS54 KLZK 011330
CF6CCA
PRELIMINARY LOCAL CLIMATOLOGICAL DATA (WS FORM: F-6)
STATION: CLINTON
MONTH: NOVEMBER
YEAR: 2022
LATITUDE: 35 32 N
LONGITUDE: 92 22 W
TEMPERATURE IN F: :PCPN: SNOW: WIND :SUNSHINE: SKY :PK WND
================================================================================
1 2 3 4 5 6A 6B 7 8 9 10 11 12 13 14 15 16 17 18
12Z AVG MX 2MIN
DY MAX MIN AVG DEP HDD CDD WTR SNW DPTH SPD SPD DIR MIN PSBL S-S WX SPD DR
================================================================================
1 77 39 58 M 7 0 M M M 1.2 6 150 M M 1 1 12 99
2 75 43 59 M 6 0 M M M 1.7 8 150 M M 0 1 13 190
3 77 45 61 M 4 0 M M M 2.7 10 180 M M 6 16 180
4 73 63 68 M 0 3 M M M 5.8 14 170 M M 9 3 21 170
5 66 39 53 M 12 0 M M M 5.7 14 230 M M 5 20 220
6 73 36 55 M 10 0 M M M 1.0 7 190 M M 3 1 M M
7 72 52 62 M 3 0 M M M 2.5 9 40 M M 9 17 70
8 77 55 66 M 0 1 M M M 1.1 5 110 M M 8 8 M M
9 82 52 67 M 0 2 M M M 1.2 7 140 M M 3 8 15 170
10 75 46 61 M 4 0 M M M 1.7 8 140 M M 1 18 12 99
11 55 36 46 M 19 0 M M M 4.2 9 310 M M 8 23 99
12 46 25 36 M 29 0 M M M 4.5 15 290 M M 2 21 320
13 45 21 33 M 32 0 M M M 1.5 7 100 M M 1 12 99
14 46 23 35 M 30 0 M M M 2.3 9 110 M M 5 16 99
15 43 28 36 M 29 0 M M M 3.9 12 300 M M 9 18 300
16 50 25 38 M 27 0 M M M 3.8 15 270 M M 1 1 30 290
17 52 18 35 M 30 0 M M M 1.1 7 99 M M 0 13 310
18 43 27 35 M 30 0 M M M 4.4 12 300 M M 8 22 0
19 48 23 36 M 29 0 M M M 2.7 13 240 M M 4 22 240
20 45 18 32 M 33 0 M M M 0.9 7 120 M M 0 M M
21 55 18 37 M 28 0 M M M 1.0 6 210 M M 0 13 0
22 63 28 46 M 19 0 M M M 1.2 7 150 M M 2 8 13 99
23 64 28 46 M 19 0 M M M 1.1 7 99 M M 4 16 0
24 54 48 51 M 14 0 M M M 0.2 5 99 M M 10 1 13 0
25 59 39 49 M 16 0 M M M 1.6 6 300 M M 8 12 14 99
26 52 36 44 M 21 0 M M M 1.1 7 99 M M 9 1 16 0
27 59 39 49 M 16 0 M M M 7.2 15 210 M M 7 1 24 220
28 59 36 48 M 17 0 M M M 0.8 7 99 M M 5 12 14 0
29 73 37 55 M 10 0 M M M 3.5 15 300 M M 5 18 29 330
30 48 27 38 M 27 0 M M M 6.2 13 310 M M 1 33 320
================================================================================
SM 1806 1050 521 6 M M 77.6 M 134
================================================================================
AV 60.2 35.0 2.6 FASTST M M 4 MAX(MPH)
MISC ----> 15 270 33 320
================================================================================
NOTES:
# LAST OF SEVERAL OCCURRENCES
COLUMN 17 PEAK WIND IN M.P.H.
PRELIMINARY LOCAL CLIMATOLOGICAL DATA (WS FORM: F-6) , PAGE 2
STATION: CLINTON
MONTH: NOVEMBER
YEAR: 2022
LATITUDE: 35 32 N
LONGITUDE: 92 22 W
[TEMPERATURE DATA] [PRECIPITATION DATA] SYMBOLS USED IN COLUMN 16
AVERAGE MONTHLY: 47.6 TOTAL FOR MONTH: M 1 = FOG OR MIST
DPTR FM NORMAL: 0.0 DPTR FM NORMAL: M 2 = FOG REDUCING VISIBILITY
HIGHEST: 82 ON 9 GRTST 24HR M ON M TO 1/4 MILE OR LESS
LOWEST: 18 ON 17,21 3 = THUNDER
SNOW, ICE PELLETS, HAIL 4 = ICE PELLETS
TOTAL MONTH: M 5 = HAIL
GRTST 24HR M ON M 6 = FREEZING RAIN OR DRIZZLE
GRTST DEPTH: M ON M 7 = DUSTSTORM OR SANDSTORM:
VSBY 1/2 MILE OR LESS
8 = SMOKE OR HAZE
[NO. OF DAYS WITH] [WEATHER - DAYS WITH] 9 = BLOWING SNOW
X = TORNADO
MAX 32 OR BELOW: 0 0.01 INCH OR MORE: 0
MAX 90 OR ABOVE: 0 0.10 INCH OR MORE: 0
MIN 32 OR BELOW: 13 0.50 INCH OR MORE: 0
MIN 0 OR BELOW: 0 1.00 INCH OR MORE: 0
[HDD (BASE 65) ]
TOTAL THIS MO. 521 CLEAR (SCALE 0-3) 12
DPTR FM NORMAL M PTCLDY (SCALE 4-7) 11
TOTAL FM JUL 1 721 CLOUDY (SCALE 8-10) 7
DPTR FM NORMAL M
[CDD (BASE 65) ]
TOTAL THIS MO. 6
DPTR FM NORMAL M [PRESSURE DATA]
TOTAL FM JAN 1 1859 HIGHEST SLP M ON M
DPTR FM NORMAL M LOWEST SLP M ON M
[REMARKS]
#FINAL-11-22#