000
CXUS56 KMTR 020218
CF6CCR
PRELIMINARY LOCAL CLIMATOLOGICAL DATA (WS FORM: F-6)
STATION: CONCORD AIRPORT
MONTH: MAY
YEAR: 2020
LATITUDE: 37 58 N
LONGITUDE: 122 3 W
TEMPERATURE IN F: :PCPN: SNOW: WIND :SUNSHINE: SKY :PK WND
================================================================================
1 2 3 4 5 6A 6B 7 8 9 10 11 12 13 14 15 16 17 18
12Z AVG MX 2MIN
DY MAX MIN AVG DEP HDD CDD WTR SNW DPTH SPD SPD DIR MIN PSBL S-S WX SPD DR
================================================================================
1 80 51 66 5 0 1 0.00 M M 9.9 18 300 M M 0 23 270
2 73 56 65 3 0 0 0.00 M M 9.8 18 230 M M 6 26 240
3 75 49 62 0 3 0 0.00 M M 7.5 16 240 M M 0 29 240
4 83 49 66 4 0 1 0.00 M M 7.6 18 290 M M 0 21 290
5 82 52 67 5 0 2 0.00 M M 10.7 21 270 M M 0 30 210
6 86 52 69 7 0 4 0.00 0.0 M 4.9 15 270 M M 0 18 360
7 92 52 72 10 0 7 0.00 M M 4.5 15 270 M M 0 18 270
8 96 52 74 11 0 9 0.00 M M 3.8 14 320 M M 0 8 17 310
9 88 52 70 7 0 5 0.00 M M 8.3 16 200 M M 0 1 20 240
10 74 54 64 1 1 0 0.00 M M 11.4 21 220 M M 0 24 220
11 77 53 65 2 0 0 0.08 M M 10.0 26 220 M M 5 1 31 230
12 70 56 63 0 2 0 T M M 11.3 23 230 M M 5 1 29 220
13 71 50 61 -3 4 0 0.01 M M 9.2 21 220 M M 4 25 230
14 70 54 62 -2 3 0 0.01 M M 8.1 17 240 M M 5 22 220
15 78 54 66 2 0 1 0.00 M M 7.3 16 290 M M 2 20 270
16 76 57 67 3 0 2 T M M 13.1 23 220 M M 1 27 220
17 76 60 68 4 0 3 0.12 0.0 M 11.7 25 220 M M 6 1 31 220
18 69 55 62 -2 3 0 0.16 0.0 M 10.6 21 250 M M 4 1 27 250
19 73 52 63 -1 2 0 0.00 M M 10.6 18 190 M M 3 23 220
20 76 54 65 0 0 0 0.00 M M 8.4 15 200 M M 2 20 180
21 83 54 69 4 0 4 0.00 M M 9.2 17 260 M M 0 25 270
22 79 54 67 2 0 2 0.00 M M 8.5 17 310 M M 0 24 290
23 86 51 69 4 0 4 0.00 M M 6.8 20 260 M M 0 27 270
24 92 53 73 8 0 8 0.00 0.0 M 4.7 20 290 M M 0 23 280
25 99 60 80 14 0 15 0.00 0.0 M 4.3 18 250 M M 0 21 250
26 102 62 82 16 0 17 0.00 M M 5.0 17 330 M M 0 21 330
27 100 63 82 16 0 17 0.00 M M 6.9 18 300 M M 0 26 320
28 96 58 77 11 0 12 0.00 M M 7.8 20 280 M M 0 22 280
29 79 57 68 2 0 3 0.00 M M 13.4 24 240 M M 2 31 260
30 75 60 68 2 0 3 0.08 M M 7.6 16 250 M M 7 20 250
31 76 58 67 1 0 2 0.00 M M 7.7 16 260 M M 4 20 250
================================================================================
SM 2532 1694 18 122 0.46 0.0 260.6 M 56
================================================================================
AV 81.7 54.6 8.4 FASTST M M 2 MAX(MPH)
MISC ----> 26 220 # 31 230
================================================================================
NOTES:
# LAST OF SEVERAL OCCURRENCES
COLUMN 17 PEAK WIND IN M.P.H.
PRELIMINARY LOCAL CLIMATOLOGICAL DATA (WS FORM: F-6) , PAGE 2
STATION: CONCORD AIRPORT
MONTH: MAY
YEAR: 2020
LATITUDE: 37 58 N
LONGITUDE: 122 3 W
[TEMPERATURE DATA] [PRECIPITATION DATA] SYMBOLS USED IN COLUMN 16
AVERAGE MONTHLY: 68.2 TOTAL FOR MONTH: 0.46 1 = FOG OR MIST
DPTR FM NORMAL: 4.2 DPTR FM NORMAL: -0.08 2 = FOG REDUCING VISIBILITY
HIGHEST: 102 ON 26 GRTST 24HR 0.27 ON 17-18 TO 1/4 MILE OR LESS
LOWEST: 49 ON 4, 3 3 = THUNDER
SNOW, ICE PELLETS, HAIL 4 = ICE PELLETS
TOTAL MONTH: 0.0 INCH 5 = HAIL
GRTST 24HR 0.0 6 = FREEZING RAIN OR DRIZZLE
GRTST DEPTH: M ON M 7 = DUSTSTORM OR SANDSTORM:
VSBY 1/2 MILE OR LESS
8 = SMOKE OR HAZE
[NO. OF DAYS WITH] [WEATHER - DAYS WITH] 9 = BLOWING SNOW
X = TORNADO
MAX 32 OR BELOW: 0 0.01 INCH OR MORE: 6
MAX 90 OR ABOVE: 7 0.10 INCH OR MORE: 2
MIN 32 OR BELOW: 0 0.50 INCH OR MORE: 0
MIN 0 OR BELOW: 0 1.00 INCH OR MORE: 0
[HDD (BASE 65) ]
TOTAL THIS MO. 18 CLEAR (SCALE 0-3) 21
DPTR FM NORMAL -70 PTCLDY (SCALE 4-7) 10
TOTAL FM JUL 1 1880 CLOUDY (SCALE 8-10) 0
DPTR FM NORMAL -575
[CDD (BASE 65) ]
TOTAL THIS MO. 122
DPTR FM NORMAL 65 [PRESSURE DATA]
TOTAL FM JAN 1 166 HIGHEST SLP 30.17 ON 6
DPTR FM NORMAL 95 LOWEST SLP 29.74 ON 26
[REMARKS]
#FINAL-05-20#