000
CXUS56 KMTR 010824
CLMCCR
CLIMATE REPORT
NATIONAL WEATHER SERVICE SAN FRANCISCO BAY AREA
1224 AM PST FRI MAR 01 2024
...................................
...THE CONCORD AIRPORT CLIMATE SUMMARY FOR THE MONTH OF FEBRUARY 2024...
CLIMATE NORMAL PERIOD: 1991 TO 2020
CLIMATE RECORD PERIOD: 1999 TO 2024
WEATHER OBSERVED NORMAL DEPART LAST YEAR`S
VALUE DATE(S) VALUE FROM VALUE DATE(S)
NORMAL
................................................................
TEMPERATURE (F)
RECORD
HIGH 81 MM
LOW 30 02/09/2013
HIGHEST 70 02/24 70 02/20
LOWEST 36 02/08 32 02/01
02/09
02/10
02/15
AVG. MAXIMUM 61.9 58.7
AVG. MINIMUM 44.0 38.1
MEAN 52.9 48.4
DAYS MAX >= 90 0 0
DAYS MAX <= 32 0 0
DAYS MIN <= 32 0 2
DAYS MIN <= 0 0 0
PRECIPITATION (INCHES)
TOTALS 3.03 3.19 -0.16 2.83
DAILY AVG. 0.11 0.10
DAYS >= .01 10 11
DAYS >= .10 8 8
DAYS >= .50 1 2
DAYS >= 1.00 0 0
GREATEST
24 HR. TOTAL 1.09 01/31 TO 02/01 0.72 02/27 TO 02/28
DEGREE DAYS
HEATING TOTAL 329 457
SINCE 7/1 1393 MM
COOLING TOTAL 0 0
SINCE 1/1 0 MM
................................................................
WIND (MPH)
AVERAGE WIND SPEED 5.5
RESULTANT WIND SPEED/DIRECTION 2/180
HIGHEST WIND SPEED/DIRECTION 36/170 DATE 02/04
HIGHEST GUST SPEED/DIRECTION 48/170 DATE 02/04
SKY COVER
POSSIBLE SUNSHINE (PERCENT) MM
AVERAGE SKY COVER 0.40
NUMBER OF DAYS FAIR 14
NUMBER OF DAYS PC 8
NUMBER OF DAYS CLOUDY 6
AVERAGE RH (PERCENT) 73
WEATHER CONDITIONS. NUMBER OF DAYS WITH
THUNDERSTORM 0 MIXED PRECIP 0
HEAVY RAIN 3 RAIN 8
LIGHT RAIN 12 FREEZING RAIN 0
LT FREEZING RAIN 0 HAIL 0
HEAVY SNOW 0 SNOW 0
LIGHT SNOW 0 SLEET 0
FOG 11 FOG W/VIS <= 1/4 MILE 2
HAZE 2
- INDICATES NEGATIVE NUMBERS.
R INDICATES RECORD WAS SET OR TIED.
MM INDICATES DATA IS MISSING.
T INDICATES TRACE AMOUNT.
$$