000
CXUS55 KBOU 011000
CF6CCU
PRELIMINARY LOCAL CLIMATOLOGICAL DATA (WS FORM: F-6)
STATION: COPPER MTN/RED CLIFF
MONTH: NOVEMBER
YEAR: 2023
LATITUDE: 39 28 N
LONGITUDE: 106 9 W
TEMPERATURE IN F: :PCPN: SNOW: WIND :SUNSHINE: SKY :PK WND
================================================================================
1 2 3 4 5 6A 6B 7 8 9 10 11 12 13 14 15 16 17 18
12Z AVG MX 2MIN
DY MAX MIN AVG DEP HDD CDD WTR SNW DPTH SPD SPD DIR MIN PSBL S-S WX SPD DR
================================================================================
1 36 25 31 M 34 0 M M M 8.3 15 260 M M 1 21 300
2 37 25 31 M 34 0 M M M 12.1 23 260 M M 5 31 260
3 41 30 36 M 29 0 M M M 12.6 18 270 M M 4 27 280
4 43 30 37 M 28 0 M M M 9.1 17 280 M M 3 27 280
5 45 34 40 M 25 0 M M M 20.3 32 240 M M 1 46 240
6 45 36 41 M 24 0 M M M 17.8 29 260 M M 1 40 240
7 45 34 40 M 25 0 M M M 16.6 27 250 M M 4 43 240
8 36 19 28 M 37 0 M M M 8.9 17 300 M M 9 18 23 250
9 27 14 21 M 44 0 M M M 4.5 12 180 M M 2 8 M M
10 32 19 26 M 39 0 M M M 8.1 15 250 M M 0 20 270
11 32 19 26 M 39 0 M M M 12.4 17 280 M M 0 23 250
12 48 23 36 M 29 0 M M M 8.0 21 160 M M 0 M M
13 45 34 40 M 25 0 M M M 10.7 18 240 M M 0 23 240
14 41 30 36 M 29 0 M M M 8.8 15 250 M M 0 24 250
15 50 30 40 M 25 0 M M M 9.5 18 250 M M 1 25 200
16 37 30 34 M 31 0 M M M 14.8 30 250 M M 6 8 39 250
17 36 27 32 M 33 0 M M M 8.5 17 250 M M 4 8 24 270
18 37 27 32 M 33 0 M M M 7.1 15 260 M M 5 16 190
19 28 23 26 M 39 0 M M M 9.9 23 290 M M 10 1 31 290
20 25 19 22 M 43 0 M M M 10.6 16 300 M M 10 8 30 310
21 34 14 24 M 41 0 M M M 3.4 10 260 M M 3 8 M M
22 46 32 39 M 26 0 M M M 3.5 12 260 M M 0 M M
23 34 23 29 M 36 0 M M M 11.2 22 160 M M 4 29 160
24 27 19 23 M 42 0 M M M 13.1 24 140 M M 7 35 140
25 19 5 12 M 53 0 M M M 9.7 18 290 M M 8 25 290
26 23 7 15 M 50 0 M M M 8.1 16 260 M M 0 17 260
27 21 7 14 M 51 0 M M M 8.3 16 290 M M 0 21 260
28 32 18 25 M 40 0 M M M 7.7 17 270 M M 0 24 270
29 34 23 29 M 36 0 M M M 8.4 15 250 M M 1 21 250
30 32 19 26 M 39 0 M M M 7.2 14 160 M M 5 8 17 170
================================================================================
SM 1068 695 1059 0 M M 299.2 M 94
================================================================================
AV 35.6 23.2 10.0 FASTST M M 3 MAX(MPH)
MISC ----> 32 240 46 240
================================================================================
NOTES:
# LAST OF SEVERAL OCCURRENCES
COLUMN 17 PEAK WIND IN M.P.H.
PRELIMINARY LOCAL CLIMATOLOGICAL DATA (WS FORM: F-6) , PAGE 2
STATION: COPPER MTN/RED CLIFF
MONTH: NOVEMBER
YEAR: 2023
LATITUDE: 39 28 N
LONGITUDE: 106 9 W
[TEMPERATURE DATA] [PRECIPITATION DATA] SYMBOLS USED IN COLUMN 16
AVERAGE MONTHLY: 29.4 TOTAL FOR MONTH: M 1 = FOG OR MIST
DPTR FM NORMAL: 0.0 DPTR FM NORMAL: M 2 = FOG REDUCING VISIBILITY
HIGHEST: 50 ON 15 GRTST 24HR M ON M TO 1/4 MILE OR LESS
LOWEST: 5 ON 25 3 = THUNDER
SNOW, ICE PELLETS, HAIL 4 = ICE PELLETS
TOTAL MONTH: M 5 = HAIL
GRTST 24HR M ON M 6 = FREEZING RAIN OR DRIZZLE
GRTST DEPTH: M ON M 7 = DUSTSTORM OR SANDSTORM:
VSBY 1/2 MILE OR LESS
8 = SMOKE OR HAZE
[NO. OF DAYS WITH] [WEATHER - DAYS WITH] 9 = BLOWING SNOW
X = TORNADO
MAX 32 OR BELOW: 11 0.01 INCH OR MORE: 0
MAX 90 OR ABOVE: 0 0.10 INCH OR MORE: 0
MIN 32 OR BELOW: 26 0.50 INCH OR MORE: 0
MIN 0 OR BELOW: 0 1.00 INCH OR MORE: 0
[HDD (BASE 65) ]
TOTAL THIS MO. 1059 CLEAR (SCALE 0-3) 17
DPTR FM NORMAL M PTCLDY (SCALE 4-7) 10
TOTAL FM JUL 1 2731 CLOUDY (SCALE 8-10) 3
DPTR FM NORMAL M
[CDD (BASE 65) ]
TOTAL THIS MO. 0
DPTR FM NORMAL M [PRESSURE DATA]
TOTAL FM JAN 1 0 HIGHEST SLP M ON M
DPTR FM NORMAL M LOWEST SLP M ON M
[REMARKS]
#FINAL-11-23#