000
CXUS53 KARX 010900
CF6CCY
PRELIMINARY LOCAL CLIMATOLOGICAL DATA (WS FORM: F-6)
STATION: CHARLES_CITY IA
MONTH: JUNE
YEAR: 2021
LATITUDE: 43 4 N
LONGITUDE: 92 37 W
TEMPERATURE IN F: :PCPN: SNOW: WIND :SUNSHINE: SKY :PK WND
================================================================================
1 2 3 4 5 6A 6B 7 8 9 10 11 12 13 14 15 16 17 18
12Z AVG MX 2MIN
DY MAX MIN AVG DEP HDD CDD WTR SNW DPTH SPD SPD DIR MIN PSBL S-S WX SPD DR
================================================================================
1 79 52 66 2 0 1 M M M 7.9 18 170 M M 0 27 170
2 82 54 68 3 0 3 0.00 0.0 0 7.1 12 190 M M 1 17 0
3 88 57 73 8 0 8 0.00 0.0 0 10.7 17 270 M M 0 27 230
4 91 66 79 14 0 14 0.00 0.0 0 13.7 18 200 M M 0 27 230
5 93 66 80 14 0 15 0.00 0.0 0 13.2 17 220 M M 0 28 220
6 90 66 78 12 0 13 0.00 0.0 0 14.0 27 180 M M 1 35 180
7 90 66 78 12 0 13 0.00 0.0 0 9.4 14 190 M M 1 22 210
8 91 68 80 14 0 15 0.00 0.0 0 6.1 15 170 M M 1 8 23 170
9 91 68 80 13 0 15 0.00 0.0 0 4.5 10 130 M M 2 8 17 120
10 95 70 83 16 0 18 M 0.0 0 4.6 9 180 M M 1 15 240
11 88 72 80 12 0 15 M M M 7.5 21 300 M M 0 30 300
12 84 54 69 1 0 4 M M M 11.3 20 340 M M 0 28 310
13 91 59 75 7 0 10 0.00 0.0 0 6.8 18 270 M M 0 22 280
14 86 61 74 6 0 9 0.00 M M 7.8 14 350 M M 0 8 23 300
15 84 57 71 2 0 6 0.00 M M 7.2 13 50 M M 0 8 20 350
16 86 61 74 5 0 9 0.00 M M 9.1 13 160 M M 0 8 20 160
17 91 66 79 10 0 14 0.17 M M 8.4 16 190 M M 2 22 190
18 88 64 76 6 0 11 0.00 0.0 0 6.9 15 30 M M 2 1 22 30
19 82 63 73 3 0 8 0.00 0.0 0 8.8 14 340 M M 0 20 340
20 79 61 70 0 0 5 0.45 0.0 0 10.4 20 330 M M 6 30 290
21 66 50 58 -12 7 0 0.00 0.0 0 12.9 21 340 M M 4 29 330
22 79 45 62 -9 3 0 0.00 0.0 0 5.4 12 220 M M 2 23 110
23 84 61 73 2 0 8 0.00 0.0 0 12.5 16 180 M M 5 8 23 200
24 86 70 78 7 0 13 0.00 0.0 0 9.0 14 190 M M 3 21 170
25 86 68 77 6 0 12 0.19 0.0 0 5.5 13 160 M M 7 1 20 160
26 75 66 71 0 0 6 0.34 0.0 0 8.1 18 310 M M 9 1 22 210
27 79 63 71 -1 0 6 0.00 0.0 0 4.8 9 330 M M 2 14 320
28 82 66 74 2 0 9 0.14 M M 6.0 16 360 M M 5 1 29 360
29 82 66 74 2 0 9 0.01 0.0 0 4.3 13 250 M M 5 1 20 280
30 82 63 73 1 0 8 M M M 5.4 10 310 M M 0 1 14 320
================================================================================
SM 2550 1869 10 277 1.30 0.0 249.3 M 59
================================================================================
AV 85.0 62.3 8.3 FASTST M M 2 MAX(MPH)
MISC ----> 27 180 35 180
================================================================================
NOTES:
# LAST OF SEVERAL OCCURRENCES
COLUMN 17 PEAK WIND IN M.P.H.
PRELIMINARY LOCAL CLIMATOLOGICAL DATA (WS FORM: F-6) , PAGE 2
STATION: CHARLES_CITY IA
MONTH: JUNE
YEAR: 2021
LATITUDE: 43 4 N
LONGITUDE: 92 37 W
[TEMPERATURE DATA] [PRECIPITATION DATA] SYMBOLS USED IN COLUMN 16
AVERAGE MONTHLY: 73.7 TOTAL FOR MONTH: 1.30 1 = FOG OR MIST
DPTR FM NORMAL: 5.1 DPTR FM NORMAL: -3.96 2 = FOG REDUCING VISIBILITY
HIGHEST: 95 ON 10 GRTST 24HR 0.45 ON 20-20 TO 1/4 MILE OR LESS
LOWEST: 45 ON 22 3 = THUNDER
SNOW, ICE PELLETS, HAIL 4 = ICE PELLETS
TOTAL MONTH: 0.0 INCH 5 = HAIL
GRTST 24HR 0.0 6 = FREEZING RAIN OR DRIZZLE
GRTST DEPTH: 0 7 = DUSTSTORM OR SANDSTORM:
VSBY 1/2 MILE OR LESS
8 = SMOKE OR HAZE
[NO. OF DAYS WITH] [WEATHER - DAYS WITH] 9 = BLOWING SNOW
X = TORNADO
MAX 32 OR BELOW: 0 0.01 INCH OR MORE: 6
MAX 90 OR ABOVE: 9 0.10 INCH OR MORE: 5
MIN 32 OR BELOW: 0 0.50 INCH OR MORE: 0
MIN 0 OR BELOW: 0 1.00 INCH OR MORE: 0
[HDD (BASE 65) ]
TOTAL THIS MO. 10 CLEAR (SCALE 0-3) 23
DPTR FM NORMAL -28 PTCLDY (SCALE 4-7) 6
TOTAL FM JUL 1 7011 CLOUDY (SCALE 8-10) 1
DPTR FM NORMAL -337
[CDD (BASE 65) ]
TOTAL THIS MO. 277
DPTR FM NORMAL 131 [PRESSURE DATA]
TOTAL FM JAN 1 341 HIGHEST SLP M ON M
DPTR FM NORMAL 155 LOWEST SLP M ON M
[REMARKS]
#FINAL-06-21#