000
CXAK56 PAFC 011559
CF6CDB
PRELIMINARY LOCAL CLIMATOLOGICAL DATA (WS FORM: F-6)
STATION: COLD BAY
MONTH: JULY
YEAR: 2022
LATITUDE: 55 13 N
LONGITUDE: 162 44 W
TEMPERATURE IN F: :PCPN: SNOW: WIND :SUNSHINE: SKY :PK WND
================================================================================
1 2 3 4 5 6A 6B 7 8 9 10 11 12 13 14 15 16 17 18
12Z AVG MX 2MIN
DY MAX MIN AVG DEP HDD CDD WTR SNW DPTH SPD SPD DIR MIN PSBL S-S WX SPD DR
================================================================================
1 53 49 51 1 14 0 0.14 M M 21.4 24 160 M M 9 1 31 160
2 56 48 52 2 13 0 T M M 8.5 13 140 M M 10 1 13 140
3 55 45 50 0 15 0 0.00 M M 6.8 10 260 M M 10 18 10 260
4 59 47 53 3 12 0 0.00 M M 12.4 18 310 M M 8 22 280
5 58 45 52 2 13 0 T M M 23.8 26 150 M M 7 12 33 140
6 54 47 51 0 14 0 0.05 M M 16.9 30 270 M M 10 18 30 270
7 51 45 48 -3 17 0 0.05 M M 16.1 24 290 M M 10 1 27 280
8 52 47 50 -1 15 0 0.17 M M 16.2 22 260 M M 10 1 27 270
9 51 47 49 -2 16 0 0.06 M M 12.8 21 270 M M 10 12 25 270
10 54 45 50 -1 15 0 0.00 M M 16.0 28 270 M M 10 12 32 270
11 56 42 49 -2 16 0 0.05 M M 16.4 35 150 M M 8 12 41 160
12 52 47 50 -1 15 0 0.16 M M 17.2 26 300 M M 10 18 34 320
13 51 49 50 -1 15 0 T M M 15.9 25 270 M M 10 128 31 270
14 55 46 51 -1 14 0 0.01 M M 13.2 22 290 M M 9 12 25 290
15 56 46 51 -1 14 0 0.10 M M 22.3 37 140 M M 10 1 46 130
16 54 48 51 -1 14 0 0.28 M M 11.9 32 150 M M 10 1 38 140
17 58 46 52 0 13 0 T M M 23.3 32 270 M M 6 1 38 250
18 58 45 52 0 13 0 T M M 11.5 26 280 M M 9 30 290
19 55 46 51 -1 14 0 0.01 M M 14.2 24 270 M M 10 18 27 270
20 55 42 49 -3 16 0 0.29 M M 14.2 32 250 M M 8 1 38 250
21 52 45 49 -3 16 0 0.03 M M 8.4 21 280 M M 10 1 25 260
22 54 46 50 -2 15 0 0.00 M M 7.4 21 170 M M 10 24 170
23 57 49 53 1 12 0 0.22 M M 9.6 22 140 M M 10 1 27 140
24 57 48 53 1 12 0 0.18 M M 22.9 40 140 M M 8 12 53 150
25 56 41 49 -3 16 0 T M M 20.1 39 250 M M 7 8 48 250
26 61 41 51 -1 14 0 0.00 M M 9.1 22 360 M M 6 8 25 350
27 64 39 52 0 13 0 0.00 M M 7.9 16 170 M M 1 1 21 260
28 56 49 53 1 12 0 0.03 M M 22.5 33 140 M M 6 1 41 140
29 61 50 56 3 9 0 0.03 M M 15.9 26 150 M M 9 1 33 160
30 56 49 53 0 12 0 0.04 M M 8.2 16 250 M M 10 1 20 240
31 63 47 55 2 10 0 0.01 M M 18.8 39 150 M M 8 1 50 150
================================================================================
SM 1730 1426 429 0 1.91 M 461.8 M 269
================================================================================
AV 55.8 46.0 14.9 FASTST M M 9 MAX(MPH)
MISC ----> 40 140 53 150
================================================================================
NOTES:
# LAST OF SEVERAL OCCURRENCES
COLUMN 17 PEAK WIND IN M.P.H.
PRELIMINARY LOCAL CLIMATOLOGICAL DATA (WS FORM: F-6) , PAGE 2
STATION: COLD BAY
MONTH: JULY
YEAR: 2022
LATITUDE: 55 13 N
LONGITUDE: 162 44 W
[TEMPERATURE DATA] [PRECIPITATION DATA] SYMBOLS USED IN COLUMN 16
AVERAGE MONTHLY: 50.9 TOTAL FOR MONTH: 1.91 1 = FOG OR MIST
DPTR FM NORMAL: -0.6 DPTR FM NORMAL: -0.60 2 = FOG REDUCING VISIBILITY
HIGHEST: 64 ON 27 GRTST 24HR 0.40 ON 30- 1 TO 1/4 MILE OR LESS
LOWEST: 39 ON 27 3 = THUNDER
SNOW, ICE PELLETS, HAIL 4 = ICE PELLETS
TOTAL MONTH: M 5 = HAIL
GRTST 24HR M ON M 6 = FREEZING RAIN OR DRIZZLE
GRTST DEPTH: M ON M 7 = DUSTSTORM OR SANDSTORM:
VSBY 1/2 MILE OR LESS
8 = SMOKE OR HAZE
[NO. OF DAYS WITH] [WEATHER - DAYS WITH] 9 = BLOWING SNOW
X = TORNADO
MAX 32 OR BELOW: 0 0.01 INCH OR MORE: 19
MAX 90 OR ABOVE: 0 0.10 INCH OR MORE: 8
MIN 32 OR BELOW: 0 0.50 INCH OR MORE: 0
MIN 0 OR BELOW: 0 1.00 INCH OR MORE: 0
[HDD (BASE 65) ]
TOTAL THIS MO. 429 CLEAR (SCALE 0-3) 1
DPTR FM NORMAL 12 PTCLDY (SCALE 4-7) 8
TOTAL FM JUL 1 429 CLOUDY (SCALE 8-10) 22
DPTR FM NORMAL 13
[CDD (BASE 65) ]
TOTAL THIS MO. 0
DPTR FM NORMAL 0 [PRESSURE DATA]
TOTAL FM JAN 1 0 HIGHEST SLP 30.29 ON 26
DPTR FM NORMAL 0 LOWEST SLP 29.31 ON 24
[REMARKS]
#FINAL-07-22#