000
CXAK56 PAFC 011148
CF6CDB
PRELIMINARY LOCAL CLIMATOLOGICAL DATA (WS FORM: F-6)
STATION: COLD BAY
MONTH: SEPTEMBER
YEAR: 2023
LATITUDE: 55 13 N
LONGITUDE: 162 44 W
TEMPERATURE IN F: :PCPN: SNOW: WIND :SUNSHINE: SKY :PK WND
================================================================================
1 2 3 4 5 6A 6B 7 8 9 10 11 12 13 14 15 16 17 18
12Z AVG MX 2MIN
DY MAX MIN AVG DEP HDD CDD WTR SNW DPTH SPD SPD DIR MIN PSBL S-S WX SPD DR
================================================================================
1 57 47 52 1 13 0 0.01 M M 13.8 22 270 M M 9 1 31 M
2 65 45 55 4 10 0 0.01 M M 15.9 37 140 M M 7 8 51 150
3 57 49 53 2 12 0 0.05 M M 21.2 31 250 M M 10 1 42 250
4 M M M M M M M M M 10.6 18 270 M M 9 12 M M
5 56 48 52 1 13 0 0.08 M M 16.8 24 250 M M 10 12 31 240
6 56 45 51 1 14 0 0.04 M M 15.9 21 320 M M 9 1 28 300
7 52 43 48 -2 17 0 0.15 M M 18.1 30 320 M M 7 1 41 310
8 51 43 47 -3 18 0 0.02 M M 12.7 21 310 M M 9 1 27 330
9 51 43 47 -3 18 0 0.94 M M 18.7 36 150 M M 10 1 48 160
10 56 39 48 -2 17 0 T M M 10.2 18 360 M M 7 1 24 340
11 53 40 47 -3 18 0 0.12 M M 16.9 30 260 M M 9 1 40 250
12 53 44 49 0 16 0 T M M 13.9 26 270 M M 8 35 270
13 53 42 48 -1 17 0 0.18 M M 13.0 23 280 M M 9 1 29 290
14 56 43 50 1 15 0 0.11 M M 10.2 21 270 M M 10 1 26 270
15 52 47 50 1 15 0 0.23 M M 11.6 18 140 M M 9 1 24 140
16 51 44 48 0 17 0 0.65 M M 20.0 36 290 M M 9 18 48 290
17 51 44 48 0 17 0 0.54 M M 12.7 22 150 M M 9 1 29 250
18 55 43 49 1 16 0 0.07 M M 12.6 25 150 M M 7 1 33 150
19 52 45 49 1 16 0 0.35 M M 23.0 38 150 M M 10 1 53 140
20 55 44 50 2 15 0 0.12 M M 19.3 29 320 M M 10 18 38 320
21 48 44 46 -1 19 0 0.13 M M 12.7 25 330 M M 10 1 33 330
22 53 44 49 2 16 0 0.11 M M 18.3 26 270 M M 9 18 34 280
23 53 45 49 2 16 0 0.28 M M 19.3 29 270 M M 8 1 35 260
24 53 45 49 3 16 0 0.28 M M 10.9 29 290 M M 9 1 36 290
25 50 41 46 0 19 0 0.10 M M 4.4 12 340 M M 9 1 15 340
26 55 33 44 -2 21 0 0.00 M M 4.6 14 300 M M 3 17 310
27 56 31 44 -2 21 0 0.00 M M 6.9 16 160 M M 4 21 170
28 56 37 47 1 18 0 0.05 M M 9.5 25 180 M M 7 18 32 180
29 52 42 47 2 18 0 0.70 M M 15.0 33 90 M M 8 1 52 90
30 55 48 52 7 13 0 0.13 M M 15.0 30 330 M M 9 1 38 320
================================================================================
SM 1563 1248 471 0 5.45 M 423.7 M 253
================================================================================
AV 53.9 43.0 14.1 FASTST M M 8 MAX(MPH)
MISC ----> 38 150 53 140
================================================================================
NOTES:
# LAST OF SEVERAL OCCURRENCES
COLUMN 17 PEAK WIND IN M.P.H.
PRELIMINARY LOCAL CLIMATOLOGICAL DATA (WS FORM: F-6) , PAGE 2
STATION: COLD BAY
MONTH: SEPTEMBER
YEAR: 2023
LATITUDE: 55 13 N
LONGITUDE: 162 44 W
[TEMPERATURE DATA] [PRECIPITATION DATA] SYMBOLS USED IN COLUMN 16
AVERAGE MONTHLY: 48.5 TOTAL FOR MONTH: 5.45 1 = FOG OR MIST
DPTR FM NORMAL: 0.1 DPTR FM NORMAL: 0.95 2 = FOG REDUCING VISIBILITY
HIGHEST: 65 ON 2 GRTST 24HR 0.94 ON 9- 9 TO 1/4 MILE OR LESS
LOWEST: 31 ON 27 3 = THUNDER
SNOW, ICE PELLETS, HAIL 4 = ICE PELLETS
TOTAL MONTH: M 5 = HAIL
GRTST 24HR M ON M 6 = FREEZING RAIN OR DRIZZLE
GRTST DEPTH: M ON M 7 = DUSTSTORM OR SANDSTORM:
VSBY 1/2 MILE OR LESS
8 = SMOKE OR HAZE
[NO. OF DAYS WITH] [WEATHER - DAYS WITH] 9 = BLOWING SNOW
X = TORNADO
MAX 32 OR BELOW: 0 0.01 INCH OR MORE: 25
MAX 90 OR ABOVE: 0 0.10 INCH OR MORE: 17
MIN 32 OR BELOW: 1 0.50 INCH OR MORE: 4
MIN 0 OR BELOW: 0 1.00 INCH OR MORE: 0
[HDD (BASE 65) ]
TOTAL THIS MO. 471 CLEAR (SCALE 0-3) 0
DPTR FM NORMAL -27 PTCLDY (SCALE 4-7) 8
TOTAL FM JUL 1 1218 CLOUDY (SCALE 8-10) 22
DPTR FM NORMAL -80
[CDD (BASE 65) ]
TOTAL THIS MO. 0
DPTR FM NORMAL 0 [PRESSURE DATA]
TOTAL FM JAN 1 0 HIGHEST SLP 30.31 ON 2
DPTR FM NORMAL 0 LOWEST SLP 28.99 ON 16
[REMARKS]
#FINAL-09-23#