878
CXUS56 KEKA 011330
CF6CEC
PRELIMINARY LOCAL CLIMATOLOGICAL DATA (WS FORM: F-6)
STATION: CRESCENT CITY CA
MONTH: FEBRUARY
YEAR: 2021
LATITUDE: 41 46 N
LONGITUDE: 124 14 W
TEMPERATURE IN F: :PCPN: SNOW: WIND :SUNSHINE: SKY :PK WND
================================================================================
1 2 3 4 5 6A 6B 7 8 9 10 11 12 13 14 15 16 17 18
12Z AVG MX 2MIN
DY MAX MIN AVG DEP HDD CDD WTR SNW DPTH SPD SPD DIR MIN PSBL S-S WX SPD DR
================================================================================
1 50 48 49 1 16 0 1.80 M M 10.9 23 150 M M 10 1 29 150
2 52 46 49 1 16 0 0.15 M M 11.5 24 220 M M 6 18 31 220
3 50 37 44 -3 21 0 0.41 M M 9.1 29 210 M M 6 18 37 210
4 53 36 45 -2 20 0 0.00 M M 6.0 17 350 M M 0 18 23 340
5 52 34 43 -4 22 0 0.00 M M 8.1 22 330 M M 0 18 32 340
6 51 34 43 -4 22 0 0.00 M M 5.8 18 340 M M 0 18 25 340
7 51 33 42 -5 23 0 0.00 M M 4.6 14 330 M M 0 18 19 340
8 48 36 42 -5 23 0 0.00 M M 4.9 9 330 M M 3 11 320
9 50 36 43 -4 22 0 0.00 M M 3.3 8 330 M M 5 11 320
10 51 35 43 -4 22 0 0.00 M M 4.3 9 320 M M 0 1 11 310
11 51 40 46 -1 19 0 0.73 M M 9.1 26 180 M M 7 1 32 190
12 50 47 49 2 16 0 0.83 M M 14.1 23 180 M M 10 1 27 170
13 52 44 48 0 17 0 0.58 M M 9.3 24 190 M M 10 18 31 200
14 49 44 47 -1 18 0 0.75 M M 14.2 23 160 M M 10 18 29 160
15 51 45 48 0 17 0 0.64 M M 8.8 23 170 M M 10 1 30 180
16 51 38 45 -3 20 0 0.05 M M 6.3 17 340 M M 3 18 23 340
17 51 36 44 -4 21 0 0.00 M M 6.3 16 330 M M 0 18 20 320
18 50 44 47 -1 18 0 0.86 M M 13.1 26 160 M M 9 1 37 160
19 51 36 44 -4 21 0 0.98 M M 11.2 26 240 M M 10 13 39 240
20 52 37 45 -3 20 0 0.02 M M 8.3 22 330 M M 5 18 28 240
21 51 39 45 -3 20 0 0.00 M M 4.5 10 310 M M 6 18 13 340
22 53 38 46 -2 19 0 0.00 M M 6.4 17 350 M M 5 18 27 350
23 52 45 49 1 16 0 0.00 M M 17.0 30 340 M M 1 18 42 330
24 50 37 44 -4 21 0 0.00 M M 12.9 26 330 M M 0 18 35 330
25 51 35 43 -5 22 0 0.00 M M 7.7 18 330 M M 5 18 26 340
26 51 40 46 -2 19 0 0.07 M M 7.7 23 340 M M 9 18 32 340
27 51 37 44 -4 21 0 0.01 M M 9.5 22 330 M M 4 18 30 330
28 51 34 43 -5 22 0 0.00 M M 5.2 15 340 M M 1 18 17 330
================================================================================
SM 1426 1091 554 0 7.88 M 240.1 M 135
================================================================================
AV 50.9 39.0 8.6 FASTST M M 5 MAX(MPH)
MISC ----> 30 340 42 330
================================================================================
NOTES:
# LAST OF SEVERAL OCCURRENCES
COLUMN 17 PEAK WIND IN M.P.H.
PRELIMINARY LOCAL CLIMATOLOGICAL DATA (WS FORM: F-6) , PAGE 2
STATION: CRESCENT CITY CA
MONTH: FEBRUARY
YEAR: 2021
LATITUDE: 41 46 N
LONGITUDE: 124 14 W
[TEMPERATURE DATA] [PRECIPITATION DATA] SYMBOLS USED IN COLUMN 16
AVERAGE MONTHLY: 44.9 TOTAL FOR MONTH: 7.88 1 = FOG OR MIST
DPTR FM NORMAL: -2.7 DPTR FM NORMAL: -1.00 2 = FOG REDUCING VISIBILITY
HIGHEST: 53 ON 22, 4 GRTST 24HR 3.25 ON 31- 1 TO 1/4 MILE OR LESS
LOWEST: 33 ON 7 3 = THUNDER
SNOW, ICE PELLETS, HAIL 4 = ICE PELLETS
TOTAL MONTH: M 5 = HAIL
GRTST 24HR M ON M 6 = FREEZING RAIN OR DRIZZLE
GRTST DEPTH: M ON M 7 = DUSTSTORM OR SANDSTORM:
VSBY 1/2 MILE OR LESS
8 = SMOKE OR HAZE
[NO. OF DAYS WITH] [WEATHER - DAYS WITH] 9 = BLOWING SNOW
X = TORNADO
MAX 32 OR BELOW: 0 0.01 INCH OR MORE: 14
MAX 90 OR ABOVE: 0 0.10 INCH OR MORE: 10
MIN 32 OR BELOW: 0 0.50 INCH OR MORE: 8
MIN 0 OR BELOW: 0 1.00 INCH OR MORE: 1
[HDD (BASE 65) ]
TOTAL THIS MO. 554 CLEAR (SCALE 0-3) 10
DPTR FM NORMAL 67 PTCLDY (SCALE 4-7) 10
TOTAL FM JUL 1 2897 CLOUDY (SCALE 8-10) 8
DPTR FM NORMAL -279
[CDD (BASE 65) ]
TOTAL THIS MO. 0
DPTR FM NORMAL 0 [PRESSURE DATA]
TOTAL FM JAN 1 0 HIGHEST SLP 30.65 ON 21
DPTR FM NORMAL 0 LOWEST SLP 29.73 ON 1
[REMARKS]
#FINAL-02-21#