000
CXUS55 KGJT 170910
CF6CEZ
PRELIMINARY LOCAL CLIMATOLOGICAL DATA (WS FORM: F-6)
STATION: CORTEZ CO
MONTH: APRIL
YEAR: 2024
LATITUDE: 37 17 N
LONGITUDE: 108 38 W
TEMPERATURE IN F: :PCPN: SNOW: WIND :SUNSHINE: SKY :PK WND
================================================================================
1 2 3 4 5 6A 6B 7 8 9 10 11 12 13 14 15 16 17 18
12Z AVG MX 2MIN
DY MAX MIN AVG DEP HDD CDD WTR SNW DPTH SPD SPD DIR MIN PSBL S-S WX SPD DR
================================================================================
1 47 28 38 -6 27 0 0.11 M M 5.7 20 290 M M 5 1 28 280
2 62 26 44 0 21 0 0.00 M M 7.8 21 290 M M 0 34 320
3 68 26 47 3 18 0 0.00 M M 8.5 20 270 M M 0 28 270
4 72 25 49 5 16 0 0.00 M M 7.3 22 200 M M 0 42 180
5 68 33 51 7 14 0 0.04 M M 19.1 40 210 M M 3 1 54 210
6 45 29 37 -8 28 0 0.01 M M 12.4 29 290 M M 6 18 42 320
7 51 18 35 -10 30 0 0.00 M M 5.3 21 290 M M 0 26 320
8 54 20 37 -8 28 0 0.00 M M 3.9 20 160 M M 4 27 170
9 62 20 41 -4 24 0 0.00 M M 7.3 23 290 M M 0 35 290
10 64 22 43 -3 22 0 0.00 M M 8.5 20 340 M M 0 30 320
11 68 23 46 0 19 0 0.00 M M 5.8 16 200 M M 0 24 210
12 76 25 51 5 14 0 0.00 M M 9.1 36 190 M M 1 52 180
13 70 34 52 6 13 0 0.00 M M 7.7 18 200 M M 0 8 26 200
14 72 26 49 3 16 0 0.00 M M 9.6 21 210 M M 0 36 180
15 51 27 39 -8 26 0 0.01 M M 9.8 28 200 M M 4 3 36 210
16 66 28 47 0 18 0 0.00 M M 8.0 18 280 M M 4 26 350
================================================================================
SM 996 410 334 0 0.17 M 135.8 M 27
================================================================================
AV 62.3 25.6 8.5 FASTST M M 2 MAX(MPH)
MISC ----> 40 210 54 210
================================================================================
NOTES:
# LAST OF SEVERAL OCCURRENCES
COLUMN 17 PEAK WIND IN M.P.H.
PRELIMINARY LOCAL CLIMATOLOGICAL DATA (WS FORM: F-6) , PAGE 2
STATION: CORTEZ CO
MONTH: APRIL
YEAR: 2024
LATITUDE: 37 17 N
LONGITUDE: 108 38 W
[TEMPERATURE DATA] [PRECIPITATION DATA] SYMBOLS USED IN COLUMN 16
AVERAGE MONTHLY: 43.9 TOTAL FOR MONTH: 0.17 1 = FOG OR MIST
DPTR FM NORMAL: -1.3 DPTR FM NORMAL: -0.22 2 = FOG REDUCING VISIBILITY
HIGHEST: 76 ON 12 GRTST 24HR 0.15 ON 31- 1 TO 1/4 MILE OR LESS
LOWEST: 18 ON 7 3 = THUNDER
SNOW, ICE PELLETS, HAIL 4 = ICE PELLETS
TOTAL MONTH: M 5 = HAIL
GRTST 24HR M ON M 6 = FREEZING RAIN OR DRIZZLE
GRTST DEPTH: M ON M 7 = DUSTSTORM OR SANDSTORM:
VSBY 1/2 MILE OR LESS
8 = SMOKE OR HAZE
[NO. OF DAYS WITH] [WEATHER - DAYS WITH] 9 = BLOWING SNOW
X = TORNADO
MAX 32 OR BELOW: 0 0.01 INCH OR MORE: 4
MAX 90 OR ABOVE: 0 0.10 INCH OR MORE: 1
MIN 32 OR BELOW: 14 0.50 INCH OR MORE: 0
MIN 0 OR BELOW: 0 1.00 INCH OR MORE: 0
[HDD (BASE 65) ]
TOTAL THIS MO. 334 CLEAR (SCALE 0-3) 10
DPTR FM NORMAL 18 PTCLDY (SCALE 4-7) 6
TOTAL FM JUL 1 5386 CLOUDY (SCALE 8-10) 0
DPTR FM NORMAL -344
[CDD (BASE 65) ]
TOTAL THIS MO. 0
DPTR FM NORMAL 0 [PRESSURE DATA]
TOTAL FM JAN 1 0 HIGHEST SLP M ON M
DPTR FM NORMAL 0 LOWEST SLP 29.45 ON 5
[REMARKS]