000
CXUS52 KCHS 010803
CF6CHS
PRELIMINARY LOCAL CLIMATOLOGICAL DATA (WS FORM: F-6)
STATION: NORTH CHARLESTON SC
MONTH: MARCH
YEAR: 2020
LATITUDE: 32 54 N
LONGITUDE: 80 2 W
TEMPERATURE IN F: :PCPN: SNOW: WIND :SUNSHINE: SKY :PK WND
================================================================================
1 2 3 4 5 6A 6B 7 8 9 10 11 12 13 14 15 16 17 18
12Z AVG MX 2MIN
DY MAX MIN AVG DEP HDD CDD WTR SNW DPTH SPD SPD DIR MIN PSBL S-S WX SPD DR
================================================================================
1 60 31 46 -9 19 0 0.00 0.0 0 4.7 14 180 M M 2 19 170
2 74 39 57 2 8 0 0.02 0.0 0 10.0 29 210 M M 7 1 40 230
3 75 58 67 12 0 2 0.35 0.0 0 11.2 23 240 M M 9 1 32 270
4 67 55 61 6 4 0 0.75 0.0 0 4.8 15 120 M M 10 1 17 120
5 56 50 53 -3 12 0 1.58 0.0 0 9.3 23 40 M M 10 1 31 40
6 65 46 56 0 9 0 0.01 0.0 0 14.9 31 340 M M 3 1 41 350
7 58 38 48 -8 17 0 0.00 0.0 0 10.9 24 360 M M 0 30 10
8 62 32 47 -9 18 0 0.00 0.0 0 5.5 12 80 M M 5 19 60
9 73 43 58 1 7 0 0.00 0.0 0 6.1 16 170 M M 6 1 21 180
10 75 55 65 8 0 0 T 0.0 0 7.1 20 220 M M 8 25 210
11 80 59 70 13 0 5 T 0.0 0 9.0 21 210 M M 6 25 210
12 80 57 69 12 0 4 0.00 0.0 0 7.5 16 180 M M 5 1 19 180
13 83 60 72 14 0 7 0.00 0.0 0 8.9 17 210 M M 5 21 210
14 76 58 67 9 0 2 0.00 0.0 0 7.4 17 100 M M 4 8 22 100
15 80 55 68 10 0 3 T 0.0 0 8.3 23 340 M M 7 1 28 340
16 67 53 60 2 5 0 T 0.0 0 6.4 13 140 M M 8 16 70
17 76 58 67 9 0 2 0.03 0.0 0 4.6 10 300 M M 8 18 15 120
18 75 57 66 7 0 1 0.00 0.0 0 6.5 15 120 M M 4 1 18 110
19 83 60 72 13 0 7 0.00 0.0 0 8.5 21 200 M M 4 1 26 190
20 84 64 74 15 0 9 0.00 0.0 0 13.0 23 190 M M 3 29 220
21 88 67 78 19 0 13 0.00 0.0 0 9.0 17 220 M M 3 24 250
22 67 54 61 1 4 0 0.16 0.0 0 8.7 16 50 M M 8 1 20 50
23 65 52 59 -1 6 0 T 0.0 0 3.9 10 10 M M 9 1 13 20
24 70 62 66 6 0 1 0.33 0.0 0 7.8 17 200 M M 8 1 22 200
25 83 60 72 12 0 7 0.06 0.0 0 11.4 21 330 M M 4 1 28 340
26 69 51 60 0 5 0 0.00 0.0 0 7.3 13 150 M M 4 17 90
27 87 58 73 12 0 8 0.00 0.0 0 9.0 18 210 M M 2 22 180
28 86 64 75 14 0 10 0.00 0.0 0 11.3 21 190 M M 2 1 25 190
29 87 65 76 15 0 11 0.00 0.0 0 10.4 18 200 M M 4 22 270
30 85 65 75 14 0 10 0.00 0.0 0 6.6 14 330 M M 7 19 340
31 72 56 64 2 1 0 0.55 0.0 0 8.2 28 330 M M 8 13 33 330
================================================================================
SM 2308 1682 115 102 3.84 0.0 258.2 M 173
================================================================================
AV 74.5 54.3 8.3 FASTST M M 6 MAX(MPH)
MISC ----> # 31 340 # 41 350
================================================================================
NOTES:
# LAST OF SEVERAL OCCURRENCES
COLUMN 17 PEAK WIND IN M.P.H.
PRELIMINARY LOCAL CLIMATOLOGICAL DATA (WS FORM: F-6) , PAGE 2
STATION: NORTH CHARLESTON SC
MONTH: MARCH
YEAR: 2020
LATITUDE: 32 54 N
LONGITUDE: 80 2 W
[TEMPERATURE DATA] [PRECIPITATION DATA] SYMBOLS USED IN COLUMN 16
AVERAGE MONTHLY: 64.4 TOTAL FOR MONTH: 3.84 1 = FOG OR MIST
DPTR FM NORMAL: 6.3 DPTR FM NORMAL: 0.13 2 = FOG REDUCING VISIBILITY
HIGHEST: 88 ON 21 GRTST 24HR 1.58 ON 5- 5 TO 1/4 MILE OR LESS
LOWEST: 31 ON 1 3 = THUNDER
SNOW, ICE PELLETS, HAIL 4 = ICE PELLETS
TOTAL MONTH: 0.0 INCH 5 = HAIL
GRTST 24HR 0.0 6 = FREEZING RAIN OR DRIZZLE
GRTST DEPTH: 0 7 = DUSTSTORM OR SANDSTORM:
VSBY 1/2 MILE OR LESS
8 = SMOKE OR HAZE
[NO. OF DAYS WITH] [WEATHER - DAYS WITH] 9 = BLOWING SNOW
X = TORNADO
MAX 32 OR BELOW: 0 0.01 INCH OR MORE: 10
MAX 90 OR ABOVE: 0 0.10 INCH OR MORE: 6
MIN 32 OR BELOW: 2 0.50 INCH OR MORE: 3
MIN 0 OR BELOW: 0 1.00 INCH OR MORE: 1
[HDD (BASE 65) ]
TOTAL THIS MO. 115 CLEAR (SCALE 0-3) 7
DPTR FM NORMAL -124 PTCLDY (SCALE 4-7) 18
TOTAL FM JUL 1 1414 CLOUDY (SCALE 8-10) 6
DPTR FM NORMAL -461
[CDD (BASE 65) ]
TOTAL THIS MO. 102
DPTR FM NORMAL 75 [PRESSURE DATA]
TOTAL FM JAN 1 152 HIGHEST SLP 30.63 ON 8
DPTR FM NORMAL 118 LOWEST SLP 29.50 ON 31
[REMARKS]
#FINAL-03-20#