000
CXUS52 KCHS 011457
CLMCHS
CLIMATE REPORT
NATIONAL WEATHER SERVICE CHARLESTON SC
1054 AM EDT SAT JUL 01 2023
...................................
...THE NORTH CHARLESTON SC CLIMATE SUMMARY FOR THE MONTH OF JUNE 2023...
CLIMATE NORMAL PERIOD 1991 TO 2020
CLIMATE RECORD PERIOD 1937 TO 2023
WEATHER OBSERVED NORMAL DEPART LAST YEAR`S
VALUE DATE(S) VALUE FROM VALUE DATE(S)
NORMAL
................................................................
TEMPERATURE (F)
RECORD
HIGH 103 06/24/1944
LOW 50 06/02/1972
06/12/1972
HIGHEST 95 06/28 98 06/14
LOWEST 58 06/05 61 06/20
AVG. MAXIMUM 87.1 88.5 -1.4 89.7
AVG. MINIMUM 69.1 70.4 -1.3 70.8
MEAN 78.1 79.4 -1.3 80.3
DAYS MAX >= 90 8 13.5 -5.5 15
DAYS MAX <= 32 0 0.0 0.0 0
DAYS MIN <= 32 0 0.0 0.0 0
DAYS MIN <= 0 0 0.0 0.0 0
PRECIPITATION (INCHES)
RECORD
MAXIMUM 27.24 1973
MINIMUM 0.96 1970
TOTALS 4.24 6.21 -1.97 6.27
DAYS >= .01 11 12.1 -1.1 10
DAYS >= .10 8 8.4 -0.4 9
DAYS >= .50 3 4.3 -1.3 4
DAYS >= 1.00 1 2.0 -1.0 2
GREATEST
24 HR. TOTAL 1.15 06/06
SNOWFALL (INCHES)
TOTALS 0.0 0.0 0.0
SINCE 7/1 0.0 0.3 -0.3
DEGREE DAYS
HEATING TOTAL 0 0 0 0
SINCE 7/1 1280 1846 -566 MM
COOLING TOTAL 399 434 -35 465
SINCE 1/1 913 841 72 MM
................................................................
WIND (MPH)
AVERAGE WIND SPEED 7.7
HIGHEST WIND SPEED/DIRECTION 37/210
HIGHEST GUST SPEED/DIRECTION 46/220
WEATHER CONDITIONS. NUMBER OF DAYS WITH
THUNDERSTORM 12 MIXED PRECIP 0
HEAVY RAIN 5 RAIN 6
LIGHT RAIN 11 FREEZING RAIN 0
LT FREEZING RAIN 0 HAIL 0
HEAVY SNOW 0 SNOW 0
LIGHT SNOW 0 SLEET 0
FOG 18 FOG W/VIS <= 1/4 MILE 0
HAZE 5
- INDICATES NEGATIVE NUMBERS.
R INDICATES RECORD WAS SET OR TIED.
MM INDICATES DATA IS MISSING.
T INDICATES TRACE AMOUNT.
$$