000
CXUS55 KDVN 011404
CF6CID
PRELIMINARY LOCAL CLIMATOLOGICAL DATA (WS FORM: F-6)
STATION: CEDAR RAPIDS IA
MONTH: OCTOBER
YEAR: 2023
LATITUDE: 41 52 N
LONGITUDE: 91 42 W
TEMPERATURE IN F: :PCPN: SNOW: WIND :SUNSHINE: SKY :PK WND
================================================================================
1 2 3 4 5 6A 6B 7 8 9 10 11 12 13 14 15 16 17 18
12Z AVG MX 2MIN
DY MAX MIN AVG DEP HDD CDD WTR SNW DPTH SPD SPD DIR MIN PSBL S-S WX SPD DR
================================================================================
1 91 65 78 21 0 13 0.00 M M 7.8 16 130 M M 0 23 160
2 88 56 72 15 0 7 0.00 M M 7.2 15 150 M M 0 22 180
3 88 62 75 19 0 10 T M M 10.4 24 200 M M 1 32 170
4 79 55 67 11 0 2 0.01 M M 11.3 23 230 M M 2 8 33 260
5 78 44 61 5 4 0 0.00 M M 9.1 28 280 M M 1 36 290
6 54 43 49 -6 16 0 0.02 M M 16.3 32 300 M M 6 1 45 290
7 60 38 49 -6 16 0 0.00 M M 9.1 21 290 M M 3 8 27 290
8 67 44 56 2 9 0 0.00 M M 5.3 14 40 M M 6 20 50
9 61 34 48 -6 17 0 0.00 M M 8.8 20 300 M M 2 35 350
10 64 30 47 -6 18 0 0.00 M M 7.5 18 280 M M 0 8 31 240
11 63 33 48 -5 17 0 0.86 M M 9.5 32 350 M M 7 135 41 350
12 61 51 56 4 9 0 0.02 M M 19.0 31 80 M M 10 13 43 100
13 59 52 56 4 9 0 1.21 M M 15.3 28 100 M M 10 13 35 120
14 57 48 53 1 12 0 0.06 M M 13.3 22 10 M M 10 1 31 20
15 57 42 50 -1 15 0 T M M 12.3 22 350 M M 6 30 350
16 58 36 47 -4 18 0 0.00 M M 5.8 14 330 M M 1 17 310
17 68 32 50 0 15 0 0.00 M M 5.0 14 210 M M 0 18 18 240
18 61 46 54 4 11 0 0.01 M M 10.9 18 210 M M 3 1 27 210
19 59 43 51 2 14 0 T M M 9.1 20 290 M M 7 1 26 300
20 69 38 54 5 11 0 0.00 M M 7.8 22 310 M M 1 18 28 320
21 68 41 55 7 10 0 0.00 M M 14.3 31 310 M M 1 43 320
22 61 33 47 -1 18 0 0.00 M M 5.3 10 120 M M 0 1 14 130
23 77 42 60 12 5 0 T M M 13.0 26 190 M M 2 33 200
24 82 61 72 25 0 7 0.03 M M 15.9 31 210 M M 4 44 200
25 66 60 63 16 2 0 0.14 M M 5.1 12 180 M M 10 1 15 180
26 69 64 67 21 0 2 0.58 M M 11.7 21 170 M M 9 1 33 160
27 66 36 51 5 14 0 0.02 M M 15.6 26 310 M M 10 13 35 310
28 44 33 39 -6 26 0 0.00 M M 11.7 20 10 M M 10 23 10
29 39 28 34 -11 31 0 0.00 M M 12.0 21 360 M M 9 28 360
30 40 22 31 -13 34 0 0.00 M M 10.3 20 310 M M 1 25 310
31 37 25 31 -13 34 0 0.00 M M 19.0 37 300 M M 9 52 290
================================================================================
SM 1991 1337 385 41 2.96 M 334.7 M 141
================================================================================
AV 64.2 43.1 10.8 FASTST M M 5 MAX(MPH)
MISC ----> 37 300 52 290
================================================================================
NOTES:
# LAST OF SEVERAL OCCURRENCES
COLUMN 17 PEAK WIND IN M.P.H.
PRELIMINARY LOCAL CLIMATOLOGICAL DATA (WS FORM: F-6) , PAGE 2
STATION: CEDAR RAPIDS IA
MONTH: OCTOBER
YEAR: 2023
LATITUDE: 41 52 N
LONGITUDE: 91 42 W
[TEMPERATURE DATA] [PRECIPITATION DATA] SYMBOLS USED IN COLUMN 16
AVERAGE MONTHLY: 53.7 TOTAL FOR MONTH: 2.96 1 = FOG OR MIST
DPTR FM NORMAL: 3.0 DPTR FM NORMAL: 0.05 2 = FOG REDUCING VISIBILITY
HIGHEST: 91 ON 1 GRTST 24HR 1.27 ON 13-14 TO 1/4 MILE OR LESS
LOWEST: 22 ON 30 3 = THUNDER
SNOW, ICE PELLETS, HAIL 4 = ICE PELLETS
TOTAL MONTH: M 5 = HAIL
GRTST 24HR M ON M 6 = FREEZING RAIN OR DRIZZLE
GRTST DEPTH: M ON M 7 = DUSTSTORM OR SANDSTORM:
VSBY 1/2 MILE OR LESS
8 = SMOKE OR HAZE
[NO. OF DAYS WITH] [WEATHER - DAYS WITH] 9 = BLOWING SNOW
X = TORNADO
MAX 32 OR BELOW: 0 0.01 INCH OR MORE: 11
MAX 90 OR ABOVE: 1 0.10 INCH OR MORE: 4
MIN 32 OR BELOW: 5 0.50 INCH OR MORE: 3
MIN 0 OR BELOW: 0 1.00 INCH OR MORE: 1
[HDD (BASE 65) ]
TOTAL THIS MO. 385 CLEAR (SCALE 0-3) 15
DPTR FM NORMAL -68 PTCLDY (SCALE 4-7) 7
TOTAL FM JUL 1 412 CLOUDY (SCALE 8-10) 9
DPTR FM NORMAL -187
[CDD (BASE 65) ]
TOTAL THIS MO. 41
DPTR FM NORMAL 31 [PRESSURE DATA]
TOTAL FM JAN 1 974 HIGHEST SLP 30.43 ON 31
DPTR FM NORMAL 218 LOWEST SLP 29.61 ON 13
[REMARKS]
#FINAL-10-23#