000
CXUS54 KHGX 010720
CLMCLL
CLIMATE REPORT
NATIONAL WEATHER SERVICE HOUSTON/GALVESTON TX
220 AM CDT SAT APR 01 2023
...................................
...THE COLLEGE STATION CLIMATE SUMMARY FOR THE MONTH OF MARCH 2023...
CLIMATE NORMAL PERIOD: 1991 TO 2020
CLIMATE RECORD PERIOD: 1902 TO 2023
WEATHER OBSERVED NORMAL DEPART LAST YEAR`S
VALUE DATE(S) VALUE FROM VALUE DATE(S)
NORMAL
................................................................
TEMPERATURE (F)
RECORD
HIGH 96 03/30/1946
LOW 17 03/05/2002
03/05/1989
03/03/1943
HIGHEST 88 03/31 MM MM 87 03/26
LOWEST 36 03/20 MM MM 29 03/12
AVG. MAXIMUM 75.8 72.5 3.3 74.5
AVG. MINIMUM 55.5 51.7 3.8 48.5
MEAN 65.7 62.1 3.6 61.5
DAYS MAX >= 90 0 0.0 0.0 0
DAYS MAX <= 32 0 0.0 0.0 0
DAYS MIN <= 32 0 1.1 -1.1 1
DAYS MIN <= 0 0 0.0 0.0 0
PRECIPITATION (INCHES)
RECORD
MAXIMUM 8.66 2012
TOTALS 1.37 3.41 -2.04 3.56
DAILY AVG. 0.04 0.11 -0.07 0.11
DAYS >= .01 6 8.1 -2.1 7
DAYS >= .10 2 4.8 -2.8 5
DAYS >= .50 1 2.3 -1.3 4
DAYS >= 1.00 0 1.1 -1.1 1
GREATEST
24 HR. TOTAL 0.65 03/17 TO 03/17 1.18 03/22 TO 03/22
SNOWFALL (INCHES)
RECORDS
TOTAL 0.1 2008
TOTALS 0.0
SINCE 7/1 0.0
LIQUID 7/1 0.00
DAYS >= TRACE 0
GREATEST
24 HR TOTAL MM
DEGREE DAYS
HEATING TOTAL 92 157 -65 158
SINCE 7/1 1231 1498 -267 MM
COOLING TOTAL 120 67 53 58
SINCE 1/1 203 100 103 MM
................................................................
WIND (MPH)
AVERAGE WIND SPEED 10.0
HIGHEST WIND SPEED/DIRECTION 31/270 DATE 03/02
HIGHEST GUST SPEED/DIRECTION 43/160 DATE 03/23
SKY COVER
AVERAGE SKY COVER 0.52
AVERAGE RH (PERCENT) 65
WEATHER CONDITIONS. NUMBER OF DAYS WITH
THUNDERSTORM 5 MIXED PRECIP 0
HEAVY RAIN 3 RAIN 2
LIGHT RAIN 12 FREEZING RAIN 0
LT FREEZING RAIN 0 HAIL 0
HEAVY SNOW 0 SNOW 0
LIGHT SNOW 0 SLEET 0
FOG 13 FOG W/VIS <= 1/4 MILE 0
HAZE 3
- INDICATES NEGATIVE NUMBERS.
R INDICATES RECORD WAS SET OR TIED.
MM INDICATES DATA IS MISSING.
T INDICATES TRACE AMOUNT.
$$