000
CXUS52 KGSP 010817
CF6CLT
PRELIMINARY LOCAL CLIMATOLOGICAL DATA (WS FORM: F-6)
STATION: CHARLOTTE NC
MONTH: MARCH
YEAR: 2021
LATITUDE: 35 12 N
LONGITUDE: 80 57 W
TEMPERATURE IN F: :PCPN: SNOW: WIND :SUNSHINE: SKY :PK WND
================================================================================
1 2 3 4 5 6A 6B 7 8 9 10 11 12 13 14 15 16 17 18
12Z AVG MX 2MIN
DY MAX MIN AVG DEP HDD CDD WTR SNW DPTH SPD SPD DIR MIN PSBL S-S WX SPD DR
================================================================================
1 68 48 58 11 7 0 0.19 0.0 0 9.8 22 210 M M 9 1 30 200
2 49 41 45 -2 20 0 0.00 0.0 0 6.8 16 40 M M 8 24 50
3 65 36 51 3 14 0 T 0.0 0 5.4 13 10 M M 4 17 70
4 70 34 52 4 13 0 0.00 0.0 0 8.1 20 350 M M 1 26 350
5 57 34 46 -2 19 0 0.00 0.0 0 8.2 18 10 M M 2 23 20
6 57 38 48 0 17 0 0.00 0.0 0 5.8 13 30 M M 5 17 30
7 56 31 44 -5 21 0 0.00 0.0 0 6.6 18 10 M M 1 24 20
8 65 23 44 -5 21 0 0.00 0.0 0 3.5 10 170 M M 2 13 130
9 72 36 54 5 11 0 0.00 0.0 0 3.0 14 190 M M 4 17 180
10 73 41 57 7 8 0 0.00 0.0 0 6.4 16 200 M M 4 8 23 230
11 73 46 60 10 5 0 0.00 0.0 0 8.5 18 190 M M 4 23 200
12 80 53 67 17 0 2 0.00 0.0 0 6.3 16 10 M M 6 21 20
13 67 59 63 13 2 0 T 0.0 0 4.3 14 40 M M 9 20 60
14 74 53 64 13 1 0 T 0.0 0 5.0 14 40 M M 9 17 30
15 62 46 54 3 11 0 T 0.0 0 9.5 17 70 M M 9 26 100
16 47 40 44 -7 21 0 1.33 0.0 0 4.9 12 60 M M 10 18 17 100
17 59 44 52 0 13 0 0.03 0.0 0 5.7 13 90 M M 10 128 21 70
18 75 50 63 11 2 0 0.25 0.0 0 9.0 31 190 M M 8 123 40 180
19 57 42 50 -2 15 0 0.08 0.0 0 11.3 25 40 M M 7 1 33 60
20 57 31 44 -8 21 0 T 0.0 0 11.1 22 30 M M 6 27 60
21 66 45 56 3 9 0 0.00 0.0 0 12.0 21 60 M M 7 26 60
22 70 46 58 5 7 0 0.00 0.0 0 11.4 20 30 M M 3 27 70
23 69 50 60 7 5 0 0.00 0.0 0 9.1 18 40 M M 8 24 40
24 72 58 65 12 0 0 0.00 0.0 0 5.1 14 190 M M 8 1 20 180
25 75 53 64 10 1 0 1.51 0.0 0 6.0 28 300 M M 9 123 36 290
26 80 63 72 18 0 7 0.15 0.0 0 9.5 20 190 M M 7 13 27 180
27 81 56 69 15 0 4 T 0.0 0 5.4 22 320 M M 6 13 31 320
28 73 53 63 9 2 0 0.40 0.0 0 12.0 22 330 M M 9 13 36 340
29 66 39 53 -2 12 0 0.00 0.0 0 4.5 13 330 M M 1 19 330
30 74 43 59 4 6 0 0.00 0.0 0 7.0 18 190 M M 3 23 220
31 68 57 63 8 2 0 0.48 0.0 0 7.8 20 340 M M 10 18 27 340
================================================================================
SM 2077 1389 286 13 4.42 0.0 229.0 M 189
================================================================================
AV 67.0 44.8 7.4 FASTST M M 6 MAX(MPH)
MISC ----> 31 190 40 180
================================================================================
NOTES:
# LAST OF SEVERAL OCCURRENCES
COLUMN 17 PEAK WIND IN M.P.H.
PRELIMINARY LOCAL CLIMATOLOGICAL DATA (WS FORM: F-6) , PAGE 2
STATION: CHARLOTTE NC
MONTH: MARCH
YEAR: 2021
LATITUDE: 35 12 N
LONGITUDE: 80 57 W
[TEMPERATURE DATA] [PRECIPITATION DATA] SYMBOLS USED IN COLUMN 16
AVERAGE MONTHLY: 55.9 TOTAL FOR MONTH: 4.42 1 = FOG OR MIST
DPTR FM NORMAL: 4.7 DPTR FM NORMAL: 0.41 2 = FOG REDUCING VISIBILITY
HIGHEST: 81 ON 27 GRTST 24HR 1.60 ON 25-26 TO 1/4 MILE OR LESS
LOWEST: 23 ON 8 3 = THUNDER
SNOW, ICE PELLETS, HAIL 4 = ICE PELLETS
TOTAL MONTH: 0.0 INCH 5 = HAIL
GRTST 24HR 0.0 6 = FREEZING RAIN OR DRIZZLE
GRTST DEPTH: 0 7 = DUSTSTORM OR SANDSTORM:
VSBY 1/2 MILE OR LESS
8 = SMOKE OR HAZE
[NO. OF DAYS WITH] [WEATHER - DAYS WITH] 9 = BLOWING SNOW
X = TORNADO
MAX 32 OR BELOW: 0 0.01 INCH OR MORE: 9
MAX 90 OR ABOVE: 0 0.10 INCH OR MORE: 7
MIN 32 OR BELOW: 3 0.50 INCH OR MORE: 2
MIN 0 OR BELOW: 0 1.00 INCH OR MORE: 2
[HDD (BASE 65) ]
TOTAL THIS MO. 286 CLEAR (SCALE 0-3) 6
DPTR FM NORMAL -147 PTCLDY (SCALE 4-7) 13
TOTAL FM JUL 1 2582 CLOUDY (SCALE 8-10) 12
DPTR FM NORMAL -551
[CDD (BASE 65) ]
TOTAL THIS MO. 13
DPTR FM NORMAL 8 [PRESSURE DATA]
TOTAL FM JAN 1 13 HIGHEST SLP 30.57 ON 8
DPTR FM NORMAL 8 LOWEST SLP 29.56 ON 18
[REMARKS]
#FINAL-03-21#