000
CXUS52 KGSP 011748
CF6CLT
PRELIMINARY LOCAL CLIMATOLOGICAL DATA (WS FORM: F-6)
STATION: CHARLOTTE NC
MONTH: MARCH
YEAR: 2020
LATITUDE: 35 12 N
LONGITUDE: 80 57 W
TEMPERATURE IN F: :PCPN: SNOW: WIND :SUNSHINE: SKY :PK WND
================================================================================
1 2 3 4 5 6A 6B 7 8 9 10 11 12 13 14 15 16 17 18
12Z AVG MX 2MIN
DY MAX MIN AVG DEP HDD CDD WTR SNW DPTH SPD SPD DIR MIN PSBL S-S WX SPD DR
================================================================================
1 59 23 41 -6 24 0 0.00 0.0 0 5.3 13 190 M M 4 19 190
2 62 41 52 5 13 0 T 0.0 0 9.2 22 220 M M 8 27 220
3 60 54 57 9 8 0 0.87 0.0 0 8.1 17 200 M M 9 1 20 200
4 59 46 53 5 12 0 0.00 0.0 0 4.4 10 170 M M 8 12 15 90
5 58 42 50 2 15 0 0.10 0.0 0 5.3 20 130 M M 8 1 23 130
6 56 36 46 -2 19 0 0.00 0.0 0 10.3 28 300 M M 4 12 44 320
7 56 33 45 -4 20 0 0.00 0.0 0 8.3 20 360 M M 1 24 330
8 61 27 44 -5 21 0 0.00 0.0 0 5.8 13 220 M M 4 18 170
9 68 36 52 3 13 0 0.00 0.0 0 8.3 21 190 M M 5 8 28 190
10 70 57 64 14 1 0 0.04 0.0 0 9.8 21 230 M M 8 27 220
11 78 50 64 14 1 0 T 0.0 0 6.4 17 230 M M 6 1 25 230
12 76 46 61 11 4 0 T 0.0 0 5.9 15 210 M M 5 1 20 200
13 76 62 69 19 0 4 T 0.0 0 8.4 22 210 M M 8 28 210
14 67 54 61 10 4 0 0.01 0.0 0 6.5 13 130 M M 9 8 23 90
15 62 50 56 5 9 0 T 0.0 0 8.8 15 50 M M 9 23 60
16 55 48 52 1 13 0 T 0.0 0 5.5 13 50 M M 10 18 90
17 65 48 57 5 8 0 0.45 0.0 0 3.2 12 200 M M 8 18 15 170
18 71 50 61 9 4 0 0.00 0.0 0 7.5 16 170 M M 8 128 21 130
19 81 61 71 19 0 6 0.15 0.0 0 7.5 18 230 M M 9 1 23 240
20 84 65 75 23 0 10 0.00 0.0 0 11.8 23 200 M M 7 31 210
21 82 61 72 19 0 7 0.02 0.0 0 6.1 24 10 M M 8 29 20
22 61 50 56 3 9 0 0.02 0.0 0 10.8 22 50 M M 10 18 29 50
23 53 47 50 -3 15 0 0.39 0.0 0 5.0 15 120 M M 10 1 19 120
24 60 52 56 3 9 0 0.41 0.0 0 6.3 16 110 M M 10 13 21 130
25 73 53 63 9 2 0 1.16 0.0 0 8.2 18 110 M M 7 13 23 110
26 61 49 55 1 10 0 0.00 0.0 0 7.6 16 110 M M 8 8 21 110
27 83 55 69 15 0 4 0.00 0.0 0 8.5 15 210 M M 7 1 20 180
28 87 61 74 20 0 9 0.00 0.0 0 9.0 21 220 M M 6 18 26 210
29 85 67 76 21 0 11 0.00 0.0 0 12.5 25 210 M M 6 33 210
30 76 55 66 11 0 1 0.00 0.0 0 5.3 12 300 M M 8 8 15 300
31 64 47 56 1 9 0 0.04 0.0 0 10.7 20 100 M M 10 25 80
================================================================================
SM 2109 1526 243 52 3.66 0.0 236.3 M 228
================================================================================
AV 68.0 49.2 7.6 FASTST M M 7 MAX(MPH)
MISC ----> # 28 300 # 44 320
================================================================================
NOTES:
# LAST OF SEVERAL OCCURRENCES
COLUMN 17 PEAK WIND IN M.P.H.
PRELIMINARY LOCAL CLIMATOLOGICAL DATA (WS FORM: F-6) , PAGE 2
STATION: CHARLOTTE NC
MONTH: MARCH
YEAR: 2020
LATITUDE: 35 12 N
LONGITUDE: 80 57 W
[TEMPERATURE DATA] [PRECIPITATION DATA] SYMBOLS USED IN COLUMN 16
AVERAGE MONTHLY: 58.6 TOTAL FOR MONTH: 3.66 1 = FOG OR MIST
DPTR FM NORMAL: 7.4 DPTR FM NORMAL: -0.35 2 = FOG REDUCING VISIBILITY
HIGHEST: 87 ON 28 GRTST 24HR 1.57 ON 24-25 TO 1/4 MILE OR LESS
LOWEST: 23 ON 1 3 = THUNDER
SNOW, ICE PELLETS, HAIL 4 = ICE PELLETS
TOTAL MONTH: 0.0 INCH 5 = HAIL
GRTST 24HR 0.0 6 = FREEZING RAIN OR DRIZZLE
GRTST DEPTH: 0 7 = DUSTSTORM OR SANDSTORM:
VSBY 1/2 MILE OR LESS
8 = SMOKE OR HAZE
[NO. OF DAYS WITH] [WEATHER - DAYS WITH] 9 = BLOWING SNOW
X = TORNADO
MAX 32 OR BELOW: 0 0.01 INCH OR MORE: 12
MAX 90 OR ABOVE: 0 0.10 INCH OR MORE: 7
MIN 32 OR BELOW: 2 0.50 INCH OR MORE: 2
MIN 0 OR BELOW: 0 1.00 INCH OR MORE: 1
[HDD (BASE 65) ]
TOTAL THIS MO. 243 CLEAR (SCALE 0-3) 1
DPTR FM NORMAL -190 PTCLDY (SCALE 4-7) 19
TOTAL FM JUL 1 2337 CLOUDY (SCALE 8-10) 11
DPTR FM NORMAL -795
[CDD (BASE 65) ]
TOTAL THIS MO. 52
DPTR FM NORMAL 47 [PRESSURE DATA]
TOTAL FM JAN 1 53 HIGHEST SLP 30.64 ON 8
DPTR FM NORMAL 48 LOWEST SLP 29.62 ON 31
[REMARKS]
#FINAL-03-20#