000
CXUS56 KLOX 011155
CF6CMA
PRELIMINARY LOCAL CLIMATOLOGICAL DATA (WS FORM: F-6)
STATION: CAMARILLO AIRPORT CA
MONTH: SEPTEMBER
YEAR: 2022
LATITUDE: 34 12 N
LONGITUDE: 119 6 W
TEMPERATURE IN F: :PCPN: SNOW: WIND :SUNSHINE: SKY :PK WND
================================================================================
1 2 3 4 5 6A 6B 7 8 9 10 11 12 13 14 15 16 17 18
12Z AVG MX 2MIN
DY MAX MIN AVG DEP HDD CDD WTR SNW DPTH SPD SPD DIR MIN PSBL S-S WX SPD DR
================================================================================
1 85 63 74 3 0 9 0.00 M M 4.5 13 230 M M 0 8 19 280
2 87 63 75 4 0 10 0.00 M M 4.3 13 160 M M 0 8 19 150
3 93 65 79 8 0 14 0.00 M M 5.1 16 230 M M 0 18 23 210
4 106 70 88 17 0 23 0.00 M M 5.2 15 270 M M 0 19 270
5 90 70 80 9 0 15 0.00 M M 4.6 14 230 M M 0 8 21 210
6 89 69 79 8 0 14 0.00 M M 4.8 13 200 M M 0 22 180
7 90 67 79 9 0 14 0.00 M M 5.2 14 240 M M 0 19 250
8 87 65 76 6 0 11 0.00 M M 4.6 12 260 M M 0 18 17 230
9 95 68 82 12 0 17 0.03 M M 6.2 15 210 M M 2 21 230
10 87 62 75 5 0 10 0.13 M M 4.8 13 170 M M 6 1 20 170
11 86 74 80 10 0 15 0.00 M M 4.7 17 260 M M 4 18 23 220
12 84 70 77 7 0 12 0.00 M M 6.4 15 210 M M 0 22 190
13 81 65 73 3 0 8 0.00 M M 4.6 14 220 M M 2 18 22 250
14 79 59 69 -1 0 4 0.00 M M 5.1 14 260 M M 0 1 22 240
15 79 59 69 -1 0 4 0.00 M M 5.8 16 260 M M 0 21 260
16 79 59 69 -1 0 4 0.00 M M 4.3 14 270 M M 0 20 220
17 76 59 68 -2 0 3 0.00 M M 4.9 15 270 M M 3 20 240
18 76 63 70 1 0 5 0.00 M M 5.4 17 200 M M 4 31 220
19 78 59 69 0 0 4 0.00 M M 5.8 15 240 M M 0 20 220
20 79 62 71 2 0 6 0.01 M M 7.3 16 270 M M 5 18 22 290
21 78 56 67 -2 0 2 0.00 M M 7.2 22 280 M M 0 28 270
22 84 55 70 1 0 5 0.00 M M 3.5 14 270 M M 0 21 240
23 84 54 69 0 0 4 0.00 M M 3.9 13 230 M M 0 21 200
24 79 59 69 1 0 4 0.00 M M 4.1 12 230 M M 0 19 280
25 79 62 71 3 0 6 0.00 M M 3.8 12 240 M M 2 18 16 260
26 81 60 71 3 0 6 0.00 M M 4.2 10 250 M M 0 18 16 260
27 82 62 72 4 0 7 0.00 M M 4.2 10 290 M M 0 18 16 270
28 85 61 73 5 0 8 0.00 M M 4.1 10 260 M M 0 17 270
29 79 59 69 1 0 4 0.00 M M 3.9 12 230 M M 1 1 17 220
30 77 57 67 0 0 2 0.00 M M 5.1 14 220 M M 5 128 20 220
================================================================================
SM 2514 1876 0 250 0.17 M 147.6 M 34
================================================================================
AV 83.8 62.5 4.9 FASTST M M 1 MAX(MPH)
MISC ----> 22 280 31 220
================================================================================
NOTES:
# LAST OF SEVERAL OCCURRENCES
COLUMN 17 PEAK WIND IN M.P.H.
PRELIMINARY LOCAL CLIMATOLOGICAL DATA (WS FORM: F-6) , PAGE 2
STATION: CAMARILLO AIRPORT CA
MONTH: SEPTEMBER
YEAR: 2022
LATITUDE: 34 12 N
LONGITUDE: 119 6 W
[TEMPERATURE DATA] [PRECIPITATION DATA] SYMBOLS USED IN COLUMN 16
AVERAGE MONTHLY: 73.2 TOTAL FOR MONTH: 0.17 1 = FOG OR MIST
DPTR FM NORMAL: 3.7 DPTR FM NORMAL: 0.11 2 = FOG REDUCING VISIBILITY
HIGHEST: 106 ON 4 GRTST 24HR 0.15 ON 9-10 TO 1/4 MILE OR LESS
LOWEST: 54 ON 23 3 = THUNDER
SNOW, ICE PELLETS, HAIL 4 = ICE PELLETS
TOTAL MONTH: M 5 = HAIL
GRTST 24HR M ON M 6 = FREEZING RAIN OR DRIZZLE
GRTST DEPTH: M ON M 7 = DUSTSTORM OR SANDSTORM:
VSBY 1/2 MILE OR LESS
8 = SMOKE OR HAZE
[NO. OF DAYS WITH] [WEATHER - DAYS WITH] 9 = BLOWING SNOW
X = TORNADO
MAX 32 OR BELOW: 0 0.01 INCH OR MORE: 3
MAX 90 OR ABOVE: 5 0.10 INCH OR MORE: 1
MIN 32 OR BELOW: 0 0.50 INCH OR MORE: 0
MIN 0 OR BELOW: 0 1.00 INCH OR MORE: 0
[HDD (BASE 65) ]
TOTAL THIS MO. 0 CLEAR (SCALE 0-3) 25
DPTR FM NORMAL -7 PTCLDY (SCALE 4-7) 5
TOTAL FM JUL 1 0 CLOUDY (SCALE 8-10) 0
DPTR FM NORMAL -7
[CDD (BASE 65) ]
TOTAL THIS MO. 250
DPTR FM NORMAL 108 [PRESSURE DATA]
TOTAL FM JAN 1 679 HIGHEST SLP 30.05 ON 25
DPTR FM NORMAL 133 LOWEST SLP 29.52 ON 9
[REMARKS]
#FINAL-09-22#