000
CXUS51 KILN 011415
CF6CMH
PRELIMINARY LOCAL CLIMATOLOGICAL DATA (WS FORM: F-6)
STATION: COLUMBUS OH
MONTH: MAY
YEAR: 2023
LATITUDE: 40 0 N
LONGITUDE: 82 53 W
TEMPERATURE IN F: :PCPN: SNOW: WIND :SUNSHINE: SKY :PK WND
================================================================================
1 2 3 4 5 6A 6B 7 8 9 10 11 12 13 14 15 16 17 18
12Z AVG MX 2MIN
DY MAX MIN AVG DEP HDD CDD WTR SNW DPTH SPD SPD DIR MIN PSBL S-S WX SPD DR
================================================================================
1 46 38 42 -17 23 0 0.37 0.0 0 16.0 25 250 M M 10 1 35 240
2 46 38 42 -17 23 0 0.20 0.0 0 14.5 28 280 M M 10 1 35 290
3 54 39 47 -12 18 0 0.02 0.0 0 14.2 25 310 M M 10 18 32 300
4 64 38 51 -9 14 0 0.00 0.0 0 3.2 12 280 M M 6 8 15 270
5 71 39 55 -5 10 0 0.00 0.0 0 4.7 13 160 M M 3 17 140
6 77 48 63 3 2 0 0.00 0.0 0 6.1 14 130 M M 5 19 140
7 78 60 69 8 0 4 0.25 0.0 0 6.7 14 250 M M 10 1 21 240
8 75 60 68 7 0 3 0.06 0.0 0 4.4 17 360 M M 9 18 21 10
9 72 49 61 0 4 0 0.04 0.0 0 10.0 18 360 M M 5 1 23 330
10 76 43 60 -2 5 0 0.00 0.0 0 4.6 14 60 M M 2 18 40
11 82 51 67 5 0 2 0.00 0.0 0 4.1 13 90 M M 7 15 120
12 78 59 69 7 0 4 2.49 0.0 0 3.7 16 230 M M 8 13 24 220
13 76 64 70 8 0 5 T 0.0 0 6.1 14 50 M M 9 1 17 30
14 77 58 68 5 0 3 0.00 0.0 0 7.5 18 30 M M 8 24 10
15 77 55 66 3 0 1 0.00 0.0 0 3.5 12 30 M M 8 8 15 250
16 67 53 60 -3 5 0 0.03 0.0 0 3.5 13 240 M M 9 1 16 260
17 68 46 57 -7 8 0 0.00 0.0 0 9.4 17 360 M M 0 22 360
18 74 41 58 -6 7 0 0.00 0.0 0 3.1 9 120 M M 1 15 40
19 80 60 70 6 0 5 T 0.0 0 9.2 17 200 M M 7 24 180
20 69 53 61 -3 4 0 0.21 0.0 0 10.7 21 310 M M 6 18 26 310
21 77 46 62 -3 3 0 0.00 0.0 0 2.9 13 330 M M 2 1 18 340
22 80 51 66 1 0 1 0.00 0.0 0 3.4 12 60 M M 5 19 100
23 81 58 70 5 0 5 0.00 0.0 0 6.2 15 190 M M 8 18 190
24 83 53 68 2 0 3 0.00 0.0 0 7.1 21 20 M M 5 26 10
25 70 47 59 -7 6 0 0.00 0.0 0 11.1 20 50 M M 4 26 60
26 76 48 62 -4 3 0 0.00 0.0 0 8.3 16 50 M M 1 23 50
27 76 53 65 -1 0 0 0.00 0.0 0 6.4 17 100 M M 6 22 90
28 78 59 69 2 0 4 0.00 0.0 0 6.6 15 60 M M 8 21 60
29 86 61 74 7 0 9 0.00 0.0 0 6.2 15 90 M M 5 26 100
30 87 62 75 8 0 10 0.00 0.0 0 6.3 15 100 M M 2 19 90
31 87 64 76 8 0 11 0.00 0.0 0 6.6 12 130 M M 2 16 120
================================================================================
SM 2288 1594 135 70 3.67 0.0 216.3 M 181
================================================================================
AV 73.8 51.4 7.0 FASTST M M 6 MAX(MPH)
MISC ----> 28 280 # 35 240
================================================================================
NOTES:
# LAST OF SEVERAL OCCURRENCES
COLUMN 17 PEAK WIND IN M.P.H.
PRELIMINARY LOCAL CLIMATOLOGICAL DATA (WS FORM: F-6) , PAGE 2
STATION: COLUMBUS OH
MONTH: MAY
YEAR: 2023
LATITUDE: 40 0 N
LONGITUDE: 82 53 W
[TEMPERATURE DATA] [PRECIPITATION DATA] SYMBOLS USED IN COLUMN 16
AVERAGE MONTHLY: 62.6 TOTAL FOR MONTH: 3.67 1 = FOG OR MIST
DPTR FM NORMAL: -0.7 DPTR FM NORMAL: -0.32 2 = FOG REDUCING VISIBILITY
HIGHEST: 87 ON 31,30 GRTST 24HR 2.49 ON 12-12 TO 1/4 MILE OR LESS
LOWEST: 38 ON 4, 2 3 = THUNDER
SNOW, ICE PELLETS, HAIL 4 = ICE PELLETS
TOTAL MONTH: 0.0 INCH 5 = HAIL
GRTST 24HR 0.0 6 = FREEZING RAIN OR DRIZZLE
GRTST DEPTH: 0 7 = DUSTSTORM OR SANDSTORM:
VSBY 1/2 MILE OR LESS
8 = SMOKE OR HAZE
[NO. OF DAYS WITH] [WEATHER - DAYS WITH] 9 = BLOWING SNOW
X = TORNADO
MAX 32 OR BELOW: 0 0.01 INCH OR MORE: 9
MAX 90 OR ABOVE: 0 0.10 INCH OR MORE: 5
MIN 32 OR BELOW: 0 0.50 INCH OR MORE: 1
MIN 0 OR BELOW: 0 1.00 INCH OR MORE: 1
[HDD (BASE 65) ]
TOTAL THIS MO. 135 CLEAR (SCALE 0-3) 8
DPTR FM NORMAL -3 PTCLDY (SCALE 4-7) 13
TOTAL FM JUL 1 4590 CLOUDY (SCALE 8-10) 10
DPTR FM NORMAL -626
[CDD (BASE 65) ]
TOTAL THIS MO. 70
DPTR FM NORMAL -14 [PRESSURE DATA]
TOTAL FM JAN 1 80 HIGHEST SLP 30.30 ON 15
DPTR FM NORMAL -18 LOWEST SLP 29.36 ON 1
[REMARKS]
#FINAL-05-23#