000
CXUS51 KILN 010542
CF6CMH
PRELIMINARY LOCAL CLIMATOLOGICAL DATA (WS FORM: F-6)
STATION: COLUMBUS OH
MONTH: FEBRUARY
YEAR: 2020
LATITUDE: 40 0 N
LONGITUDE: 82 53 W
TEMPERATURE IN F: :PCPN: SNOW: WIND :SUNSHINE: SKY :PK WND
================================================================================
1 2 3 4 5 6A 6B 7 8 9 10 11 12 13 14 15 16 17 18
12Z AVG MX 2MIN
DY MAX MIN AVG DEP HDD CDD WTR SNW DPTH SPD SPD DIR MIN PSBL S-S WX SPD DR
================================================================================
1 38 32 35 5 30 0 0.03 T 0 5.6 26 300 M M 10 18 31 300
2 61 34 48 18 17 0 0.00 0.0 0 14.1 30 270 M M 4 37 270
3 63 33 48 18 17 0 T 0.0 0 7.6 22 210 M M 6 30 230
4 57 33 45 14 20 0 0.37 0.0 0 11.2 21 30 M M 10 1 27 10
5 38 31 35 4 30 0 0.23 0.0 0 11.5 18 40 M M 10 16 26 30
6 35 29 32 1 33 0 0.07 0.1 0 8.7 17 340 M M 10 16 21 340
7 32 25 29 -2 36 0 0.06 0.7 1 12.2 21 280 M M 8 1 25 310
8 33 24 29 -2 36 0 0.09 1.8 1 6.2 10 210 M M 9 1 14 160
9 41 28 35 4 30 0 0.05 0.1 2 8.4 17 140 M M 10 18 24 130
10 46 38 42 10 23 0 0.16 0.0 0 8.2 16 200 M M 10 1 23 210
11 39 33 36 4 29 0 0.02 T 0 8.3 17 290 M M 10 18 21 290
12 37 26 32 0 33 0 0.57 1.3 0 5.6 13 80 M M 9 16 20 70
13 36 24 30 -2 35 0 0.08 0.4 T 12.5 24 290 M M 9 18 31 280
14 24 15 20 -12 45 0 T T T 8.0 21 290 M M 6 23 290
15 37 13 25 -8 40 0 0.00 0.0 0 8.0 18 170 M M 5 1 26 170
16 44 26 35 2 30 0 0.00 0.0 0 4.0 10 310 M M 8 13 300
17 48 22 35 2 30 0 T 0.0 0 7.2 16 110 M M 7 18 19 110
18 53 32 43 10 22 0 T 0.0 0 11.6 21 280 M M 9 1 24 280
19 41 25 33 -1 32 0 0.00 0.0 0 8.1 16 340 M M 3 8 19 340
20 31 18 25 -9 40 0 0.00 0.0 0 9.8 18 10 M M 6 22 330
21 35 13 24 -10 41 0 0.00 0.0 0 4.8 14 250 M M 0 18 250
22 47 20 34 0 31 0 0.00 0.0 0 7.1 18 210 M M 1 24 230
23 51 23 37 2 28 0 0.00 0.0 0 6.8 20 190 M M 6 24 180
24 48 30 39 4 26 0 0.35 0.0 0 4.6 16 210 M M 8 1 21 200
25 45 39 42 7 23 0 0.22 0.0 0 7.3 13 50 M M 10 1 16 30
26 39 26 33 -3 32 0 0.24 0.4 0 8.9 24 290 M M 10 12 31 310
27 31 23 27 -9 38 0 0.02 0.9 T 15.4 32 260 M M 10 1 40 270
28 30 18 24 -12 41 0 T T 1 11.7 23 290 M M 7 18 26 270
29 34 19 27 -9 38 0 0.00 0.0 0 11.0 21 270 M M 3 27 250
================================================================================
SM 1194 752 906 0 2.56 5.7 254.4 M 214
================================================================================
AV 41.2 25.9 8.8 FASTST M M 7 MAX(MPH)
MISC ----> # 32 260 # 40 270
================================================================================
NOTES:
# LAST OF SEVERAL OCCURRENCES
COLUMN 17 PEAK WIND IN M.P.H.
PRELIMINARY LOCAL CLIMATOLOGICAL DATA (WS FORM: F-6) , PAGE 2
STATION: COLUMBUS OH
MONTH: FEBRUARY
YEAR: 2020
LATITUDE: 40 0 N
LONGITUDE: 82 53 W
[TEMPERATURE DATA] [PRECIPITATION DATA] SYMBOLS USED IN COLUMN 16
AVERAGE MONTHLY: 33.6 TOTAL FOR MONTH: 2.56 1 = FOG OR MIST
DPTR FM NORMAL: 0.8 DPTR FM NORMAL: 0.31 2 = FOG REDUCING VISIBILITY
HIGHEST: 63 ON 3 GRTST 24HR 0.57 ON 12-12 TO 1/4 MILE OR LESS
LOWEST: 13 ON 21,15 3 = THUNDER
SNOW, ICE PELLETS, HAIL 4 = ICE PELLETS
TOTAL MONTH: 5.7 INCHES 5 = HAIL
GRTST 24HR 1.8 ON 8- 8 6 = FREEZING RAIN OR DRIZZLE
GRTST DEPTH: 2 ON 9 7 = DUSTSTORM OR SANDSTORM:
VSBY 1/2 MILE OR LESS
8 = SMOKE OR HAZE
[NO. OF DAYS WITH] [WEATHER - DAYS WITH] 9 = BLOWING SNOW
X = TORNADO
MAX 32 OR BELOW: 5 0.01 INCH OR MORE: 15
MAX 90 OR ABOVE: 0 0.10 INCH OR MORE: 7
MIN 32 OR BELOW: 23 0.50 INCH OR MORE: 1
MIN 0 OR BELOW: 0 1.00 INCH OR MORE: 0
[HDD (BASE 65) ]
TOTAL THIS MO. 906 CLEAR (SCALE 0-3) 4
DPTR FM NORMAL 3 PTCLDY (SCALE 4-7) 11
TOTAL FM JUL 1 3647 CLOUDY (SCALE 8-10) 14
DPTR FM NORMAL -377
[CDD (BASE 65) ]
TOTAL THIS MO. 0
DPTR FM NORMAL 0 [PRESSURE DATA]
TOTAL FM JAN 1 0 HIGHEST SLP 30.68 ON 21
DPTR FM NORMAL 0 LOWEST SLP 29.34 ON 7
[REMARKS]
#FINAL-02-20#