000
CXUS53 KILX 011000
CF6CMI
PRELIMINARY LOCAL CLIMATOLOGICAL DATA (WS FORM: F-6)
STATION: CHAMPAIGN IL AIRPORT
MONTH: DECEMBER
YEAR: 2022
LATITUDE: 40 1 N
LONGITUDE: 88 17 W
TEMPERATURE IN F: :PCPN: SNOW: WIND :SUNSHINE: SKY :PK WND
================================================================================
1 2 3 4 5 6A 6B 7 8 9 10 11 12 13 14 15 16 17 18
12Z AVG MX 2MIN
DY MAX MIN AVG DEP HDD CDD WTR SNW DPTH SPD SPD DIR MIN PSBL S-S WX SPD DR
================================================================================
1 36 13 25 -11 40 0 0.00 M M 9.9 20 160 M M 2 26 150
2 53 36 45 9 20 0 T M M 22.8 37 190 M M 10 51 190
3 53 15 34 -1 31 0 0.01 M M 14.5 37 290 M M 2 49 290
4 40 13 27 -8 38 0 0.00 M M 8.5 17 200 M M 0 22 210
5 43 23 33 -2 32 0 0.00 M M 7.5 18 180 M M 8 12 24 180
6 44 39 42 8 23 0 0.01 M M 4.8 12 350 M M 10 12 14 350
7 50 36 43 9 22 0 0.00 M M 4.2 9 40 M M 5 18 13 40
8 47 37 42 8 23 0 0.00 M M 11.7 20 60 M M 8 18 25 60
9 50 41 46 13 19 0 0.32 M M 10.7 21 100 M M 10 12 27 100
10 43 38 41 8 24 0 0.04 M M 5.0 13 60 M M 10 12 16 70
11 41 34 38 5 27 0 0.00 M M 6.0 12 350 M M 10 15 340
12 41 33 37 5 28 0 0.00 M M 8.0 16 110 M M 7 19 80
13 42 31 37 5 28 0 0.14 M M 16.5 23 100 M M 4 1 31 100
14 52 38 45 13 20 0 1.48 M M 14.2 39 280 M M 10 1 51 260
15 38 32 35 4 30 0 0.02 M M 14.3 25 220 M M 10 1 31 220
16 33 28 31 0 34 0 T M M 16.9 26 230 M M 10 18 34 240
17 28 21 25 -6 40 0 T M M 15.0 22 270 M M 8 30 240
18 27 15 21 -10 44 0 T M M 11.4 21 280 M M 2 30 280
19 31 13 22 -8 43 0 0.00 M M 4.4 12 100 M M 4 14 80
20 40 24 32 2 33 0 0.00 M M 5.8 14 330 M M 8 1 17 330
21 37 26 32 2 33 0 0.00 M M 7.2 13 100 M M 7 18 18 80
22 36 -8 14 -16 51 0 M M M 17.5 36 290 M M 10 18 47 290
23 2 -9 -3 -32 68 0 T M M 30.6 41 260 M M 10 8 52 270
24 17 0 9 -20 56 0 T M M 25.9 36 260 M M 3 44 280
25 20 3 12 -17 53 0 T M M 15.5 26 280 M M 1 36 270
26 26 19 23 -6 42 0 T M M 7.7 13 340 M M 10 18 16 340
27 26 7 17 -11 48 0 0.00 M M 13.8 26 170 M M 4 33 170
28 47 25 36 8 29 0 0.00 M M 22.2 33 160 M M 0 43 170
29 58 43 51 23 14 0 T M M 22.0 30 170 M M 8 1 44 170
30 56 34 45 17 20 0 0.56 M M 7.2 22 180 M M 10 1 28 180
31 52 30 41 13 24 0 0.00 M M 5.7 21 180 M M 3 18 28 170
================================================================================
SM 1209 730 1037 0 2.58 M 387.4 M 204
================================================================================
AV 39.0 23.5 12.5 FASTST M M 7 MAX(MPH)
MISC ----> 41 260 52 270
================================================================================
NOTES:
# LAST OF SEVERAL OCCURRENCES
COLUMN 17 PEAK WIND IN M.P.H.
PRELIMINARY LOCAL CLIMATOLOGICAL DATA (WS FORM: F-6) , PAGE 2
STATION: CHAMPAIGN IL AIRPORT
MONTH: DECEMBER
YEAR: 2022
LATITUDE: 40 1 N
LONGITUDE: 88 17 W
[TEMPERATURE DATA] [PRECIPITATION DATA] SYMBOLS USED IN COLUMN 16
AVERAGE MONTHLY: 31.3 TOTAL FOR MONTH: 2.58 1 = FOG OR MIST
DPTR FM NORMAL: 0.0 DPTR FM NORMAL: 0.44 2 = FOG REDUCING VISIBILITY
HIGHEST: 58 ON 29 GRTST 24HR 1.48 ON 14-14 TO 1/4 MILE OR LESS
LOWEST: -9 ON 23 3 = THUNDER
SNOW, ICE PELLETS, HAIL 4 = ICE PELLETS
TOTAL MONTH: M 5 = HAIL
GRTST 24HR M ON M 6 = FREEZING RAIN OR DRIZZLE
GRTST DEPTH: M ON M 7 = DUSTSTORM OR SANDSTORM:
VSBY 1/2 MILE OR LESS
8 = SMOKE OR HAZE
[NO. OF DAYS WITH] [WEATHER - DAYS WITH] 9 = BLOWING SNOW
X = TORNADO
MAX 32 OR BELOW: 8 0.01 INCH OR MORE: 8
MAX 90 OR ABOVE: 0 0.10 INCH OR MORE: 4
MIN 32 OR BELOW: 20 0.50 INCH OR MORE: 2
MIN 0 OR BELOW: 3 1.00 INCH OR MORE: 1
[HDD (BASE 65) ]
TOTAL THIS MO. 1037 CLEAR (SCALE 0-3) 8
DPTR FM NORMAL -6 PTCLDY (SCALE 4-7) 9
TOTAL FM JUL 1 2153 CLOUDY (SCALE 8-10) 14
DPTR FM NORMAL 6
[CDD (BASE 65) ]
TOTAL THIS MO. 0
DPTR FM NORMAL 0 [PRESSURE DATA]
TOTAL FM JAN 1 1205 HIGHEST SLP 30.57 ON 1
DPTR FM NORMAL 151 LOWEST SLP 29.45 ON 14
[REMARKS]
#FINAL-12-22#