000
CXUS53 KILX 010900
CF6CMI
PRELIMINARY LOCAL CLIMATOLOGICAL DATA (WS FORM: F-6)
STATION: CHAMPAIGN IL AIRPORT
MONTH: JUNE
YEAR: 2022
LATITUDE: 40 1 N
LONGITUDE: 88 17 W
TEMPERATURE IN F: :PCPN: SNOW: WIND :SUNSHINE: SKY :PK WND
================================================================================
1 2 3 4 5 6A 6B 7 8 9 10 11 12 13 14 15 16 17 18
12Z AVG MX 2MIN
DY MAX MIN AVG DEP HDD CDD WTR SNW DPTH SPD SPD DIR MIN PSBL S-S WX SPD DR
================================================================================
1 78 66 72 3 0 7 0.02 M M 8.8 23 290 M M 6 28 290
2 79 56 68 -2 0 3 T M M 8.7 20 280 M M 4 26 340
3 86 52 69 -1 0 4 0.00 M M 10.2 22 280 M M 0 31 300
4 87 55 71 1 0 6 0.00 M M 5.5 16 190 M M 0 22 170
5 86 60 73 3 0 8 0.00 M M 7.1 16 200 M M 4 20 200
6 83 63 73 2 0 8 T M M 12.4 21 210 M M 5 8 29 190
7 80 62 71 0 0 6 0.00 M M 8.3 14 330 M M 5 18 19 350
8 77 58 68 -3 0 3 0.05 M M 11.0 25 290 M M 4 1 33 280
9 83 50 67 -5 0 2 0.00 M M 7.5 21 260 M M 2 1 27 330
10 76 60 68 -4 0 3 0.11 M M 5.0 12 260 M M 7 1 14 260
11 84 57 71 -1 0 6 T M M 7.9 18 220 M M 4 25 220
12 88 68 78 6 0 13 0.03 M M 8.2 18 120 M M 6 13 24 20
13 97 71 84 12 0 19 T M M 10.9 18 200 M M 1 18 26 210
14 100 75 88 15 0 23 0.00 M M 11.7 20 200 M M 0 28 200
15 98 73 86 13 0 21 0.00 M M 12.8 25 180 M M 0 35 180
16 100 76 88 15 0 23 T M M 11.9 21 250 M M 2 30 250
17 92 69 81 8 0 16 0.00 M M 9.2 21 290 M M 1 26 320
18 83 59 71 -2 0 6 0.00 M M 11.0 20 50 M M 0 26 50
19 87 52 70 -4 0 5 0.00 M M 7.9 14 160 M M 0 19 150
20 93 58 76 2 0 11 0.00 M M 9.1 15 190 M M 0 22 220
21 98 65 82 8 0 17 0.00 M M 10.2 17 260 M M 0 27 250
22 91 66 79 5 0 14 0.00 M M 10.4 20 320 M M 1 27 310
23 91 63 77 3 0 12 0.00 M M 6.9 13 340 M M 0 21 320
24 91 61 76 2 0 11 0.00 M M 5.0 8 80 M M 0 13 120
25 84 66 75 1 0 10 1.05 M M 8.2 25 250 M M 4 13 33 280
26 81 61 71 -3 0 6 T M M 10.8 23 320 M M 3 13 31 320
27 79 54 67 -7 0 2 0.00 M M 7.6 17 350 M M 0 8 26 360
28 83 57 70 -5 0 5 0.00 M M 5.4 12 200 M M 0 15 250
29 88 58 73 -2 0 8 0.00 M M 8.8 15 230 M M 0 22 230
30 89 59 74 -1 0 9 0.00 M M 8.9 17 210 M M 0 26 190
================================================================================
SM 2612 1850 0 287 1.26 M 267.3 M 59
================================================================================
AV 87.1 61.7 8.9 FASTST M M 2 MAX(MPH)
MISC ----> # 25 290 35 180
================================================================================
NOTES:
# LAST OF SEVERAL OCCURRENCES
COLUMN 17 PEAK WIND IN M.P.H.
PRELIMINARY LOCAL CLIMATOLOGICAL DATA (WS FORM: F-6) , PAGE 2
STATION: CHAMPAIGN IL AIRPORT
MONTH: JUNE
YEAR: 2022
LATITUDE: 40 1 N
LONGITUDE: 88 17 W
[TEMPERATURE DATA] [PRECIPITATION DATA] SYMBOLS USED IN COLUMN 16
AVERAGE MONTHLY: 74.4 TOTAL FOR MONTH: 1.26 1 = FOG OR MIST
DPTR FM NORMAL: 1.8 DPTR FM NORMAL: -3.09 2 = FOG REDUCING VISIBILITY
HIGHEST: 100 ON 16,14 GRTST 24HR 1.05 ON 25-25 TO 1/4 MILE OR LESS
LOWEST: 50 ON 9 3 = THUNDER
SNOW, ICE PELLETS, HAIL 4 = ICE PELLETS
TOTAL MONTH: M 5 = HAIL
GRTST 24HR M ON M 6 = FREEZING RAIN OR DRIZZLE
GRTST DEPTH: M ON M 7 = DUSTSTORM OR SANDSTORM:
VSBY 1/2 MILE OR LESS
8 = SMOKE OR HAZE
[NO. OF DAYS WITH] [WEATHER - DAYS WITH] 9 = BLOWING SNOW
X = TORNADO
MAX 32 OR BELOW: 0 0.01 INCH OR MORE: 5
MAX 90 OR ABOVE: 10 0.10 INCH OR MORE: 2
MIN 32 OR BELOW: 0 0.50 INCH OR MORE: 1
MIN 0 OR BELOW: 0 1.00 INCH OR MORE: 1
[HDD (BASE 65) ]
TOTAL THIS MO. 0 CLEAR (SCALE 0-3) 19
DPTR FM NORMAL -13 PTCLDY (SCALE 4-7) 11
TOTAL FM JUL 1 5280 CLOUDY (SCALE 8-10) 0
DPTR FM NORMAL -302
[CDD (BASE 65) ]
TOTAL THIS MO. 287
DPTR FM NORMAL 47 [PRESSURE DATA]
TOTAL FM JAN 1 464 HIGHEST SLP 30.28 ON 28
DPTR FM NORMAL 111 LOWEST SLP 29.67 ON 6
[REMARKS]
#FINAL-06-22#