000
CXUS53 KILX 010900
CF6CMI
PRELIMINARY LOCAL CLIMATOLOGICAL DATA (WS FORM: F-6)
STATION: CHAMPAIGN IL AIRPORT
MONTH: JULY
YEAR: 2021
LATITUDE: 40 1 N
LONGITUDE: 88 17 W
TEMPERATURE IN F: :PCPN: SNOW: WIND :SUNSHINE: SKY :PK WND
================================================================================
1 2 3 4 5 6A 6B 7 8 9 10 11 12 13 14 15 16 17 18
12Z AVG MX 2MIN
DY MAX MIN AVG DEP HDD CDD WTR SNW DPTH SPD SPD DIR MIN PSBL S-S WX SPD DR
================================================================================
1 83 59 71 -4 0 6 0.45 M M 8.1 18 30 M M 5 13 33 30
2 77 57 67 -8 0 2 0.00 M M 8.4 14 20 M M 0 23 70
3 80 53 67 -8 0 2 0.00 M M 4.7 10 280 M M 0 16 290
4 86 61 74 -1 0 9 0.00 M M 5.1 9 230 M M 0 14 250
5 87 65 76 1 0 11 0.00 M M 6.6 14 230 M M 0 1 19 220
6 87 66 77 2 0 12 0.00 M M 5.5 14 240 M M 1 18 18 230
7 86 69 78 3 0 13 0.08 M M 6.6 21 240 M M 4 1 29 240
8 83 65 74 -1 0 9 0.02 M M 6.3 16 350 M M 7 138 24 310
9 76 58 67 -8 0 2 0.01 M M 4.1 12 90 M M 5 12 18 100
10 77 64 71 -4 0 6 0.29 M M 7.7 13 120 M M 8 1 21 190
11 83 68 76 1 0 11 0.04 M M 6.3 17 30 M M 9 1 23 50
12 81 68 75 0 0 10 0.15 M M 7.2 16 250 M M 8 123 23 260
13 80 64 72 -3 0 7 0.00 M M 7.8 15 260 M M 7 1 20 260
14 85 63 74 -1 0 9 0.00 M M M M M M M 0 1 M M
15 86 69 78 3 0 13 1.26 M M 9.1 25 220 M M 4 123 35 220
16 76 66 71 -4 0 6 0.25 M M 5.1 10 210 M M 8 1 14 40
17 80 60 70 -5 0 5 0.00 M M 4.1 8 40 M M 5 1 14 330
18 83 64 74 -1 0 9 0.00 M M 4.8 10 80 M M 5 128 17 60
19 84 64 74 -1 0 9 0.00 M M 4.6 12 30 M M 1 8 16 60
20 84 63 74 -1 0 9 0.00 M M 5.0 10 320 M M 1 1 18 290
21 84 67 76 1 0 11 0.00 M M 4.7 10 60 M M 2 18 15 40
22 87 68 78 3 0 13 0.00 M M 4.6 10 120 M M 4 138 14 120
23 87 70 79 5 0 14 0.00 M M 5.9 12 220 M M 1 18 16 220
24 89 71 80 6 0 15 1.39 M M 8.7 20 220 M M 2 138 29 230
25 89 68 79 5 0 14 0.00 M M 8.3 28 30 M M 3 1 28 30
26 89 65 77 3 0 12 0.00 M M 5.6 9 50 M M 0 9 50
27 87 63 75 1 0 10 0.00 M M 2.9 9 200 M M 0 1 13 310
28 87 66 77 3 0 12 0.00 M M 4.5 9 210 M M 2 128 14 260
29 85 72 79 5 0 14 0.03 M M 8.0 23 230 M M 2 18 33 220
30 80 64 72 -2 0 7 0.00 M M 8.9 16 60 M M 1 1 23 50
31 70 56 63 -11 2 0 0.27 M M 3.5 8 130 M M 6 18 12 50
================================================================================
SM 2578 1996 2 282 4.24 M 182.7 M 101
================================================================================
AV 83.2 64.4 6.1 FASTST M M 3 MAX(MPH)
MISC ----> 28 30 35 220
================================================================================
NOTES:
# LAST OF SEVERAL OCCURRENCES
COLUMN 17 PEAK WIND IN M.P.H.
PRELIMINARY LOCAL CLIMATOLOGICAL DATA (WS FORM: F-6) , PAGE 2
STATION: CHAMPAIGN IL AIRPORT
MONTH: JULY
YEAR: 2021
LATITUDE: 40 1 N
LONGITUDE: 88 17 W
[TEMPERATURE DATA] [PRECIPITATION DATA] SYMBOLS USED IN COLUMN 16
AVERAGE MONTHLY: 73.8 TOTAL FOR MONTH: 4.24 1 = FOG OR MIST
DPTR FM NORMAL: -0.9 DPTR FM NORMAL: 0.37 2 = FOG REDUCING VISIBILITY
HIGHEST: 89 ON 26,25 GRTST 24HR 1.39 ON 24-24 TO 1/4 MILE OR LESS
LOWEST: 53 ON 3 3 = THUNDER
SNOW, ICE PELLETS, HAIL 4 = ICE PELLETS
TOTAL MONTH: M 5 = HAIL
GRTST 24HR M ON M 6 = FREEZING RAIN OR DRIZZLE
GRTST DEPTH: M ON M 7 = DUSTSTORM OR SANDSTORM:
VSBY 1/2 MILE OR LESS
8 = SMOKE OR HAZE
[NO. OF DAYS WITH] [WEATHER - DAYS WITH] 9 = BLOWING SNOW
X = TORNADO
MAX 32 OR BELOW: 0 0.01 INCH OR MORE: 12
MAX 90 OR ABOVE: 0 0.10 INCH OR MORE: 7
MIN 32 OR BELOW: 0 0.50 INCH OR MORE: 2
MIN 0 OR BELOW: 0 1.00 INCH OR MORE: 2
[HDD (BASE 65) ]
TOTAL THIS MO. 2 CLEAR (SCALE 0-3) 16
DPTR FM NORMAL 0 PTCLDY (SCALE 4-7) 14
TOTAL FM JUL 1 2 CLOUDY (SCALE 8-10) 1
DPTR FM NORMAL 2
[CDD (BASE 65) ]
TOTAL THIS MO. 282
DPTR FM NORMAL -21 [PRESSURE DATA]
TOTAL FM JAN 1 695 HIGHEST SLP 30.20 ON 22
DPTR FM NORMAL 39 LOWEST SLP 29.85 ON 24
[REMARKS]
#FINAL-07-21#