000
CXUS53 KILX 011000
CF6CMI
PRELIMINARY LOCAL CLIMATOLOGICAL DATA (WS FORM: F-6)
STATION: CHAMPAIGN IL AIRPORT
MONTH: DECEMBER
YEAR: 2023
LATITUDE: 40 1 N
LONGITUDE: 88 17 W
TEMPERATURE IN F: :PCPN: SNOW: WIND :SUNSHINE: SKY :PK WND
================================================================================
1 2 3 4 5 6A 6B 7 8 9 10 11 12 13 14 15 16 17 18
12Z AVG MX 2MIN
DY MAX MIN AVG DEP HDD CDD WTR SNW DPTH SPD SPD DIR MIN PSBL S-S WX SPD DR
================================================================================
1 49 42 46 10 19 0 1.01 M M 9.6 18 250 M M 10 1 24 250
2 45 40 43 7 22 0 0.06 M M 5.3 17 260 M M 10 12 23 250
3 43 30 37 2 28 0 0.12 M M 9.4 24 260 M M 8 1 31 270
4 40 30 35 0 30 0 0.00 M M 5.8 12 290 M M 8 1 16 300
5 43 33 38 3 27 0 0.06 M M 12.1 22 330 M M 9 1 27 320
6 39 31 35 1 30 0 0.00 M M 10.2 21 200 M M 7 8 27 200
7 56 34 45 11 20 0 0.00 M M 15.2 20 180 M M 0 26 210
8 58 42 50 16 15 0 0.02 M M 18.5 26 190 M M 6 1 35 190
9 58 36 47 14 18 0 0.05 M M 17.5 25 250 M M 8 1 38 250
10 36 26 31 -2 34 0 0.00 M M 12.0 21 280 M M 10 28 270
11 42 20 31 -2 34 0 0.00 M M 8.2 15 170 M M 1 19 180
12 45 25 35 3 30 0 0.00 M M 8.4 16 300 M M 0 22 300
13 45 27 36 4 29 0 0.00 M M 3.8 8 190 M M 3 10 10
14 55 25 40 8 25 0 0.00 M M 6.2 12 200 M M 0 14 210
15 58 30 44 13 21 0 0.00 M M 8.9 15 170 M M 0 19 180
16 46 40 43 12 22 0 0.92 M M 10.3 17 160 M M 9 1 22 170
17 45 37 41 10 24 0 T M M 11.5 21 310 M M 10 1 28 310
18 37 18 28 -3 37 0 T M M 18.2 35 320 M M 7 47 320
19 34 14 24 -6 41 0 0.00 M M 9.7 17 170 M M 0 21 160
20 49 27 38 8 27 0 0.00 M M 9.4 15 200 M M 0 20 160
21 52 33 43 13 22 0 T M M 7.3 13 170 M M 6 16 180
22 47 43 45 15 20 0 0.32 M M 11.2 18 190 M M 10 18 25 190
23 54 47 51 22 14 0 0.03 M M 8.1 15 200 M M 10 12 19 200
24 63 48 56 27 9 0 0.00 M M 10.3 16 130 M M 9 12 20 150
25 56 43 50 21 15 0 0.24 M M 17.4 29 120 M M 9 1 39 130
26 43 30 37 8 28 0 T M M 8.9 20 190 M M 6 1 25 190
27 43 30 37 9 28 0 0.00 M M 10.1 18 60 M M 9 24 70
28 39 33 36 8 29 0 0.30 M M 11.8 18 10 M M 10 1 22 10
29 41 33 37 9 28 0 0.10 M M 9.6 17 280 M M 10 1 22 280
30 44 32 38 10 27 0 0.00 M M 10.2 16 220 M M 7 18 21 220
31 34 31 33 5 32 0 T M M 14.9 23 290 M M 9 16 30 290
================================================================================
SM 1439 1010 785 0 3.23 M 330.0 M 201
================================================================================
AV 46.4 32.6 10.6 FASTST M M 6 MAX(MPH)
MISC ----> 35 320 47 320
================================================================================
NOTES:
# LAST OF SEVERAL OCCURRENCES
COLUMN 17 PEAK WIND IN M.P.H.
PRELIMINARY LOCAL CLIMATOLOGICAL DATA (WS FORM: F-6) , PAGE 2
STATION: CHAMPAIGN IL AIRPORT
MONTH: DECEMBER
YEAR: 2023
LATITUDE: 40 1 N
LONGITUDE: 88 17 W
[TEMPERATURE DATA] [PRECIPITATION DATA] SYMBOLS USED IN COLUMN 16
AVERAGE MONTHLY: 39.5 TOTAL FOR MONTH: 3.23 1 = FOG OR MIST
DPTR FM NORMAL: 8.2 DPTR FM NORMAL: 1.09 2 = FOG REDUCING VISIBILITY
HIGHEST: 63 ON 24 GRTST 24HR 1.08 ON 30- 1 TO 1/4 MILE OR LESS
LOWEST: 14 ON 19 3 = THUNDER
SNOW, ICE PELLETS, HAIL 4 = ICE PELLETS
TOTAL MONTH: M 5 = HAIL
GRTST 24HR M ON M 6 = FREEZING RAIN OR DRIZZLE
GRTST DEPTH: M ON M 7 = DUSTSTORM OR SANDSTORM:
VSBY 1/2 MILE OR LESS
8 = SMOKE OR HAZE
[NO. OF DAYS WITH] [WEATHER - DAYS WITH] 9 = BLOWING SNOW
X = TORNADO
MAX 32 OR BELOW: 0 0.01 INCH OR MORE: 12
MAX 90 OR ABOVE: 0 0.10 INCH OR MORE: 7
MIN 32 OR BELOW: 16 0.50 INCH OR MORE: 2
MIN 0 OR BELOW: 0 1.00 INCH OR MORE: 1
[HDD (BASE 65) ]
TOTAL THIS MO. 785 CLEAR (SCALE 0-3) 8
DPTR FM NORMAL -258 PTCLDY (SCALE 4-7) 8
TOTAL FM JUL 1 1733 CLOUDY (SCALE 8-10) 15
DPTR FM NORMAL -414
[CDD (BASE 65) ]
TOTAL THIS MO. 0
DPTR FM NORMAL 0 [PRESSURE DATA]
TOTAL FM JAN 1 1074 HIGHEST SLP 30.76 ON 14
DPTR FM NORMAL 20 LOWEST SLP 29.65 ON 9
[REMARKS]
#FINAL-12-23#