000
CXUS53 KILX 012300
CF6CMI
PRELIMINARY LOCAL CLIMATOLOGICAL DATA (WS FORM: F-6)
STATION: CHAMPAIGN IL AIRPORT
MONTH: JULY
YEAR: 2020
LATITUDE: 40 1 N
LONGITUDE: 88 17 W
TEMPERATURE IN F: :PCPN: SNOW: WIND :SUNSHINE: SKY :PK WND
================================================================================
1 2 3 4 5 6A 6B 7 8 9 10 11 12 13 14 15 16 17 18
12Z AVG MX 2MIN
DY MAX MIN AVG DEP HDD CDD WTR SNW DPTH SPD SPD DIR MIN PSBL S-S WX SPD DR
================================================================================
1 87 67 77 3 0 12 0.00 M M 6.8 18 110 M M 2 18 25 110
2 90 71 81 7 0 16 0.00 M M 7.5 14 70 M M 1 22 110
3 90 69 80 6 0 15 0.00 M M 6.8 13 80 M M 1 18 80
4 92 68 80 6 0 15 0.00 M M 4.9 9 50 M M 1 14 30
5 93 70 82 8 0 17 0.00 M M 5.1 10 70 M M 0 14 50
6 93 72 83 9 0 18 0.00 M M 4.5 13 180 M M 0 3 20 170
7 94 70 82 8 0 17 0.00 M M 3.6 14 50 M M 1 138 17 50
8 92 71 82 8 0 17 0.00 M M 4.2 25 70 M M 1 3 36 60
9 91 70 81 7 0 16 0.02 M M 7.8 21 210 M M 1 13 32 220
10 87 67 77 3 0 12 T M M 12.3 23 300 M M 3 3 31 280
11 90 63 77 3 0 12 1.41 M M 7.3 43 330 M M 2 13 60 330
12 84 62 73 -1 0 8 0.24 M M 5.3 20 20 M M 2 13 29 20
13 82 59 71 -3 0 6 0.00 M M 5.2 13 50 M M 1 18 30
14 84 61 73 -1 0 8 0.00 M M 5.0 12 140 M M 0 17 140
15 86 65 76 2 0 11 0.24 M M 10.5 23 200 M M 4 13 36 200
16 82 67 75 1 0 10 T M M 7.1 17 280 M M 5 1 25 280
17 87 64 76 2 0 11 0.00 M M 4.7 12 170 M M 3 12 17 180
18 90 70 80 6 0 15 0.00 M M 8.9 15 180 M M 1 1 24 210
19 86 72 79 5 0 14 0.07 M M 8.1 17 230 M M 4 13 28 230
20 85 70 78 4 0 13 0.01 M M 3.6 10 170 M M 2 12 14 170
21 83 68 76 2 0 11 0.92 M M 6.1 24 310 M M 3 13 34 320
22 85 69 77 3 0 12 0.01 M M 5.6 12 260 M M 6 1 15 220
23 83 65 74 0 0 9 0.00 M M 4.2 10 300 M M 1 1 16 250
24 85 62 74 0 0 9 0.00 M M 3.6 10 340 M M 0 16 310
25 87 63 75 1 0 10 0.00 M M 3.7 8 110 M M 2 1 12 110
26 90 70 80 6 0 15 0.00 M M 6.4 12 220 M M 1 1 20 230
27 85 67 76 3 0 11 0.35 M M 6.9 26 260 M M 3 13 40 270
28 84 63 74 1 0 9 0.00 M M 3.6 8 310 M M 0 11 260
29 87 64 76 3 0 11 0.00 M M 5.1 12 200 M M 0 17 200
30 76 68 72 -1 0 7 0.49 M M 7.4 18 60 M M 7 1 26 60
31 79 67 73 0 0 8 T M M 10.1 16 50 M M 4 21 50
================================================================================
SM 2689 2074 0 375 3.76 M 191.9 M 62
================================================================================
AV 86.7 66.9 6.2 FASTST M M 2 MAX(MPH)
MISC ----> # 43 330 # 60 330
================================================================================
NOTES:
# LAST OF SEVERAL OCCURRENCES
COLUMN 17 PEAK WIND IN M.P.H.
PRELIMINARY LOCAL CLIMATOLOGICAL DATA (WS FORM: F-6) , PAGE 2
STATION: CHAMPAIGN IL AIRPORT
MONTH: JULY
YEAR: 2020
LATITUDE: 40 1 N
LONGITUDE: 88 17 W
[TEMPERATURE DATA] [PRECIPITATION DATA] SYMBOLS USED IN COLUMN 16
AVERAGE MONTHLY: 76.8 TOTAL FOR MONTH: 3.76 1 = FOG OR MIST
DPTR FM NORMAL: 2.8 DPTR FM NORMAL: -0.58 2 = FOG REDUCING VISIBILITY
HIGHEST: 94 ON 7 GRTST 24HR 1.41 ON 11-11 TO 1/4 MILE OR LESS
LOWEST: 59 ON 13 3 = THUNDER
SNOW, ICE PELLETS, HAIL 4 = ICE PELLETS
TOTAL MONTH: M 5 = HAIL
GRTST 24HR M ON M 6 = FREEZING RAIN OR DRIZZLE
GRTST DEPTH: M ON M 7 = DUSTSTORM OR SANDSTORM:
VSBY 1/2 MILE OR LESS
8 = SMOKE OR HAZE
[NO. OF DAYS WITH] [WEATHER - DAYS WITH] 9 = BLOWING SNOW
X = TORNADO
MAX 32 OR BELOW: 0 0.01 INCH OR MORE: 10
MAX 90 OR ABOVE: 11 0.10 INCH OR MORE: 6
MIN 32 OR BELOW: 0 0.50 INCH OR MORE: 2
MIN 0 OR BELOW: 0 1.00 INCH OR MORE: 1
[HDD (BASE 65) ]
TOTAL THIS MO. 0 CLEAR (SCALE 0-3) 24
DPTR FM NORMAL -2 PTCLDY (SCALE 4-7) 7
TOTAL FM JUL 1 0 CLOUDY (SCALE 8-10) 0
DPTR FM NORMAL -2
[CDD (BASE 65) ]
TOTAL THIS MO. 375
DPTR FM NORMAL 93 [PRESSURE DATA]
TOTAL FM JAN 1 714 HIGHEST SLP 30.18 ON 24
DPTR FM NORMAL 117 LOWEST SLP 29.77 ON 9
[REMARKS]
#FINAL-07-20#