000
CXUS53 KILX 010900
CF6CMI
PRELIMINARY LOCAL CLIMATOLOGICAL DATA (WS FORM: F-6)
STATION: CHAMPAIGN IL AIRPORT
MONTH: SEPTEMBER
YEAR: 2023
LATITUDE: 40 1 N
LONGITUDE: 88 17 W
TEMPERATURE IN F: :PCPN: SNOW: WIND :SUNSHINE: SKY :PK WND
================================================================================
1 2 3 4 5 6A 6B 7 8 9 10 11 12 13 14 15 16 17 18
12Z AVG MX 2MIN
DY MAX MIN AVG DEP HDD CDD WTR SNW DPTH SPD SPD DIR MIN PSBL S-S WX SPD DR
================================================================================
1 84 54 69 -2 0 4 0.00 M M 6.2 10 100 M M 0 18 16 170
2 87 54 71 0 0 6 0.00 M M 5.6 14 210 M M 0 18 22 210
3 89 66 78 8 0 13 0.00 M M 8.1 15 200 M M 1 18 22 220
4 91 68 80 10 0 15 0.00 M M 7.8 15 200 M M 1 8 21 200
5 87 70 79 9 0 14 0.07 M M 10.0 18 180 M M 4 138 27 190
6 81 68 75 5 0 10 0.50 M M 10.6 20 270 M M 6 138 29 280
7 73 63 68 -2 0 3 0.00 M M 7.0 13 320 M M 9 18 20 290
8 72 59 66 -3 0 1 0.00 M M 6.4 14 30 M M 9 18 21 20
9 77 56 67 -2 0 2 0.00 M M 7.1 10 10 M M 4 8 17 10
10 81 51 66 -3 0 1 0.00 M M 3.6 10 360 M M 0 18 15 10
11 81 57 69 0 0 4 0.05 M M 5.5 14 250 M M 5 18 20 230
12 74 51 63 -5 2 0 T M M 7.5 14 360 M M 4 18 22 340
13 78 45 62 -6 3 0 0.00 M M 6.3 16 330 M M 1 8 26 290
14 76 52 64 -4 1 0 0.00 M M 6.4 12 30 M M 0 23 10
15 82 49 66 -1 0 1 0.00 M M 4.7 12 210 M M 0 17 180
16 80 53 67 0 0 2 0.00 M M 4.8 15 310 M M 4 23 300
17 70 52 61 -6 4 0 0.07 M M 8.1 17 340 M M 5 1 27 330
18 78 48 63 -3 2 0 0.00 M M 4.7 10 300 M M 1 18 15 320
19 84 48 66 0 0 1 0.00 M M 9.7 21 150 M M 0 27 140
20 84 51 68 2 0 3 0.08 M M 7.7 14 140 M M 1 1 21 170
21 77 62 70 5 0 5 0.89 M M 9.6 20 140 M M 9 1 33 130
22 86 64 75 10 0 10 0.24 M M 7.6 17 130 M M 4 13 24 170
23 85 56 71 6 0 6 0.00 M M 7.4 14 140 M M 0 18 110
24 84 51 68 4 0 3 0.00 M M 7.1 15 140 M M 1 20 140
25 84 56 70 6 0 5 0.00 M M 5.2 13 150 M M 4 16 150
26 86 60 73 9 0 8 0.66 M M 7.4 21 290 M M 5 138 31 310
27 74 60 67 4 0 2 0.15 M M 5.8 15 210 M M 8 1 20 210
28 76 58 67 4 0 2 0.00 M M 5.2 9 30 M M 6 12 14 20
29 80 56 68 6 0 3 0.00 M M 5.6 9 100 M M 2 12 14 90
30 87 56 72 10 0 7 0.00 M M 6.3 13 100 M M 0 1 17 110
================================================================================
SM 2428 1694 12 131 2.71 M 205.0 M 94
================================================================================
AV 80.9 56.5 6.8 FASTST M M 3 MAX(MPH)
MISC ----> # 21 150 33 130
================================================================================
NOTES:
# LAST OF SEVERAL OCCURRENCES
COLUMN 17 PEAK WIND IN M.P.H.
PRELIMINARY LOCAL CLIMATOLOGICAL DATA (WS FORM: F-6) , PAGE 2
STATION: CHAMPAIGN IL AIRPORT
MONTH: SEPTEMBER
YEAR: 2023
LATITUDE: 40 1 N
LONGITUDE: 88 17 W
[TEMPERATURE DATA] [PRECIPITATION DATA] SYMBOLS USED IN COLUMN 16
AVERAGE MONTHLY: 68.7 TOTAL FOR MONTH: 2.71 1 = FOG OR MIST
DPTR FM NORMAL: 1.7 DPTR FM NORMAL: -0.34 2 = FOG REDUCING VISIBILITY
HIGHEST: 91 ON 4 GRTST 24HR 0.97 ON 20-21 TO 1/4 MILE OR LESS
LOWEST: 45 ON 13 3 = THUNDER
SNOW, ICE PELLETS, HAIL 4 = ICE PELLETS
TOTAL MONTH: M 5 = HAIL
GRTST 24HR M ON M 6 = FREEZING RAIN OR DRIZZLE
GRTST DEPTH: M ON M 7 = DUSTSTORM OR SANDSTORM:
VSBY 1/2 MILE OR LESS
8 = SMOKE OR HAZE
[NO. OF DAYS WITH] [WEATHER - DAYS WITH] 9 = BLOWING SNOW
X = TORNADO
MAX 32 OR BELOW: 0 0.01 INCH OR MORE: 9
MAX 90 OR ABOVE: 1 0.10 INCH OR MORE: 5
MIN 32 OR BELOW: 0 0.50 INCH OR MORE: 3
MIN 0 OR BELOW: 0 1.00 INCH OR MORE: 0
[HDD (BASE 65) ]
TOTAL THIS MO. 12 CLEAR (SCALE 0-3) 15
DPTR FM NORMAL -54 PTCLDY (SCALE 4-7) 12
TOTAL FM JUL 1 12 CLOUDY (SCALE 8-10) 3
DPTR FM NORMAL -60
[CDD (BASE 65) ]
TOTAL THIS MO. 131
DPTR FM NORMAL 7 [PRESSURE DATA]
TOTAL FM JAN 1 1035 HIGHEST SLP 30.23 ON 30
DPTR FM NORMAL 8 LOWEST SLP 29.81 ON 6
[REMARKS]
#FINAL-09-23#