000
CXUS53 KILX 011725
CLSCMI
CLIMATE REPORT
NATIONAL WEATHER SERVICE LINCOLN IL
1125 AM CST TUE MAR 01 2022
...................................
...THE CHAMPAIGN IL AIRPORT CLIMATE SUMMARY FOR THE WINTER SEASON, FROM
12/1/2021 TO 2/28/2022...
CLIMATE NORMAL PERIOD 1991 TO 2020
CLIMATE RECORD PERIOD 9999 TO 9999
WEATHER OBSERVED NORMAL DEPART LAST YEAR`S
VALUE DATE(S) VALUE FROM VALUE
NORMAL
..............................................................
TEMPERATURE (F)
RECORD
HIGH MM MM
LOW -8 02/16/2021
HIGHEST 64 12/10 MM MM 62
LOWEST -4 01/26 MM MM -8
02/05
AVG. MAXIMUM 39.9 37.4 2.5 35.7
AVG. MINIMUM 20.8 21.1 -0.3 20.1
MEAN 30.4 29.2 1.2 27.9
DAYS MAX >= 90 0 0.0 0.0 0
DAYS MAX <= 32 26 31.6 -5.6 29
DAYS MIN <= 32 74 77.1 -3.1 85
DAYS MIN <= 0 4 6.3 -2.3 6
PRECIPITATION (INCHES)
RECORD
MAXIMUM 4.63 2021
MINIMUM 4.63 2021
TOTALS MM 6.01 MM 4.63
DAILY AVG. MM 0.05
DAYS >= .01 19 26.4 -7.4 18
DAYS >= .10 10 12.9 -2.9 10
DAYS >= .50 3 3.5 -0.5 3
DAYS >= 1.00 0 0.9 -0.9 1
GREATEST
24 HR. TOTAL MM 1.15
DEGREE DAYS
HEATING TOTAL 3085 3223 -138 3297
SINCE 7/1 4069 4326 -257 MM
COOLING TOTAL 0 0 0 0
SINCE 1/1 0 0 0 MM
FREEZE DATES
RECORD
EARLIEST MM
LATEST MM
EARLIEST 11/01
LATEST 04/22
..............................................................
WIND (MPH)
AVERAGE WIND SPEED 12.7
HIGHEST WIND SPEED/DIRECTION 40/250 DATE 12/11
HIGHEST GUST SPEED/DIRECTION 56/260 DATE 12/11
SKY COVER
POSSIBLE SUNSHINE (PERCENT) MM
AVERAGE SKY COVER 0.44
NUMBER OF DAYS FAIR 44
NUMBER OF DAYS PC 23
NUMBER OF DAYS CLOUDY 23
AVERAGE RH (PERCENT) 75
WEATHER CONDITIONS. NUMBER OF DAYS WITH
THUNDERSTORM 2 MIXED PRECIP 0
HEAVY RAIN 1 RAIN 10
LIGHT RAIN 24 FREEZING RAIN 2
LT FREEZING RAIN 3 HAIL 0
HEAVY SNOW 1 SNOW 5
LIGHT SNOW 21 SLEET 1
FOG 46 FOG W/VIS <= 1/4 MILE 13
HAZE 10
- INDICATES NEGATIVE NUMBERS.
R INDICATES RECORD WAS SET OR TIED.
MM INDICATES DATA IS MISSING.
T INDICATES TRACE AMOUNT.
$$