000
CXUS53 KARX 240648
CF6CMY
PRELIMINARY LOCAL CLIMATOLOGICAL DATA (WS FORM: F-6)
STATION: SPARTA - FORT MCCOY WI
MONTH: JULY
YEAR: 2022
LATITUDE: 43 58 N
LONGITUDE: 90 44 W
TEMPERATURE IN F: :PCPN: SNOW: WIND :SUNSHINE: SKY :PK WND
================================================================================
1 2 3 4 5 6A 6B 7 8 9 10 11 12 13 14 15 16 17 18
12Z AVG MX 2MIN
DY MAX MIN AVG DEP HDD CDD WTR SNW DPTH SPD SPD DIR MIN PSBL S-S WX SPD DR
================================================================================
1 78 52 65 M 0 0 0.00 0.0 0 3.4 12 250 M M 2 1 20 280
2 78 47 63 M 2 0 0.00 0.0 0 3.2 10 310 M M 3 M M
3 85 52 69 M 0 4 0.00 0.0 0 3.1 14 210 M M 4 2 M M
4 M M M M M M M 0.0 0 M M M M M M M M
5 89 65 77 M 0 12 0.11 0.0 0 3.7 10 190 M M 4 1 M M
6 77 66 72 M 0 7 0.01 0.0 0 3.0 9 70 M M 10 18 M M
7 86 63 75 M 0 10 0.00 0.0 0 1.4 8 140 M M 7 1 M M
8 75 55 65 M 0 0 0.61 0.0 0 3.3 8 40 M M 7 12 M M
9 81 49 65 M 0 0 0.00 0.0 0 2.6 9 60 M M 0 2 M M
10 82 51 67 M 0 2 0.02 0.0 0 5.7 12 220 M M 3 138 18 200
11 85 67 76 M 0 11 0.00 0.0 0 8.9 18 280 M M 4 31 280
12 83 54 69 M 0 4 0.40 0.0 0 5.8 14 260 M M 2 1 37 340
13 M 57 M M M M 0.20 0.0 0 1.0 6 40 M M 3 1 M M
14 82 52 67 M 0 2 0.00 0.0 0 3.7 9 150 M M 3 1 M M
15 80 60 70 M 0 5 1.01 0.0 0 4.7 21 10 M M 7 1 33 10
16 77 58 68 M 0 3 0.00 0.0 0 1.8 9 80 M M 6 1 M M
17 84 57 71 M 0 6 0.00 0.0 0 2.3 7 330 M M 5 1 M M
18 90 55 73 M 0 8 0.00 0.0 0 4.6 12 250 M M 1 16 250
19 86 65 76 M 0 11 0.02 0.0 0 8.3 18 160 M M 5 28 190
20 M M M M M M 0.00 0.0 0 M M M M M M M M
21 86 54 70 M 0 5 0.02 0.0 0 3.9 15 280 M M 2 M M
22 90 52 71 M 0 6 T 0.0 0 4.8 12 220 M M 2 16 250
23 89 60 75 M 0 10 1.07 0.0 0 3.4 13 120 M M 3 13 43 250
24 80 54 67 M 0 2 0.00 0.0 0 6.7 16 290 M M 3 1 22 290
25 76 47 62 M 3 0 T 0.0 0 2.7 9 300 M M 2 1 M M
26 80 51 66 M 0 1 T 0.0 0 2.7 8 220 M M 6 1 M M
27 82 61 72 M 0 7 0.13 0.0 0 7.3 20 260 M M 5 1 23 260
28 76 51 64 M 1 0 0.00 0.0 0 5.5 14 260 M M 5 22 300
29 78 47 63 M 2 0 0.00 0.0 0 3.5 13 280 M M 3 M M
30 82 46 64 M 1 0 0.00 0.0 0 2.5 8 210 M M 0 1 M M
31 83 48 66 M 0 1 T 0.0 0 6.2 15 180 M M 4 21 230
================================================================================
SM 2300 1596 9 117 3.60 0.0 119.7 M 111
================================================================================
AV 82.1 55.0 4.1 FASTST M M 4 MAX(MPH)
MISC ----> 21 10 43 250
================================================================================
NOTES:
# LAST OF SEVERAL OCCURRENCES
COLUMN 17 PEAK WIND IN M.P.H.
PRELIMINARY LOCAL CLIMATOLOGICAL DATA (WS FORM: F-6) , PAGE 2
STATION: SPARTA - FORT MCCOY WI
MONTH: JULY
YEAR: 2022
LATITUDE: 43 58 N
LONGITUDE: 90 44 W
[TEMPERATURE DATA] [PRECIPITATION DATA] SYMBOLS USED IN COLUMN 16
AVERAGE MONTHLY: 68.6 TOTAL FOR MONTH: 3.60 1 = FOG OR MIST
DPTR FM NORMAL: 0.0 DPTR FM NORMAL: M 2 = FOG REDUCING VISIBILITY
HIGHEST: 90 ON 22,18 GRTST 24HR 1.07 ON 23-23 TO 1/4 MILE OR LESS
LOWEST: 46 ON 30 3 = THUNDER
SNOW, ICE PELLETS, HAIL 4 = ICE PELLETS
TOTAL MONTH: 0.0 INCH 5 = HAIL
GRTST 24HR 0.0 6 = FREEZING RAIN OR DRIZZLE
GRTST DEPTH: 0 7 = DUSTSTORM OR SANDSTORM:
VSBY 1/2 MILE OR LESS
8 = SMOKE OR HAZE
[NO. OF DAYS WITH] [WEATHER - DAYS WITH] 9 = BLOWING SNOW
X = TORNADO
MAX 32 OR BELOW: 0 0.01 INCH OR MORE: 11
MAX 90 OR ABOVE: 2 0.10 INCH OR MORE: 7
MIN 32 OR BELOW: 0 0.50 INCH OR MORE: 3
MIN 0 OR BELOW: 0 1.00 INCH OR MORE: 2
[HDD (BASE 65) ]
TOTAL THIS MO. 9 CLEAR (SCALE 0-3) 14
DPTR FM NORMAL M PTCLDY (SCALE 4-7) 14
TOTAL FM JUL 1 9 CLOUDY (SCALE 8-10) 3
DPTR FM NORMAL M
[CDD (BASE 65) ]
TOTAL THIS MO. 117
DPTR FM NORMAL M [PRESSURE DATA]
TOTAL FM JAN 1 273 HIGHEST SLP M ON M
DPTR FM NORMAL M LOWEST SLP M ON M
[REMARKS]
#FINAL-07-22#