000
CXUS54 KMAF 012305
CF6CNM
PRELIMINARY LOCAL CLIMATOLOGICAL DATA (WS FORM: F-6)
STATION: CARLSBAD
MONTH: MARCH
YEAR: 2023
LATITUDE: 32 20 N
LONGITUDE: 104 15 W
TEMPERATURE IN F: :PCPN: SNOW: WIND :SUNSHINE: SKY :PK WND
================================================================================
1 2 3 4 5 6A 6B 7 8 9 10 11 12 13 14 15 16 17 18
12Z AVG MX 2MIN
DY MAX MIN AVG DEP HDD CDD WTR SNW DPTH SPD SPD DIR MIN PSBL S-S WX SPD DR
================================================================================
1 74 44 59 8 6 0 0.00 M M 11.7 36 230 M M 0 46 240
2 58 31 45 -7 20 0 0.00 M M 20.7 55 260 M M 1 72 280
3 68 39 54 2 11 0 0.00 M M 15.6 29 220 M M 0 38 230
4 71 40 56 4 9 0 0.00 M M 13.4 32 260 M M 0 42 260
5 78 33 56 4 9 0 0.00 M M 11.3 32 260 M M 0 40 250
6 82 56 69 16 0 4 0.00 M M 13.3 26 260 M M 0 34 250
7 81 45 63 10 2 0 T M M 8.2 29 350 M M 2 36 350
8 71 46 59 6 6 0 0.00 M M 9.9 21 150 M M 2 28 160
9 66 42 54 0 11 0 0.00 M M 5.8 16 180 M M 1 20 180
10 73 40 57 3 8 0 0.00 M M 10.6 20 140 M M 2 1 30 150
11 83 58 71 17 0 6 0.00 M M 21.8 37 250 M M 0 46 250
12 75 49 62 8 3 0 0.00 M M 6.9 21 290 M M 1 27 130
13 64 32 48 -7 17 0 0.00 M M 7.6 16 160 M M 0 22 130
14 68 33 51 -4 14 0 0.00 M M 7.9 15 160 M M 0 21 120
15 82 42 62 7 3 0 0.00 M M 10.7 28 250 M M 0 33 250
16 71 40 56 0 9 0 0.00 M M 18.0 37 270 M M 2 51 260
17 51 38 45 -11 20 0 0.00 M M 7.7 17 20 M M 8 23 20
18 53 34 44 -12 21 0 0.00 M M 6.0 17 80 M M 8 24 90
19 57 27 42 -14 23 0 0.00 M M 11.4 24 170 M M 0 35 160
20 74 39 57 0 8 0 0.00 M M 11.8 24 250 M M 4 38 240
21 79 39 59 2 6 0 0.00 M M 8.3 31 250 M M 0 39 260
22 83 50 67 10 0 2 0.00 M M 9.8 22 280 M M 0 38 250
23 80 48 64 6 1 0 0.00 M M 11.1 29 270 M M 0 37 270
24 67 38 53 -5 12 0 0.00 M M 20.7 38 270 M M 1 53 280
25 70 40 55 -3 10 0 0.00 M M 11.2 24 270 M M 0 33 270
26 73 35 54 -5 11 0 0.00 M M 11.0 26 250 M M 0 36 260
27 71 41 56 -3 9 0 0.00 M M 9.7 20 330 M M 0 24 330
28 59 34 47 -12 18 0 0.00 M M 9.3 20 40 M M 2 26 30
29 79 35 57 -3 8 0 0.00 M M 10.2 20 130 M M 0 30 140
30 85 48 67 7 0 2 0.00 M M 15.5 32 250 M M 0 44 230
31 71 49 60 0 5 0 0.00 M M 13.6 31 280 M M 0 43 300
================================================================================
SM 2217 1265 280 14 T M 360.7 M 34
================================================================================
AV 71.5 40.8 11.6 FASTST M M 1 MAX(MPH)
MISC ----> 55 260 72 280
================================================================================
NOTES:
# LAST OF SEVERAL OCCURRENCES
COLUMN 17 PEAK WIND IN M.P.H.
PRELIMINARY LOCAL CLIMATOLOGICAL DATA (WS FORM: F-6) , PAGE 2
STATION: CARLSBAD
MONTH: MARCH
YEAR: 2023
LATITUDE: 32 20 N
LONGITUDE: 104 15 W
[TEMPERATURE DATA] [PRECIPITATION DATA] SYMBOLS USED IN COLUMN 16
AVERAGE MONTHLY: 56.2 TOTAL FOR MONTH: T 1 = FOG OR MIST
DPTR FM NORMAL: 0.6 DPTR FM NORMAL: -0.54 2 = FOG REDUCING VISIBILITY
HIGHEST: 85 ON 30 GRTST 24HR T ON 7- 7 TO 1/4 MILE OR LESS
LOWEST: 27 ON 19 3 = THUNDER
SNOW, ICE PELLETS, HAIL 4 = ICE PELLETS
TOTAL MONTH: M 5 = HAIL
GRTST 24HR M ON M 6 = FREEZING RAIN OR DRIZZLE
GRTST DEPTH: M ON M 7 = DUSTSTORM OR SANDSTORM:
VSBY 1/2 MILE OR LESS
8 = SMOKE OR HAZE
[NO. OF DAYS WITH] [WEATHER - DAYS WITH] 9 = BLOWING SNOW
X = TORNADO
MAX 32 OR BELOW: 0 0.01 INCH OR MORE: 0
MAX 90 OR ABOVE: 0 0.10 INCH OR MORE: 0
MIN 32 OR BELOW: 3 0.50 INCH OR MORE: 0
MIN 0 OR BELOW: 0 1.00 INCH OR MORE: 0
[HDD (BASE 65) ]
TOTAL THIS MO. 280 CLEAR (SCALE 0-3) 28
DPTR FM NORMAL -21 PTCLDY (SCALE 4-7) 3
TOTAL FM JUL 1 2569 CLOUDY (SCALE 8-10) 0
DPTR FM NORMAL -58
[CDD (BASE 65) ]
TOTAL THIS MO. 14
DPTR FM NORMAL 3 [PRESSURE DATA]
TOTAL FM JAN 1 15 HIGHEST SLP 30.44 ON 28
DPTR FM NORMAL 3 LOWEST SLP 29.50 ON 2
[REMARKS]
#FINAL-03-23#