000
CXUS54 KMAF 011726
CF6CNM
PRELIMINARY LOCAL CLIMATOLOGICAL DATA (WS FORM: F-6)
STATION: CARLSBAD
MONTH: FEBRUARY
YEAR: 2023
LATITUDE: 32 20 N
LONGITUDE: 104 15 W
TEMPERATURE IN F: :PCPN: SNOW: WIND :SUNSHINE: SKY :PK WND
================================================================================
1 2 3 4 5 6A 6B 7 8 9 10 11 12 13 14 15 16 17 18
12Z AVG MX 2MIN
DY MAX MIN AVG DEP HDD CDD WTR SNW DPTH SPD SPD DIR MIN PSBL S-S WX SPD DR
================================================================================
1 32 24 28 -18 37 0 0.03 M M 4.9 13 160 M M 8 16 16 150
2 53 26 40 -6 25 0 0.00 M M 7.8 18 340 M M 4 1 27 320
3 59 24 42 -4 23 0 0.00 M M 8.4 17 140 M M 0 24 140
4 65 25 45 -2 20 0 0.00 M M 4.6 14 250 M M 0 16 240
5 77 28 53 6 12 0 0.00 M M 7.6 23 240 M M 0 28 240
6 78 37 58 11 7 0 0.00 M M 10.2 28 240 M M 0 37 230
7 50 34 42 -5 23 0 0.00 M M 17.1 26 330 M M 6 36 330
8 61 30 46 -1 19 0 0.00 M M 12.6 28 250 M M 1 40 260
9 55 32 44 -3 21 0 0.00 M M 15.7 33 350 M M 2 44 340
10 47 24 36 -12 29 0 0.00 M M 8.1 16 350 M M 0 21 350
11 58 19 39 -9 26 0 0.00 M M 7.5 17 140 M M 0 24 130
12 61 27 44 -4 21 0 0.00 M M 4.0 10 360 M M 1 12 190
13 56 33 45 -3 20 0 0.00 M M 9.8 38 250 M M 2 49 260
14 60 38 49 1 16 0 T M M 26.1 58 260 M M 0 79 260
15 61 29 45 -3 20 0 0.00 M M 14.8 39 250 M M 2 50 250
16 44 21 33 -16 32 0 0.00 M M 8.6 21 340 M M 3 26 340
17 49 15 32 -17 33 0 0.00 M M 6.9 17 160 M M 0 24 160
18 63 30 47 -2 18 0 0.02 M M 10.0 22 240 M M 3 6 29 220
19 63 37 50 1 15 0 T M M 12.6 44 250 M M 3 64 230
20 74 57 66 17 0 1 0.00 M M 19.7 41 270 M M 0 54 270
21 73 52 63 13 2 0 0.00 M M 13.2 37 250 M M 2 48 260
22 70 47 59 9 6 0 0.00 M M 25.7 41 220 M M 1 55 230
23 72 39 56 6 9 0 0.00 M M 11.3 29 210 M M 0 39 190
24 57 31 44 -6 21 0 0.00 M M 8.0 14 160 M M 0 20 140
25 61 34 48 -2 17 0 0.00 M M 7.0 16 130 M M 1 22 140
26 85 43 64 13 1 0 T M M 20.9 54 230 M M 1 18 73 210
27 71 28 50 -1 15 0 0.00 M M 12.2 31 280 M M 0 38 290
28 74 35 55 4 10 0 0.00 M M 9.3 30 230 M M 0 39 240
================================================================================
SM 1729 899 498 1 0.05 M 324.6 M 40
================================================================================
AV 61.8 32.1 11.6 FASTST M M 1 MAX(MPH)
MISC ----> 58 260 79 260
================================================================================
NOTES:
# LAST OF SEVERAL OCCURRENCES
COLUMN 17 PEAK WIND IN M.P.H.
PRELIMINARY LOCAL CLIMATOLOGICAL DATA (WS FORM: F-6) , PAGE 2
STATION: CARLSBAD
MONTH: FEBRUARY
YEAR: 2023
LATITUDE: 32 20 N
LONGITUDE: 104 15 W
[TEMPERATURE DATA] [PRECIPITATION DATA] SYMBOLS USED IN COLUMN 16
AVERAGE MONTHLY: 46.9 TOTAL FOR MONTH: 0.05 1 = FOG OR MIST
DPTR FM NORMAL: -1.5 DPTR FM NORMAL: -0.37 2 = FOG REDUCING VISIBILITY
HIGHEST: 85 ON 26 GRTST 24HR 0.03 ON 1- 1 TO 1/4 MILE OR LESS
LOWEST: 15 ON 17 3 = THUNDER
SNOW, ICE PELLETS, HAIL 4 = ICE PELLETS
TOTAL MONTH: M 5 = HAIL
GRTST 24HR M ON M 6 = FREEZING RAIN OR DRIZZLE
GRTST DEPTH: M ON M 7 = DUSTSTORM OR SANDSTORM:
VSBY 1/2 MILE OR LESS
8 = SMOKE OR HAZE
[NO. OF DAYS WITH] [WEATHER - DAYS WITH] 9 = BLOWING SNOW
X = TORNADO
MAX 32 OR BELOW: 1 0.01 INCH OR MORE: 2
MAX 90 OR ABOVE: 0 0.10 INCH OR MORE: 0
MIN 32 OR BELOW: 16 0.50 INCH OR MORE: 0
MIN 0 OR BELOW: 0 1.00 INCH OR MORE: 0
[HDD (BASE 65) ]
TOTAL THIS MO. 498 CLEAR (SCALE 0-3) 24
DPTR FM NORMAL 34 PTCLDY (SCALE 4-7) 4
TOTAL FM JUL 1 2289 CLOUDY (SCALE 8-10) 0
DPTR FM NORMAL -36
[CDD (BASE 65) ]
TOTAL THIS MO. 1
DPTR FM NORMAL 0 [PRESSURE DATA]
TOTAL FM JAN 1 1 HIGHEST SLP 30.56 ON 10
DPTR FM NORMAL 1 LOWEST SLP 29.40 ON 26
[REMARKS]
#FINAL-02-23#