000
CXUS55 KRIW 011010
CF6COD
PRELIMINARY LOCAL CLIMATOLOGICAL DATA (WS FORM: F-6)
STATION: CODY WY
MONTH: MAY
YEAR: 2023
LATITUDE: 44 31 N
LONGITUDE: 109 1 W
TEMPERATURE IN F: :PCPN: SNOW: WIND :SUNSHINE: SKY :PK WND
================================================================================
1 2 3 4 5 6A 6B 7 8 9 10 11 12 13 14 15 16 17 18
12Z AVG MX 2MIN
DY MAX MIN AVG DEP HDD CDD WTR SNW DPTH SPD SPD DIR MIN PSBL S-S WX SPD DR
================================================================================
1 74 41 58 9 7 0 0.00 M M 5.2 12 60 M M 0 M M
2 79 43 61 11 4 0 0.00 M M 7.9 17 260 M M 0 33 250
3 78 54 66 16 0 1 T M M 9.3 16 110 M M 3 40 130
4 77 47 62 12 3 0 T M M 10.8 25 130 M M 2 43 130
5 66 43 55 4 10 0 0.02 M M 9.5 22 250 M M 2 3 39 230
6 64 39 52 1 13 0 0.00 M M 9.3 17 290 M M 1 28 260
7 60 37 49 -2 16 0 T M M 6.6 13 270 M M 5 27 190
8 66 38 52 0 13 0 0.00 M M 7.2 17 260 M M 3 30 260
9 69 40 55 3 10 0 0.00 M M 9.9 21 240 M M 0 30 220
10 62 36 49 -3 16 0 T M M 7.6 15 360 M M 0 M M
11 52 45 49 -3 16 0 0.05 M M 9.8 15 360 M M 0 1 M M
12 58 41 50 -3 15 0 T M M 10.5 22 10 M M 6 31 30
13 54 45 50 -3 15 0 0.01 M M 13.2 21 360 M M 10 30 360
14 60 44 52 -1 13 0 0.03 M M 7.0 12 360 M M 10 1 M M
15 71 43 57 3 8 0 T M M 3.9 10 20 M M 2 M M
16 73 50 62 8 3 0 T M M 7.4 14 340 M M 3 22 250
17 62 48 55 1 10 0 T M M 8.1 15 20 M M 6 22 20
18 63 45 54 0 11 0 0.12 M M 5.6 14 360 M M 6 18 20 360
19 74 41 58 3 7 0 0.00 M M 4.5 8 60 M M 0 8 M M
20 79 46 63 8 2 0 0.00 M M 5.8 16 360 M M 1 21 360
21 80 54 67 12 0 2 0.00 M M 6.7 21 190 M M 1 28 190
22 82 55 69 14 0 4 T M M 9.8 24 170 M M 1 35 170
23 74 50 62 6 3 0 0.35 M M 5.7 21 230 M M 5 3 32 240
24 77 52 65 9 0 0 0.02 M M 6.5 23 220 M M 4 35 240
25 67 47 57 1 8 0 0.06 M M 5.1 10 280 M M 3 21 280
26 64 45 55 -2 10 0 0.09 M M 4.3 12 340 M M 3 3 18 250
27 67 43 55 -2 10 0 T M M 5.5 13 260 M M 2 17 260
28 72 47 60 3 5 0 0.00 M M 5.5 12 230 M M 5 22 260
29 74 53 64 7 1 0 T M M 9.7 20 270 M M 5 25 240
30 74 55 65 7 0 0 T M M 8.2 25 180 M M 2 37 230
31 77 53 65 7 0 0 T M M 7.6 22 200 M M 2 3 35 200
================================================================================
SM 2149 1420 229 7 0.75 M 233.6 M 93
================================================================================
AV 69.3 45.8 7.5 FASTST M M 3 MAX(MPH)
MISC ----> 25 130 43 130
================================================================================
NOTES:
# LAST OF SEVERAL OCCURRENCES
COLUMN 17 PEAK WIND IN M.P.H.
PRELIMINARY LOCAL CLIMATOLOGICAL DATA (WS FORM: F-6) , PAGE 2
STATION: CODY WY
MONTH: MAY
YEAR: 2023
LATITUDE: 44 31 N
LONGITUDE: 109 1 W
[TEMPERATURE DATA] [PRECIPITATION DATA] SYMBOLS USED IN COLUMN 16
AVERAGE MONTHLY: 57.6 TOTAL FOR MONTH: 0.75 1 = FOG OR MIST
DPTR FM NORMAL: 3.8 DPTR FM NORMAL: M 2 = FOG REDUCING VISIBILITY
HIGHEST: 82 ON 22 GRTST 24HR 0.35 ON 23-23 TO 1/4 MILE OR LESS
LOWEST: 36 ON 10 3 = THUNDER
SNOW, ICE PELLETS, HAIL 4 = ICE PELLETS
TOTAL MONTH: M 5 = HAIL
GRTST 24HR M ON M 6 = FREEZING RAIN OR DRIZZLE
GRTST DEPTH: M ON M 7 = DUSTSTORM OR SANDSTORM:
VSBY 1/2 MILE OR LESS
8 = SMOKE OR HAZE
[NO. OF DAYS WITH] [WEATHER - DAYS WITH] 9 = BLOWING SNOW
X = TORNADO
MAX 32 OR BELOW: 0 0.01 INCH OR MORE: 9
MAX 90 OR ABOVE: 0 0.10 INCH OR MORE: 2
MIN 32 OR BELOW: 0 0.50 INCH OR MORE: 0
MIN 0 OR BELOW: 0 1.00 INCH OR MORE: 0
[HDD (BASE 65) ]
TOTAL THIS MO. 229 CLEAR (SCALE 0-3) 18
DPTR FM NORMAL -120 PTCLDY (SCALE 4-7) 11
TOTAL FM JUL 1 7527 CLOUDY (SCALE 8-10) 2
DPTR FM NORMAL 978
[CDD (BASE 65) ]
TOTAL THIS MO. 7
DPTR FM NORMAL 7 [PRESSURE DATA]
TOTAL FM JAN 1 7 HIGHEST SLP M ON M
DPTR FM NORMAL 7 LOWEST SLP M ON M
[REMARKS]
#FINAL-05-23#