000
CXUS55 KRIW 011010
CF6COD
PRELIMINARY LOCAL CLIMATOLOGICAL DATA (WS FORM: F-6)
STATION: CODY WY
MONTH: APRIL
YEAR: 2023
LATITUDE: 44 31 N
LONGITUDE: 109 1 W
TEMPERATURE IN F: :PCPN: SNOW: WIND :SUNSHINE: SKY :PK WND
================================================================================
1 2 3 4 5 6A 6B 7 8 9 10 11 12 13 14 15 16 17 18
12Z AVG MX 2MIN
DY MAX MIN AVG DEP HDD CDD WTR SNW DPTH SPD SPD DIR MIN PSBL S-S WX SPD DR
================================================================================
1 48 29 39 -3 26 0 T M M 12.5 23 240 M M 4 1 38 240
2 41 25 33 -9 32 0 0.00 M M 11.6 18 270 M M 2 30 250
3 32 23 28 -14 37 0 T M M 5.4 12 340 M M 7 M M
4 26 19 23 -19 42 0 T M M 15.3 24 340 M M 10 18 32 340
5 32 18 25 -17 40 0 T M M 7.4 13 130 M M 5 M M
6 47 26 37 -6 28 0 0.00 M M 12.6 22 250 M M 2 35 250
7 51 26 39 -4 26 0 0.00 M M 10.5 17 150 M M 0 M M
8 56 36 46 3 19 0 0.00 M M 10.6 20 270 M M 1 31 270
9 61 46 54 11 11 0 0.00 M M 13.2 18 160 M M 0 29 260
10 70 43 57 13 8 0 0.00 M M 11.4 21 270 M M 0 32 270
11 74 45 60 16 5 0 0.00 M M 11.2 29 220 M M 0 41 240
12 57 35 46 2 19 0 0.00 M M 9.9 16 40 M M 3 22 50
13 40 24 32 -12 33 0 0.08 M M 10.7 17 20 M M 8 1 23 10
14 40 21 31 -13 34 0 T M M 5.1 12 330 M M 6 1 M M
15 50 20 35 -10 30 0 T M M 4.1 12 270 M M 1 17 250
16 62 34 48 3 17 0 0.00 M M 10.1 16 170 M M 0 21 170
17 67 38 53 8 12 0 0.00 M M 8.9 21 180 M M 1 27 180
18 53 33 43 -3 22 0 0.01 M M 10.2 20 270 M M 5 39 270
19 39 31 35 -11 30 0 0.00 M M 17.2 27 220 M M 4 50 220
20 41 25 33 -13 32 0 T M M 12.3 20 30 M M 7 1 30 260
21 37 21 29 -17 36 0 T M M 7.3 15 10 M M 8 8 16 20
22 45 25 35 -12 30 0 0.00 M M 5.3 12 50 M M 7 M M
23 57 23 40 -7 25 0 0.00 M M 6.9 13 140 M M 0 18 130
24 60 42 51 4 14 0 T M M 8.4 18 240 M M 4 24 150
25 61 40 51 3 14 0 0.00 M M 10.8 25 350 M M 2 37 350
26 63 34 49 1 16 0 0.00 M M 7.3 17 250 M M 0 31 240
27 59 32 46 -2 19 0 0.02 M M 15.7 33 10 M M 3 46 10
28 63 25 44 -4 21 0 0.00 M M 5.1 9 230 M M 0 M M
29 71 39 55 6 10 0 0.00 M M 6.0 14 210 M M 0 M M
30 71 39 55 6 10 0 0.00 M M 5.2 10 10 M M 0 M M
================================================================================
SM 1574 917 698 0 0.11 M 288.2 M 90
================================================================================
AV 52.5 30.6 9.6 FASTST M M 3 MAX(MPH)
MISC ----> 33 10 50 220
================================================================================
NOTES:
# LAST OF SEVERAL OCCURRENCES
COLUMN 17 PEAK WIND IN M.P.H.
PRELIMINARY LOCAL CLIMATOLOGICAL DATA (WS FORM: F-6) , PAGE 2
STATION: CODY WY
MONTH: APRIL
YEAR: 2023
LATITUDE: 44 31 N
LONGITUDE: 109 1 W
[TEMPERATURE DATA] [PRECIPITATION DATA] SYMBOLS USED IN COLUMN 16
AVERAGE MONTHLY: 41.5 TOTAL FOR MONTH: 0.11 1 = FOG OR MIST
DPTR FM NORMAL: -3.5 DPTR FM NORMAL: M 2 = FOG REDUCING VISIBILITY
HIGHEST: 74 ON 11 GRTST 24HR 0.08 ON 13-13 TO 1/4 MILE OR LESS
LOWEST: 18 ON 5 3 = THUNDER
SNOW, ICE PELLETS, HAIL 4 = ICE PELLETS
TOTAL MONTH: M 5 = HAIL
GRTST 24HR M ON M 6 = FREEZING RAIN OR DRIZZLE
GRTST DEPTH: M ON M 7 = DUSTSTORM OR SANDSTORM:
VSBY 1/2 MILE OR LESS
8 = SMOKE OR HAZE
[NO. OF DAYS WITH] [WEATHER - DAYS WITH] 9 = BLOWING SNOW
X = TORNADO
MAX 32 OR BELOW: 3 0.01 INCH OR MORE: 3
MAX 90 OR ABOVE: 0 0.10 INCH OR MORE: 0
MIN 32 OR BELOW: 17 0.50 INCH OR MORE: 0
MIN 0 OR BELOW: 0 1.00 INCH OR MORE: 0
[HDD (BASE 65) ]
TOTAL THIS MO. 698 CLEAR (SCALE 0-3) 16
DPTR FM NORMAL 100 PTCLDY (SCALE 4-7) 13
TOTAL FM JUL 1 7298 CLOUDY (SCALE 8-10) 1
DPTR FM NORMAL 1098
[CDD (BASE 65) ]
TOTAL THIS MO. 0
DPTR FM NORMAL 0 [PRESSURE DATA]
TOTAL FM JAN 1 0 HIGHEST SLP M ON M
DPTR FM NORMAL 0 LOWEST SLP M ON M
[REMARKS]
#FINAL-04-23#