000
CXUS55 KRIW 011010
CF6COD
PRELIMINARY LOCAL CLIMATOLOGICAL DATA (WS FORM: F-6)
STATION: CODY WY
MONTH: JUNE
YEAR: 2022
LATITUDE: 44 31 N
LONGITUDE: 109 1 W
TEMPERATURE IN F: :PCPN: SNOW: WIND :SUNSHINE: SKY :PK WND
================================================================================
1 2 3 4 5 6A 6B 7 8 9 10 11 12 13 14 15 16 17 18
12Z AVG MX 2MIN
DY MAX MIN AVG DEP HDD CDD WTR SNW DPTH SPD SPD DIR MIN PSBL S-S WX SPD DR
================================================================================
1 61 36 49 -9 16 0 T M M 3.0 10 20 M M 7 M M
2 64 44 54 -4 11 0 T M M 4.3 9 40 M M 7 M M
3 69 44 57 -2 8 0 0.14 M M 5.5 16 40 M M 2 3 22 40
4 73 47 60 1 5 0 0.06 M M 4.6 14 160 M M 3 18 250
5 69 53 61 2 4 0 T M M 8.8 15 270 M M 6 24 260
6 69 51 60 1 5 0 T M M 9.2 16 290 M M 6 32 250
7 67 46 57 -3 8 0 T M M 5.1 13 250 M M 7 23 250
8 72 42 57 -3 8 0 0.00 M M 5.8 12 360 M M 5 M M
9 75 53 64 4 1 0 0.00 M M 4.4 12 40 M M 3 M M
10 84 57 71 11 0 6 0.00 M M 8.9 15 40 M M 0 25 260
11 83 51 67 6 0 2 T M M 8.5 22 20 M M 2 36 40
12 64 49 57 -4 8 0 0.04 M M 5.6 15 30 M M 2 20 30
13 65 51 58 -3 7 0 T M M 9.2 24 230 M M 5 35 230
14 57 46 52 -10 13 0 0.00 M M 14.0 30 310 M M 2 44 270
15 70 48 59 -3 6 0 0.00 M M 15.7 28 260 M M 0 45 260
16 86 47 67 5 0 2 0.00 M M 8.2 15 140 M M 0 18 130
17 92 52 72 9 0 7 T M M 7.3 21 160 M M 0 3 47 200
18 90 60 75 12 0 10 0.00 M M 8.1 12 170 M M 0 22 99
19 73 50 62 -1 3 0 0.42 M M 8.1 24 260 M M 6 3 46 270
20 64 45 55 -9 10 0 0.01 M M 8.8 22 260 M M 3 38 250
21 73 49 61 -3 4 0 0.00 M M 7.4 17 260 M M 1 31 260
22 82 50 66 2 0 1 0.00 M M 8.3 14 160 M M 0 17 160
23 86 57 72 7 0 7 0.00 M M 10.5 16 230 M M 0 24 220
24 71 47 59 -6 6 0 T M M 12.6 24 360 M M 5 41 360
25 61 44 53 -12 12 0 T M M 7.0 14 360 M M 8 M M
26 75 41 58 -8 7 0 0.00 M M 5.3 10 60 M M 0 16 120
27 81 49 65 -1 0 0 0.00 M M 5.7 14 20 M M 0 M M
28 91 59 75 9 0 10 T M M 7.6 18 330 M M 1 3 32 300
29 87 54 71 5 0 6 0.00 M M 8.9 27 210 M M 0 33 210
30 74 54 64 -3 1 0 0.00 M M 8.8 15 30 M M 0 20 30
================================================================================
SM 2228 1476 143 51 0.67 M 235.2 M 81
================================================================================
AV 74.3 49.2 7.8 FASTST M M 3 MAX(MPH)
MISC ----> 30 310 47 200
================================================================================
NOTES:
# LAST OF SEVERAL OCCURRENCES
COLUMN 17 PEAK WIND IN M.P.H.
PRELIMINARY LOCAL CLIMATOLOGICAL DATA (WS FORM: F-6) , PAGE 2
STATION: CODY WY
MONTH: JUNE
YEAR: 2022
LATITUDE: 44 31 N
LONGITUDE: 109 1 W
[TEMPERATURE DATA] [PRECIPITATION DATA] SYMBOLS USED IN COLUMN 16
AVERAGE MONTHLY: 61.7 TOTAL FOR MONTH: 0.67 1 = FOG OR MIST
DPTR FM NORMAL: -0.5 DPTR FM NORMAL: M 2 = FOG REDUCING VISIBILITY
HIGHEST: 92 ON 17 GRTST 24HR 0.42 ON 19-19 TO 1/4 MILE OR LESS
LOWEST: 36 ON 1 3 = THUNDER
SNOW, ICE PELLETS, HAIL 4 = ICE PELLETS
TOTAL MONTH: M 5 = HAIL
GRTST 24HR M ON M 6 = FREEZING RAIN OR DRIZZLE
GRTST DEPTH: M ON M 7 = DUSTSTORM OR SANDSTORM:
VSBY 1/2 MILE OR LESS
8 = SMOKE OR HAZE
[NO. OF DAYS WITH] [WEATHER - DAYS WITH] 9 = BLOWING SNOW
X = TORNADO
MAX 32 OR BELOW: 0 0.01 INCH OR MORE: 5
MAX 90 OR ABOVE: 3 0.10 INCH OR MORE: 2
MIN 32 OR BELOW: 0 0.50 INCH OR MORE: 0
MIN 0 OR BELOW: 0 1.00 INCH OR MORE: 0
[HDD (BASE 65) ]
TOTAL THIS MO. 143 CLEAR (SCALE 0-3) 19
DPTR FM NORMAL 62 PTCLDY (SCALE 4-7) 11
TOTAL FM JUL 1 7057 CLOUDY (SCALE 8-10) 0
DPTR FM NORMAL 426
[CDD (BASE 65) ]
TOTAL THIS MO. 51
DPTR FM NORMAL 51 [PRESSURE DATA]
TOTAL FM JAN 1 54 HIGHEST SLP M ON M
DPTR FM NORMAL 54 LOWEST SLP M ON M
[REMARKS]
#FINAL-06-22#