000
CXUS55 KRIW 251838
CF6COD
PRELIMINARY LOCAL CLIMATOLOGICAL DATA (WS FORM: F-6)
STATION: CODY WY
MONTH: DECEMBER
YEAR: 2023
LATITUDE: 44 31 N
LONGITUDE: 109 1 W
TEMPERATURE IN F: :PCPN: SNOW: WIND :SUNSHINE: SKY :PK WND
================================================================================
1 2 3 4 5 6A 6B 7 8 9 10 11 12 13 14 15 16 17 18
12Z AVG MX 2MIN
DY MAX MIN AVG DEP HDD CDD WTR SNW DPTH SPD SPD DIR MIN PSBL S-S WX SPD DR
================================================================================
1 33 13 23 -5 42 0 0.00 M M 7.0 17 260 M M 2 32 250
2 37 27 32 4 33 0 T M M 11.1 18 230 M M 2 36 270
3 46 29 38 10 27 0 0.00 M M 11.9 20 260 M M 1 52 280
4 50 34 42 15 23 0 0.00 M M 9.8 27 260 M M 8 53 260
5 58 49 54 27 11 0 0.00 M M 17.5 27 260 M M 1 40 220
6 58 37 48 21 17 0 0.00 M M 6.6 15 150 M M 0 M M
7 50 31 41 14 24 0 0.00 M M 11.6 22 270 M M 1 38 260
8 37 23 30 4 35 0 0.00 M M 6.1 18 220 M M 7 30 270
9 33 21 27 1 38 0 0.00 M M 11.9 27 230 M M 3 43 240
10 41 30 36 10 29 0 0.00 M M 19.4 30 260 M M 2 53 260
11 46 24 35 9 30 0 0.00 M M 6.7 15 10 M M 4 25 280
12 41 16 29 3 36 0 0.00 M M 3.2 9 20 M M 1 12 M M
13 43 17 30 4 35 0 0.00 M M 5.3 13 180 M M 0 M M
14 45 17 31 6 34 0 0.00 M M 3.5 8 30 M M 0 M M
15 48 21 35 10 30 0 0.00 M M 2.9 9 60 M M 0 8 M M
16 52 21 37 12 28 0 0.00 M M 6.4 18 270 M M 0 35 290
17 50 22 36 11 29 0 0.00 M M 6.7 16 280 M M 0 31 280
18 52 22 37 12 28 0 0.00 M M 3.9 10 50 M M 0 M M
19 56 31 44 19 21 0 0.00 M M 5.9 13 230 M M 3 17 230
20 56 33 45 20 20 0 0.00 M M 6.0 14 230 M M 3 20 230
21 55 33 44 19 21 0 0.00 M M 7.0 17 250 M M 0 30 270
22 54 34 44 19 21 0 0.00 M M 11.1 18 230 M M 0 30 220
23 38 21 30 5 35 0 0.04 M M 9.6 23 10 M M 6 1 27 10
24 27 2 15 -10 50 0 0.00 M M 4.9 12 330 M M 2 M M
25 34 1 18 -7 47 0 0.00 M M 2.1 7 180 M M 0 M M
26 26 7 17 -9 48 0 0.00 M M 1.9 8 220 M M 0 M M
27 38 13 26 0 39 0 0.00 M M 3.6 9 160 M M 0 M M
28 37 12 25 -1 40 0 0.00 M M 1.9 6 180 M M 1 M M
29 43 15 29 3 36 0 0.00 M M 3.2 10 220 M M 3 M M
30 46 20 33 7 32 0 0.00 M M 1.9 6 170 M M 0 M M
31 44 23 34 8 31 0 0.00 M M 1.7 8 50 M M 1 M M
================================================================================
SM 1374 699 970 0 0.04 M 212.3 M 51
================================================================================
AV 44.3 22.5 6.8 FASTST M M 2 MAX(MPH)
MISC ----> 30 260 # 53 260
================================================================================
NOTES:
# LAST OF SEVERAL OCCURRENCES
COLUMN 17 PEAK WIND IN M.P.H.
PRELIMINARY LOCAL CLIMATOLOGICAL DATA (WS FORM: F-6) , PAGE 2
STATION: CODY WY
MONTH: DECEMBER
YEAR: 2023
LATITUDE: 44 31 N
LONGITUDE: 109 1 W
[TEMPERATURE DATA] [PRECIPITATION DATA] SYMBOLS USED IN COLUMN 16
AVERAGE MONTHLY: 33.4 TOTAL FOR MONTH: 0.04 1 = FOG OR MIST
DPTR FM NORMAL: 7.5 DPTR FM NORMAL: M 2 = FOG REDUCING VISIBILITY
HIGHEST: 58 ON 6, 5 GRTST 24HR 0.04 ON 23-23 TO 1/4 MILE OR LESS
LOWEST: 1 ON 25 3 = THUNDER
SNOW, ICE PELLETS, HAIL 4 = ICE PELLETS
TOTAL MONTH: M 5 = HAIL
GRTST 24HR M ON M 6 = FREEZING RAIN OR DRIZZLE
GRTST DEPTH: M ON M 7 = DUSTSTORM OR SANDSTORM:
VSBY 1/2 MILE OR LESS
8 = SMOKE OR HAZE
[NO. OF DAYS WITH] [WEATHER - DAYS WITH] 9 = BLOWING SNOW
X = TORNADO
MAX 32 OR BELOW: 2 0.01 INCH OR MORE: 1
MAX 90 OR ABOVE: 0 0.10 INCH OR MORE: 0
MIN 32 OR BELOW: 25 0.50 INCH OR MORE: 0
MIN 0 OR BELOW: 0 1.00 INCH OR MORE: 0
[HDD (BASE 65) ]
TOTAL THIS MO. 970 CLEAR (SCALE 0-3) 25
DPTR FM NORMAL -241 PTCLDY (SCALE 4-7) 6
TOTAL FM JUL 1 2564 CLOUDY (SCALE 8-10) 0
DPTR FM NORMAL -11
[CDD (BASE 65) ]
TOTAL THIS MO. 0
DPTR FM NORMAL 0 [PRESSURE DATA]
TOTAL FM JAN 1 368 HIGHEST SLP M ON M
DPTR FM NORMAL 368 LOWEST SLP M ON M
[REMARKS]
#FINAL-12-23#