000
CXUS55 KRIW 011110
CF6COD
PRELIMINARY LOCAL CLIMATOLOGICAL DATA (WS FORM: F-6)
STATION: CODY WY
MONTH: NOVEMBER
YEAR: 2020
LATITUDE: 44 31 N
LONGITUDE: 109 1 W
TEMPERATURE IN F: :PCPN: SNOW: WIND :SUNSHINE: SKY :PK WND
================================================================================
1 2 3 4 5 6A 6B 7 8 9 10 11 12 13 14 15 16 17 18
12Z AVG MX 2MIN
DY MAX MIN AVG DEP HDD CDD WTR SNW DPTH SPD SPD DIR MIN PSBL S-S WX SPD DR
================================================================================
1 59 28 44 2 21 0 0.00 M M 4.5 12 40 M M 0 M M
2 70 36 53 12 12 0 0.00 M M 6.6 17 290 M M 0 28 270
3 73 52 63 22 2 0 0.00 M M 11.6 21 230 M M 0 38 220
4 69 54 62 22 3 0 0.00 M M 11.9 18 250 M M 0 30 250
5 70 46 58 18 7 0 0.00 M M 11.2 20 250 M M 0 31 250
6 62 35 49 9 16 0 0.00 M M 6.5 13 30 M M 1 M M
7 69 34 52 13 13 0 0.00 M M 7.7 17 140 M M 1 28 230
8 43 13 28 -11 37 0 0.08 M M 13.0 22 10 M M 10 12 31 350
9 30 13 22 -16 43 0 T M M 6.3 20 250 M M 5 37 270
10 35 28 32 -6 33 0 T M M 18.6 25 260 M M 3 45 260
11 30 18 24 -13 41 0 T M M 8.2 16 240 M M 6 1 38 260
12 35 10 23 -14 42 0 T M M 12.7 23 270 M M 1 18 40 240
13 47 23 35 -1 30 0 0.01 M M 13.6 27 240 M M 1 45 250
14 39 24 32 -4 33 0 T M M 10.6 25 300 M M 1 1 44 270
15 46 30 38 3 27 0 0.00 M M 14.5 22 260 M M 1 36 250
16 51 33 42 7 23 0 0.00 M M 9.4 17 270 M M 3 30 300
17 61 36 49 15 16 0 0.00 M M 7.8 14 230 M M 0 M M
18 57 44 51 17 14 0 0.00 M M 10.4 27 250 M M 0 41 250
19 47 31 39 6 26 0 0.00 M M 12.4 21 260 M M 1 37 260
20 42 20 31 -2 34 0 0.00 M M 8.0 16 220 M M 1 20 260
21 45 17 31 -1 34 0 0.00 M M 6.2 15 220 M M 0 27 99
22 42 16 29 -3 36 0 0.00 M M 7.3 17 220 M M 0 M M
23 45 16 31 -1 34 0 0.00 M M 3.5 14 290 M M 2 20 290
24 43 15 29 -2 36 0 0.00 M M 5.1 13 240 M M 0 21 240
25 49 23 36 5 29 0 0.00 M M 9.3 22 270 M M 2 44 270
26 38 18 28 -2 37 0 0.00 M M 10.8 16 260 M M 2 33 260
27 43 18 31 1 34 0 0.00 M M 4.7 13 50 M M 0 22 270
28 52 21 37 8 28 0 0.00 M M 4.4 14 330 M M 1 21 340
29 41 17 29 0 36 0 0.00 M M 8.0 15 130 M M 0 M M
30 54 13 34 5 31 0 T M M 8.7 16 280 M M 1 25 280
================================================================================
SM 1487 782 808 0 0.09 M 273.5 M 43
================================================================================
AV 49.6 26.1 9.1 FASTST M M 1 MAX(MPH)
MISC ----> # 27 240 # 45 260
================================================================================
NOTES:
# LAST OF SEVERAL OCCURRENCES
COLUMN 17 PEAK WIND IN M.P.H.
PRELIMINARY LOCAL CLIMATOLOGICAL DATA (WS FORM: F-6) , PAGE 2
STATION: CODY WY
MONTH: NOVEMBER
YEAR: 2020
LATITUDE: 44 31 N
LONGITUDE: 109 1 W
[TEMPERATURE DATA] [PRECIPITATION DATA] SYMBOLS USED IN COLUMN 16
AVERAGE MONTHLY: 37.8 TOTAL FOR MONTH: 0.09 1 = FOG OR MIST
DPTR FM NORMAL: 2.7 DPTR FM NORMAL: M 2 = FOG REDUCING VISIBILITY
HIGHEST: 73 ON 3 GRTST 24HR 0.08 ON 8- 8 TO 1/4 MILE OR LESS
LOWEST: 10 ON 12 3 = THUNDER
SNOW, ICE PELLETS, HAIL 4 = ICE PELLETS
TOTAL MONTH: M 5 = HAIL
GRTST 24HR M ON M 6 = FREEZING RAIN OR DRIZZLE
GRTST DEPTH: M ON M 7 = DUSTSTORM OR SANDSTORM:
VSBY 1/2 MILE OR LESS
8 = SMOKE OR HAZE
[NO. OF DAYS WITH] [WEATHER - DAYS WITH] 9 = BLOWING SNOW
X = TORNADO
MAX 32 OR BELOW: 2 0.01 INCH OR MORE: 2
MAX 90 OR ABOVE: 0 0.10 INCH OR MORE: 0
MIN 32 OR BELOW: 21 0.50 INCH OR MORE: 0
MIN 0 OR BELOW: 0 1.00 INCH OR MORE: 0
[HDD (BASE 65) ]
TOTAL THIS MO. 808 CLEAR (SCALE 0-3) 26
DPTR FM NORMAL -89 PTCLDY (SCALE 4-7) 3
TOTAL FM JUL 1 1726 CLOUDY (SCALE 8-10) 1
DPTR FM NORMAL 362
[CDD (BASE 65) ]
TOTAL THIS MO. 0
DPTR FM NORMAL 0 [PRESSURE DATA]
TOTAL FM JAN 1 497 HIGHEST SLP M ON M
DPTR FM NORMAL 497 LOWEST SLP M ON M
[REMARKS]
#FINAL-11-20#