000
CXUS55 KRIW 010945
CF6COD
PRELIMINARY LOCAL CLIMATOLOGICAL DATA (WS FORM: F-6)
STATION: CODY WY
MONTH: SEPTEMBER
YEAR: 2020
LATITUDE: 44 31 N
LONGITUDE: 109 1 W
TEMPERATURE IN F: :PCPN: SNOW: WIND :SUNSHINE: SKY :PK WND
================================================================================
1 2 3 4 5 6A 6B 7 8 9 10 11 12 13 14 15 16 17 18
12Z AVG MX 2MIN
DY MAX MIN AVG DEP HDD CDD WTR SNW DPTH SPD SPD DIR MIN PSBL S-S WX SPD DR
================================================================================
1 78 51 65 1 0 0 0.00 M M 8.8 15 270 M M 0 30 270
2 85 54 70 6 0 5 0.00 M M 13.1 21 350 M M 0 32 240
3 81 46 64 0 1 0 0.00 M M 5.4 12 80 M M 0 8 M M
4 85 51 68 5 0 3 0.00 M M 3.8 8 20 M M 0 8 M M
5 96 56 76 13 0 11 0.00 M M 9.4 15 210 M M 0 24 270
6 80 56 68 5 0 3 0.00 M M 5.4 13 40 M M 0 M M
7 60 32 46 -16 19 0 0.08 M M 16.8 24 350 M M 7 13 36 360
8 44 31 38 -24 27 0 T M M 9.9 21 350 M M 5 1 35 360
9 61 25 43 -19 22 0 0.00 M M 4.2 12 230 M M 0 M M
10 69 36 53 -8 12 0 0.00 M M 4.1 9 230 M M 0 M M
11 76 40 58 -3 7 0 0.00 M M 6.3 20 40 M M 0 24 40
12 82 47 65 5 0 0 0.00 M M 5.9 18 100 M M 0 8 22 120
13 85 51 68 8 0 3 0.00 M M 5.9 16 150 M M 0 8 16 120
14 89 54 72 12 0 7 0.00 M M 8.1 17 230 M M 0 8 22 240
15 82 56 69 10 0 4 0.00 M M 8.4 15 230 M M 0 8 17 260
16 73 45 59 0 6 0 0.00 M M 4.8 9 30 M M 0 8 M M
17 75 46 61 3 4 0 0.00 M M 3.8 14 10 M M 0 8 M M
18 81 51 66 8 0 1 0.00 M M 5.6 9 130 M M 1 8 M M
19 74 55 65 7 0 0 0.00 M M 11.8 25 260 M M 1 44 270
20 68 52 60 3 5 0 0.00 M M 13.4 23 240 M M 1 37 270
21 77 47 62 5 3 0 0.00 M M 10.7 16 120 M M 0 8 22 160
22 82 47 65 9 0 0 0.02 M M 5.8 15 230 M M 0 38 22 230
23 79 45 62 6 3 0 0.00 M M 6.5 15 260 M M 0 24 260
24 86 53 70 14 0 5 0.00 M M 9.3 20 270 M M 0 30 270
25 74 44 59 4 6 0 0.00 M M 6.6 16 250 M M 1 8 35 260
26 65 47 56 1 9 0 0.05 M M 11.1 21 230 M M 3 33 250
27 56 38 47 -7 18 0 0.00 M M 7.0 15 30 M M 4 21 30
28 65 31 48 -6 17 0 0.00 M M 6.2 16 210 M M 0 M M
29 79 35 57 3 8 0 0.00 M M 4.5 10 40 M M 0 8 M M
30 61 42 52 -1 13 0 0.00 M M 10.1 16 20 M M 0 22 30
================================================================================
SM 2248 1364 180 42 0.15 M 232.7 M 23
================================================================================
AV 74.9 45.5 7.8 FASTST M M 1 MAX(MPH)
MISC ----> # 25 260 # 44 270
================================================================================
NOTES:
# LAST OF SEVERAL OCCURRENCES
COLUMN 17 PEAK WIND IN M.P.H.
PRELIMINARY LOCAL CLIMATOLOGICAL DATA (WS FORM: F-6) , PAGE 2
STATION: CODY WY
MONTH: SEPTEMBER
YEAR: 2020
LATITUDE: 44 31 N
LONGITUDE: 109 1 W
[TEMPERATURE DATA] [PRECIPITATION DATA] SYMBOLS USED IN COLUMN 16
AVERAGE MONTHLY: 60.2 TOTAL FOR MONTH: 0.15 1 = FOG OR MIST
DPTR FM NORMAL: 1.3 DPTR FM NORMAL: M 2 = FOG REDUCING VISIBILITY
HIGHEST: 96 ON 5 GRTST 24HR 0.08 ON 7- 7 TO 1/4 MILE OR LESS
LOWEST: 25 ON 9 3 = THUNDER
SNOW, ICE PELLETS, HAIL 4 = ICE PELLETS
TOTAL MONTH: M 5 = HAIL
GRTST 24HR M ON M 6 = FREEZING RAIN OR DRIZZLE
GRTST DEPTH: M ON M 7 = DUSTSTORM OR SANDSTORM:
VSBY 1/2 MILE OR LESS
8 = SMOKE OR HAZE
[NO. OF DAYS WITH] [WEATHER - DAYS WITH] 9 = BLOWING SNOW
X = TORNADO
MAX 32 OR BELOW: 0 0.01 INCH OR MORE: 3
MAX 90 OR ABOVE: 1 0.10 INCH OR MORE: 0
MIN 32 OR BELOW: 4 0.50 INCH OR MORE: 0
MIN 0 OR BELOW: 0 1.00 INCH OR MORE: 0
[HDD (BASE 65) ]
TOTAL THIS MO. 180 CLEAR (SCALE 0-3) 27
DPTR FM NORMAL M PTCLDY (SCALE 4-7) 3
TOTAL FM JUL 1 214 CLOUDY (SCALE 8-10) 0
DPTR FM NORMAL M
[CDD (BASE 65) ]
TOTAL THIS MO. 42
DPTR FM NORMAL 42 [PRESSURE DATA]
TOTAL FM JAN 1 489 HIGHEST SLP M ON M
DPTR FM NORMAL 489 LOWEST SLP M ON M
[REMARKS]
#FINAL-09-20#