000
CXUS55 KRIW 010945
CF6COD
PRELIMINARY LOCAL CLIMATOLOGICAL DATA (WS FORM: F-6)
STATION: CODY WY
MONTH: JUNE
YEAR: 2020
LATITUDE: 44 31 N
LONGITUDE: 109 1 W
TEMPERATURE IN F: :PCPN: SNOW: WIND :SUNSHINE: SKY :PK WND
================================================================================
1 2 3 4 5 6A 6B 7 8 9 10 11 12 13 14 15 16 17 18
12Z AVG MX 2MIN
DY MAX MIN AVG DEP HDD CDD WTR SNW DPTH SPD SPD DIR MIN PSBL S-S WX SPD DR
================================================================================
1 81 55 68 10 0 3 0.00 M M 8.2 16 20 M M 0 16 40
2 79 52 66 8 0 1 0.00 M M 8.4 16 360 M M 2 18 30
3 82 58 70 11 0 5 0.00 M M 8.2 17 230 M M 1 3 30 230
4 80 51 66 7 0 1 T M M 8.3 18 320 M M 4 30 360
5 87 45 66 7 0 1 0.00 M M 4.9 13 140 M M 0 17 90
6 76 55 66 7 0 1 0.14 M M 9.8 22 240 M M 3 3 36 230
7 67 46 57 -3 8 0 T M M 10.3 22 230 M M 4 33 260
8 59 43 51 -9 14 0 0.00 M M 11.4 20 270 M M 2 32 270
9 62 40 51 -9 14 0 0.00 M M 9.4 18 250 M M 4 31 250
10 73 48 61 1 4 0 0.00 M M 8.1 16 280 M M 4 8 23 280
11 81 46 64 3 1 0 0.00 M M 6.2 13 240 M M 1 24 270
12 91 51 71 10 0 6 0.00 M M 5.8 12 170 M M 0 16 240
13 91 58 75 14 0 10 0.00 M M 11.2 29 190 M M 0 37 190
14 72 56 64 2 1 0 0.00 M M 10.6 24 280 M M 1 36 250
15 79 49 64 2 1 0 0.00 M M 5.4 12 250 M M 0 23 220
16 64 47 56 -6 9 0 0.05 M M 7.0 17 10 M M 2 30 20
17 55 43 49 -14 16 0 0.33 M M 6.9 20 20 M M 7 1 27 20
18 64 44 54 -9 11 0 0.00 M M 6.5 18 10 M M 6 21 20
19 73 44 59 -4 6 0 0.00 M M 5.7 14 210 M M 2 M M
20 75 57 66 2 0 1 0.00 M M 6.3 14 280 M M 6 23 260
21 71 54 63 -1 2 0 0.04 M M 4.9 10 260 M M 4 3 M M
22 74 49 62 -2 3 0 0.00 M M 6.4 12 20 M M 1 M M
23 84 55 70 5 0 5 0.00 M M 5.1 9 20 M M 0 M M
24 90 59 75 10 0 10 0.22 M M 4.8 10 120 M M 1 3 M M
25 68 54 61 -4 4 0 0.03 M M 5.1 13 230 M M 3 M M
26 84 51 68 2 0 3 0.00 M M 8.9 15 160 M M 0 20 99
27 89 68 79 13 0 14 0.00 M M 8.8 16 200 M M 1 20 190
28 73 51 62 -4 3 0 0.50 M M 6.5 15 30 M M 7 13 16 250
29 60 49 55 -11 10 0 0.61 M M 4.7 9 10 M M 10 13 M M
30 66 48 57 -10 8 0 0.01 M M 9.3 22 250 M M 4 36 250
================================================================================
SM 2250 1526 115 61 1.93 M 223.1 M 80
================================================================================
AV 75.0 50.9 7.4 FASTST M M 3 MAX(MPH)
MISC ----> # 29 190 # 37 190
================================================================================
NOTES:
# LAST OF SEVERAL OCCURRENCES
COLUMN 17 PEAK WIND IN M.P.H.
PRELIMINARY LOCAL CLIMATOLOGICAL DATA (WS FORM: F-6) , PAGE 2
STATION: CODY WY
MONTH: JUNE
YEAR: 2020
LATITUDE: 44 31 N
LONGITUDE: 109 1 W
[TEMPERATURE DATA] [PRECIPITATION DATA] SYMBOLS USED IN COLUMN 16
AVERAGE MONTHLY: 62.9 TOTAL FOR MONTH: 1.93 1 = FOG OR MIST
DPTR FM NORMAL: 0.7 DPTR FM NORMAL: M 2 = FOG REDUCING VISIBILITY
HIGHEST: 91 ON 13,12 GRTST 24HR 0.61 ON 29-29 TO 1/4 MILE OR LESS
LOWEST: 40 ON 9 3 = THUNDER
SNOW, ICE PELLETS, HAIL 4 = ICE PELLETS
TOTAL MONTH: M 5 = HAIL
GRTST 24HR M ON M 6 = FREEZING RAIN OR DRIZZLE
GRTST DEPTH: M ON M 7 = DUSTSTORM OR SANDSTORM:
VSBY 1/2 MILE OR LESS
8 = SMOKE OR HAZE
[NO. OF DAYS WITH] [WEATHER - DAYS WITH] 9 = BLOWING SNOW
X = TORNADO
MAX 32 OR BELOW: 0 0.01 INCH OR MORE: 9
MAX 90 OR ABOVE: 3 0.10 INCH OR MORE: 5
MIN 32 OR BELOW: 0 0.50 INCH OR MORE: 2
MIN 0 OR BELOW: 0 1.00 INCH OR MORE: 0
[HDD (BASE 65) ]
TOTAL THIS MO. 115 CLEAR (SCALE 0-3) 18
DPTR FM NORMAL M PTCLDY (SCALE 4-7) 11
TOTAL FM JUL 1 7518 CLOUDY (SCALE 8-10) 1
DPTR FM NORMAL M
[CDD (BASE 65) ]
TOTAL THIS MO. 61
DPTR FM NORMAL 61 [PRESSURE DATA]
TOTAL FM JAN 1 75 HIGHEST SLP M ON M
DPTR FM NORMAL 75 LOWEST SLP M ON M
[REMARKS]
#FINAL-06-20#