000
CXUS51 KGYX 011031
CF6CON
PRELIMINARY LOCAL CLIMATOLOGICAL DATA (WS FORM: F-6)
STATION: CONCORD NH
MONTH: SEPTEMBER
YEAR: 2023
LATITUDE: 43 12 N
LONGITUDE: 71 30 W
TEMPERATURE IN F: :PCPN: SNOW: WIND :SUNSHINE: SKY :PK WND
================================================================================
1 2 3 4 5 6A 6B 7 8 9 10 11 12 13 14 15 16 17 18
12Z AVG MX 2MIN
DY MAX MIN AVG DEP HDD CDD WTR SNW DPTH SPD SPD DIR MIN PSBL S-S WX SPD DR
================================================================================
1 77 43 60 -6 5 0 0.00 0.0 0 1.9 8 220 M M 0 1 13 320
2 82 47 65 -1 0 0 0.00 0.0 0 3.7 13 210 M M 2 12 18 250
3 86 58 72 6 0 7 0.00 0.0 0 1.9 10 310 M M 1 15 310
4 89 59 74 8 0 9 0.00 0.0 0 1.6 7 10 M M 1 1 13 330
5 92 64 78 13 0 13 0.00 0.0 0 2.4 10 10 M M 1 1 17 360
6 92 65 79 14 0 14 0.00 0.0 0 2.7 13 310 M M 0 1 17 310
7 93 66 80 15 0 15 0.00 0.0 0 2.7 16 310 M M 0 1 21 300
8 88 66 77 13 0 12 0.39 0.0 0 3.8 21 160 M M 2 13 31 170
9 86 64 75 11 0 10 T 0.0 0 2.5 9 160 M M 5 123 14 280
10 71 65 68 4 0 3 0.95 0.0 0 2.4 10 70 M M 10 1 14 60
11 76 66 71 8 0 6 0.59 0.0 0 1.9 7 180 M M 10 1 9 190
12 81 66 74 11 0 9 0.06 0.0 0 1.7 7 100 M M 8 1 11 100
13 73 61 67 5 0 2 0.16 0.0 0 2.8 15 170 M M 9 12 21 160
14 76 55 66 4 0 1 0.00 0.0 0 6.0 14 310 M M 3 12 20 310
15 69 47 58 -4 7 0 0.00 0.0 0 5.5 14 330 M M 0 8 21 40
16 71 58 65 4 0 0 0.01 0.0 0 12.1 29 310 M M 2 43 300
17 79 49 64 3 1 0 0.00 0.0 0 5.2 13 270 M M 0 19 300
18 63 59 61 1 4 0 1.62 0.0 0 3.0 10 350 M M 10 1 15 350
19 73 58 66 6 0 1 0.03 0.0 0 8.9 20 260 M M 6 1 30 290
20 74 48 61 1 4 0 0.00 0.0 0 5.4 15 310 M M 1 23 290
21 74 43 59 0 6 0 0.00 0.0 0 2.6 9 260 M M 0 1 14 250
22 72 42 57 -2 8 0 0.00 0.0 0 1.9 10 150 M M 2 17 140
23 60 42 51 -7 14 0 0.02 0.0 0 1.7 8 110 M M 5 12 12 120
24 66 53 60 2 5 0 0.00 0.0 0 2.7 10 40 M M 10 16 50
25 67 49 58 0 7 0 0.00 0.0 0 4.3 15 90 M M 5 23 100
26 68 41 55 -2 10 0 0.00 0.0 0 4.4 13 60 M M 2 23 30
27 70 37 54 -3 11 0 0.00 0.0 0 1.7 8 100 M M 1 12 13 140
28 70 42 56 0 9 0 0.00 0.0 0 1.4 9 170 M M 4 12 32 230
29 54 42 48 -8 17 0 0.45 0.0 0 1.6 7 320 M M 9 12 9 320
30 69 50 60 4 5 0 T 0.0 0 2.3 10 330 M M 6 12 14 340
================================================================================
SM 2261 1605 113 102 4.28 0.0 102.7 M 115
================================================================================
AV 75.4 53.5 3.4 FASTST M M 4 MAX(MPH)
MISC ----> 29 310 43 300
================================================================================
NOTES:
# LAST OF SEVERAL OCCURRENCES
COLUMN 17 PEAK WIND IN M.P.H.
PRELIMINARY LOCAL CLIMATOLOGICAL DATA (WS FORM: F-6) , PAGE 2
STATION: CONCORD NH
MONTH: SEPTEMBER
YEAR: 2023
LATITUDE: 43 12 N
LONGITUDE: 71 30 W
[TEMPERATURE DATA] [PRECIPITATION DATA] SYMBOLS USED IN COLUMN 16
AVERAGE MONTHLY: 64.4 TOTAL FOR MONTH: 4.28 1 = FOG OR MIST
DPTR FM NORMAL: 3.0 DPTR FM NORMAL: 0.65 2 = FOG REDUCING VISIBILITY
HIGHEST: 93 ON 7 GRTST 24HR 1.65 ON 18-19 TO 1/4 MILE OR LESS
LOWEST: 37 ON 27 3 = THUNDER
SNOW, ICE PELLETS, HAIL 4 = ICE PELLETS
TOTAL MONTH: 0.0 INCH 5 = HAIL
GRTST 24HR 0.0 6 = FREEZING RAIN OR DRIZZLE
GRTST DEPTH: 0 7 = DUSTSTORM OR SANDSTORM:
VSBY 1/2 MILE OR LESS
8 = SMOKE OR HAZE
[NO. OF DAYS WITH] [WEATHER - DAYS WITH] 9 = BLOWING SNOW
X = TORNADO
MAX 32 OR BELOW: 0 0.01 INCH OR MORE: 10
MAX 90 OR ABOVE: 3 0.10 INCH OR MORE: 6
MIN 32 OR BELOW: 0 0.50 INCH OR MORE: 3
MIN 0 OR BELOW: 0 1.00 INCH OR MORE: 1
[HDD (BASE 65) ]
TOTAL THIS MO. 113 CLEAR (SCALE 0-3) 16
DPTR FM NORMAL -47 PTCLDY (SCALE 4-7) 8
TOTAL FM JUL 1 131 CLOUDY (SCALE 8-10) 6
DPTR FM NORMAL -60
[CDD (BASE 65) ]
TOTAL THIS MO. 102
DPTR FM NORMAL 52 [PRESSURE DATA]
TOTAL FM JAN 1 570 HIGHEST SLP 30.47 ON 26
DPTR FM NORMAL 45 LOWEST SLP 29.60 ON 19
[REMARKS]
#FINAL-09-23#