000
CXUS55 KPUB 011719 RRA
CF6COS
PRELIMINARY LOCAL CLIMATOLOGICAL DATA (WS FORM: F-6)
STATION: COLORADO SPRINGS CO
MONTH: JUNE
YEAR: 2020
LATITUDE: 38 49 N
LONGITUDE: 104 43 W
TEMPERATURE IN F: :PCPN: SNOW: WIND :SUNSHINE: SKY :PK WND
================================================================================
1 2 3 4 5 6A 6B 7 8 9 10 11 12 13 14 15 16 17 18
12Z AVG MX 2MIN
DY MAX MIN AVG DEP HDD CDD WTR SNW DPTH SPD SPD DIR MIN PSBL S-S WX SPD DR
================================================================================
1 88 56 72 11 0 7 0.01 0.0 0 9.2 28 280 M M 7 3 39 290
2 85 60 73 12 0 8 0.05 0.0 0 7.8 20 40 M M 7 3 24 40
3 84 54 69 8 0 4 T 0.0 0 7.5 29 10 M M 5 3 36 10
4 89 56 73 11 0 8 T 0.0 0 9.6 23 30 M M 5 3 29 60
5 94 54 74 12 0 9 0.06 0.0 0 10.3 31 100 M M 4 3 47 120
6 81 58 70 8 0 5 0.03 0.0 0 13.0 51 250 M M 7 3 62 250
7 88 54 71 9 0 6 0.00 0.0 0 16.4 38 210 M M 1 53 220
8 83 49 66 3 0 1 0.00 0.0 0 15.1 45 360 M M 2 58 350
9 67 39 53 -10 12 0 0.09 T 0 19.2 35 330 M M 6 14 55 340
10 74 45 60 -3 5 0 0.00 0.0 0 8.4 17 110 M M 2 26 130
11 84 44 64 0 1 0 0.00 0.0 0 7.1 21 110 M M 2 27 120
12 89 51 70 6 0 5 0.00 0.0 0 10.2 25 150 M M 2 33 150
13 91 53 72 8 0 7 T 0.0 0 8.2 26 180 M M 4 3 42 150
14 91 59 75 10 0 10 0.00 0.0 0 13.7 29 240 M M 6 39 230
15 93 57 75 10 0 10 0.00 0.0 0 10.8 28 160 M M 4 37 140
16 93 56 75 10 0 10 0.00 0.0 0 13.5 35 160 M M 4 46 230
17 93 54 74 8 0 9 0.00 0.0 0 15.1 31 340 M M 4 8 42 340
18 74 53 64 -2 1 0 0.06 0.0 0 13.9 29 330 M M 6 1 40 330
19 64 46 55 -11 10 0 0.40 T 0 5.5 33 290 M M 7 35 46 290
20 84 47 66 -1 0 1 0.00 0.0 0 6.0 18 150 M M 4 25 140
21 88 54 71 4 0 6 T 0.0 0 10.3 26 340 M M 6 3 42 220
22 82 54 68 1 0 3 T 0.0 0 9.1 35 260 M M 7 3 46 260
23 81 52 67 -1 0 2 0.01 0.0 0 8.4 29 310 M M 6 3 40 300
24 89 54 72 4 0 7 0.04 0.0 0 7.4 28 230 M M 6 3 40 220
25 95 56 76 8 0 11 T 0.0 0 8.3 31 290 M M 6 46 290
26 86 58 72 4 0 7 0.03 0.0 0 14.6 37 40 M M 6 3 47 340
27 86 56 71 2 0 6 T 0.0 0 8.3 22 250 M M 6 3 31 170
28 93 58 76 7 0 11 T 0.0 0 6.9 30 210 M M 6 50 210
29 94 59 77 8 0 12 0.00 0.0 0 10.0 29 240 M M 6 8 36 210
30 85 60 73 4 0 8 0.00 0.0 0 11.9 28 240 M M 3 36 250
================================================================================
SM 2568 1606 29 173 0.78 T 315.7 M 147
================================================================================
AV 85.6 53.5 10.5 FASTST M M 5 MAX(MPH)
MISC ----> 51 250 62 250
================================================================================
NOTES:
# LAST OF SEVERAL OCCURRENCES
COLUMN 17 PEAK WIND IN M.P.H.
PRELIMINARY LOCAL CLIMATOLOGICAL DATA (WS FORM: F-6) , PAGE 2
STATION: COLORADO SPRINGS CO
MONTH: JUNE
YEAR: 2020
LATITUDE: 38 49 N
LONGITUDE: 104 43 W
[TEMPERATURE DATA] [PRECIPITATION DATA] SYMBOLS USED IN COLUMN 16
AVERAGE MONTHLY: 69.6 TOTAL FOR MONTH: 0.78 1 = FOG OR MIST
DPTR FM NORMAL: 4.5 DPTR FM NORMAL: -1.72 2 = FOG REDUCING VISIBILITY
HIGHEST: 95 ON 25 GRTST 24HR 0.46 ON 18-19 TO 1/4 MILE OR LESS
LOWEST: 39 ON 9 3 = THUNDER
SNOW, ICE PELLETS, HAIL 4 = ICE PELLETS
TOTAL MONTH: T 5 = HAIL
GRTST 24HR T ON 9,19 6 = FREEZING RAIN OR DRIZZLE
GRTST DEPTH: 0 7 = DUSTSTORM OR SANDSTORM:
VSBY 1/2 MILE OR LESS
8 = SMOKE OR HAZE
[NO. OF DAYS WITH] [WEATHER - DAYS WITH] 9 = BLOWING SNOW
X = TORNADO
MAX 32 OR BELOW: 0 0.01 INCH OR MORE: 10
MAX 90 OR ABOVE: 9 0.10 INCH OR MORE: 1
MIN 32 OR BELOW: 0 0.50 INCH OR MORE: 0
MIN 0 OR BELOW: 0 1.00 INCH OR MORE: 0
[HDD (BASE 65) ]
TOTAL THIS MO. 29 CLEAR (SCALE 0-3) 6
DPTR FM NORMAL -50 PTCLDY (SCALE 4-7) 24
TOTAL FM JUL 1 5837 CLOUDY (SCALE 8-10) 0
DPTR FM NORMAL -454
[CDD (BASE 65) ]
TOTAL THIS MO. 173
DPTR FM NORMAL 90 [PRESSURE DATA]
TOTAL FM JAN 1 204 HIGHEST SLP 30.26 ON 12
DPTR FM NORMAL 111 LOWEST SLP 29.39 ON 29
[REMARKS]
#FINAL-06-20#