000
CXUS54 KCRP 011652
CF6COT
PRELIMINARY LOCAL CLIMATOLOGICAL DATA (WS FORM: F-6)
STATION: COTULLA
MONTH: SEPTEMBER
YEAR: 2021
LATITUDE: 28 27 N
LONGITUDE: 99 13 W
TEMPERATURE IN F: :PCPN: SNOW: WIND :SUNSHINE: SKY :PK WND
================================================================================
1 2 3 4 5 6A 6B 7 8 9 10 11 12 13 14 15 16 17 18
12Z AVG MX 2MIN
DY MAX MIN AVG DEP HDD CDD WTR SNW DPTH SPD SPD DIR MIN PSBL S-S WX SPD DR
================================================================================
1 105 79 92 6 0 27 0.00 0.0 0 10.8 23 130 M M 2 18 27 130
2 104 79 92 7 0 27 0.00 0.0 0 11.1 23 130 M M 1 18 32 110
3 103 79 91 6 0 26 0.00 0.0 0 10.9 23 130 M M 2 29 130
4 102 78 90 5 0 25 0.00 0.0 0 10.0 18 140 M M 0 1 24 160
5 102 74 88 3 0 23 0.00 0.0 0 6.8 12 150 M M 0 M M
6 106 75 91 7 0 26 0.00 0.0 0 6.4 24 30 M M 0 3 32 40
7 103 79 91 7 0 26 0.00 0.0 0 7.1 15 160 M M 0 20 150
8 103 74 89 5 0 24 0.00 0.0 0 4.9 14 60 M M 1 20 40
9 102 72 87 3 0 22 0.00 0.0 0 6.0 15 50 M M 0 23 70
10 101 72 87 3 0 22 0.00 0.0 0 6.3 16 130 M M 1 20 120
11 98 72 85 2 0 20 0.00 0.0 0 6.8 15 120 M M 0 20 110
12 96 75 86 3 0 21 T 0.0 0 7.3 29 140 M M 3 3 38 150
13 92 76 84 1 0 19 0.06 0.0 0 7.8 24 100 M M 6 1 30 110
14 100 69 85 2 0 20 0.00 0.0 0 5.2 15 10 M M 0 20 20
15 97 74 86 4 0 21 T 0.0 0 8.1 17 70 M M 1 23 60
16 99 70 85 3 0 20 T 0.0 0 4.5 10 120 M M 1 14 40
17 104 74 89 7 0 24 0.00 0.0 0 6.4 15 150 M M 1 24 130
18 104 78 91 9 0 26 T 0.0 0 6.6 23 20 M M 1 34 20
19 105 75 90 8 0 25 0.00 0.0 0 6.3 18 140 M M 0 24 170
20 107 75 91 10 0 26 0.00 0.0 0 7.8 17 130 M M 0 23 110
21 105 78 92 11 0 27 0.00 0.0 M 8.9 20 70 M M 1 138 27 20
22 M M M M M M 0.00 0.0 0 9.7 21 40 M M 3 27 40
23 94 59 77 -4 0 12 0.00 0.0 0 5.7 15 130 M M 0 21 130
24 94 59 77 -3 0 12 0.00 0.0 0 6.7 14 140 M M 0 20 160
25 94 64 79 -1 0 14 0.00 0.0 0 7.1 15 120 M M 0 20 70
26 95 62 79 -1 0 14 0.00 0.0 0 6.4 16 150 M M 0 23 150
27 99 70 85 5 0 20 0.00 0.0 0 8.2 20 140 M M 1 27 160
28 M 77 M M M M 0.05 0.0 0 6.7 18 140 M M 1 3 23 140
29 95 70 83 3 0 18 0.05 0.0 0 10.4 20 80 M M 4 1 26 80
30 101 76 89 10 0 24 0.02 0.0 0 9.0 28 120 M M 6 18 34 100
================================================================================
SM 2810 2114 0 611 0.18 0.0 225.9 M 36
================================================================================
AV100.4 72.9 7.5 FASTST M M 1 MAX(MPH)
MISC ----> 29 140 38 150
================================================================================
NOTES:
# LAST OF SEVERAL OCCURRENCES
COLUMN 17 PEAK WIND IN M.P.H.
PRELIMINARY LOCAL CLIMATOLOGICAL DATA (WS FORM: F-6) , PAGE 2
STATION: COTULLA
MONTH: SEPTEMBER
YEAR: 2021
LATITUDE: 28 27 N
LONGITUDE: 99 13 W
[TEMPERATURE DATA] [PRECIPITATION DATA] SYMBOLS USED IN COLUMN 16
AVERAGE MONTHLY: 86.6 TOTAL FOR MONTH: 0.18 1 = FOG OR MIST
DPTR FM NORMAL: 4.2 DPTR FM NORMAL: -2.80 2 = FOG REDUCING VISIBILITY
HIGHEST: 107 ON 20 GRTST 24HR 0.10 ON 28-29 TO 1/4 MILE OR LESS
LOWEST: 59 ON 24,23 3 = THUNDER
SNOW, ICE PELLETS, HAIL 4 = ICE PELLETS
TOTAL MONTH: 0.0 INCH 5 = HAIL
GRTST 24HR 0.0 6 = FREEZING RAIN OR DRIZZLE
GRTST DEPTH: 0 7 = DUSTSTORM OR SANDSTORM:
VSBY 1/2 MILE OR LESS
8 = SMOKE OR HAZE
[NO. OF DAYS WITH] [WEATHER - DAYS WITH] 9 = BLOWING SNOW
X = TORNADO
MAX 32 OR BELOW: 0 0.01 INCH OR MORE: 4
MAX 90 OR ABOVE: 28 0.10 INCH OR MORE: 0
MIN 32 OR BELOW: 0 0.50 INCH OR MORE: 0
MIN 0 OR BELOW: 0 1.00 INCH OR MORE: 0
[HDD (BASE 65) ]
TOTAL THIS MO. 0 CLEAR (SCALE 0-3) 27
DPTR FM NORMAL 0 PTCLDY (SCALE 4-7) 3
TOTAL FM JUL 1 0 CLOUDY (SCALE 8-10) 0
DPTR FM NORMAL 0
[CDD (BASE 65) ]
TOTAL THIS MO. 611
DPTR FM NORMAL 90 [PRESSURE DATA]
TOTAL FM JAN 1 3689 HIGHEST SLP 30.31 ON 22
DPTR FM NORMAL 180 LOWEST SLP 29.67 ON 28
[REMARKS]
#FINAL-09-21#