000
CXUS53 KLSX 011833
CLSCOU
CLIMATE REPORT
NATIONAL WEATHER SERVICE ST LOUIS MO
133 PM CDT FRI SEP 01 2023
...................................
...THE COLUMBIA ASOS CLIMATE SUMMARY FOR THE SEASON, FROM
6/1/2023 TO 8/31/2023...
CLIMATE NORMAL PERIOD 1991 TO 2020
CLIMATE RECORD PERIOD 1890 TO 2023
WEATHER OBSERVED NORMAL DEPART LAST YEAR`S
VALUE DATE(S) VALUE FROM VALUE
NORMAL
..............................................................
TEMPERATURE (F)
RECORD
HIGH 113 07/14/1954
07/12/1954
LOW 40 06/05/1993
08/31/1915
HIGHEST 102 06/30
LOWEST 52 06/12
AVG. MAXIMUM 88.1 86.9 1.2
AVG. MINIMUM 66.9 66.6 0.3
MEAN 77.5 76.8 0.7
DAYS MAX >= 90 41
DAYS MAX <= 32 0
DAYS MAX >= 100 3
DAYS MIN <= 32 0
DAYS MIN <= 0 0
PRECIPITATION (INCHES)
RECORD
MAXIMUM 25.81 1993
MINIMUM 2.24 1976
TOTALS 15.94 12.50 3.44
DAYS >= .01 28
DAYS >= .10 17
DAYS >= .50 11
DAYS >= 1.00 5
GREATEST
24 HR. TOTAL 4.74 08/02 TO 08/03
DEGREE DAYS
HEATING TOTAL 2 8 -6
SINCE 7/1 0 0 0
COOLING TOTAL 1179 1092 87
SINCE 1/1 1356 1238 118
..............................................................
WIND (MPH)
HIGHEST WIND SPEED/DIRECTION 55/330 DATE 08/03
HIGHEST GUST SPEED/DIRECTION 79/330 DATE 08/03
WEATHER CONDITIONS. NUMBER OF DAYS WITH
THUNDERSTORM 27 HAIL 0
FOG W/VIS <= 1/4 MILE 2
- INDICATES NEGATIVE NUMBERS.
R INDICATES RECORD WAS SET OR TIED.
MM INDICATES DATA IS MISSING.
T INDICATES TRACE AMOUNT.
...SEASONAL...
NO RECORDS OF NOTE.
...MONTHLY...
2ND WETTEST AUGUST ON RECORD (9.56 INCHES. RECORD IS 10.19 IN 2005).
...DAILY...
RECORD HIGH MINIMUM TEMPERATURE OF 78 DEGREES SET ON 08/24. PREVIOUS
77 IN 1910.
3 RECORD PRECIPITATION VALUES SET OR TIED (08/13, 08/03, AND 06/18).
$$