000
CXUS55 KRIW 011010
CF6CPR
PRELIMINARY LOCAL CLIMATOLOGICAL DATA (WS FORM: F-6)
STATION: CASPER WY
MONTH: MAY
YEAR: 2023
LATITUDE: 42 55 N
LONGITUDE: 106 28 W
TEMPERATURE IN F: :PCPN: SNOW: WIND :SUNSHINE: SKY :PK WND
================================================================================
1 2 3 4 5 6A 6B 7 8 9 10 11 12 13 14 15 16 17 18
12Z AVG MX 2MIN
DY MAX MIN AVG DEP HDD CDD WTR SNW DPTH SPD SPD DIR MIN PSBL S-S WX SPD DR
================================================================================
1 72 26 49 3 16 0 0.00 0.0 0 8.9 20 90 M M 0 29 80
2 76 31 54 8 11 0 0.00 0.0 0 8.8 22 190 M M 0 29 80
3 78 42 60 13 5 0 0.00 0.0 0 9.4 22 80 M M 0 30 90
4 65 30 48 1 17 0 0.12 0.0 0 6.7 26 180 M M 3 3 36 180
5 71 35 53 5 12 0 0.00 0.0 0 10.5 29 220 M M 1 40 220
6 62 35 49 1 16 0 0.00 0.0 0 17.1 37 230 M M 2 51 230
7 63 39 51 3 14 0 T 0.0 0 18.3 32 240 M M 1 47 220
8 68 35 52 3 13 0 0.05 0.0 0 10.9 25 260 M M 2 1 32 250
9 71 37 54 5 11 0 0.03 0.0 0 9.1 29 170 M M 1 1 39 180
10 72 31 52 2 13 0 0.01 0.0 0 13.0 30 360 M M 3 3 40 10
11 51 46 49 -1 16 0 0.26 0.0 0 16.1 25 340 M M 10 1 31 340
12 53 45 49 -1 16 0 0.17 0.0 0 12.6 23 10 M M 10 1 30 10
13 52 44 48 -3 17 0 0.19 0.0 0 12.7 24 360 M M 10 1 32 360
14 56 44 50 -1 15 0 0.10 0.0 0 13.1 24 80 M M 10 1 32 80
15 70 45 58 6 7 0 0.00 0.0 0 5.7 15 80 M M 4 18 90
16 75 45 60 8 5 0 0.00 0.0 0 9.6 21 10 M M 1 28 10
17 71 41 56 4 9 0 0.18 0.0 0 8.3 29 360 M M 3 13 36 360
18 61 40 51 -2 14 0 0.22 0.0 0 6.6 15 30 M M 8 18 20 10
19 68 34 51 -2 14 0 0.00 0.0 0 4.4 13 90 M M 0 18 17 90
20 77 37 57 3 8 0 0.00 0.0 0 5.8 16 220 M M 0 18 20 220
21 77 40 59 5 6 0 0.00 0.0 0 5.6 12 100 M M 1 15 90
22 81 44 63 9 2 0 0.00 0.0 0 5.8 16 210 M M 0 1 21 200
23 80 48 64 9 1 0 T 0.0 0 8.2 23 130 M M 2 3 33 150
24 77 44 61 6 4 0 0.53 0.0 0 7.8 23 190 M M 3 13 29 200
25 77 48 63 7 2 0 0.04 0.0 0 7.3 28 280 M M 2 3 38 280
26 74 45 60 4 5 0 0.12 0.0 0 8.3 26 70 M M 2 3 35 70
27 72 45 59 3 6 0 0.01 0.0 0 7.7 30 310 M M 2 3 42 290
28 74 45 60 4 5 0 0.00 0.0 0 9.2 21 240 M M 2 28 230
29 75 44 60 3 5 0 0.00 0.0 0 10.2 21 260 M M 1 3 27 250
30 79 41 60 3 5 0 T 0.0 0 9.3 25 270 M M 1 40 250
31 81 38 60 2 5 0 0.00 0.0 0 7.3 18 160 M M 1 26 150
================================================================================
SM 2179 1244 295 0 2.03 0.0 294.3 M 86
================================================================================
AV 70.3 40.1 9.5 FASTST M M 3 MAX(MPH)
MISC ----> 37 230 51 230
================================================================================
NOTES:
# LAST OF SEVERAL OCCURRENCES
COLUMN 17 PEAK WIND IN M.P.H.
PRELIMINARY LOCAL CLIMATOLOGICAL DATA (WS FORM: F-6) , PAGE 2
STATION: CASPER WY
MONTH: MAY
YEAR: 2023
LATITUDE: 42 55 N
LONGITUDE: 106 28 W
[TEMPERATURE DATA] [PRECIPITATION DATA] SYMBOLS USED IN COLUMN 16
AVERAGE MONTHLY: 55.2 TOTAL FOR MONTH: 2.03 1 = FOG OR MIST
DPTR FM NORMAL: 3.2 DPTR FM NORMAL: -0.18 2 = FOG REDUCING VISIBILITY
HIGHEST: 81 ON 31,22 GRTST 24HR 0.53 ON 23-24 TO 1/4 MILE OR LESS
LOWEST: 26 ON 1 3 = THUNDER
SNOW, ICE PELLETS, HAIL 4 = ICE PELLETS
TOTAL MONTH: 0.0 INCH 5 = HAIL
GRTST 24HR 0.0 6 = FREEZING RAIN OR DRIZZLE
GRTST DEPTH: 0 7 = DUSTSTORM OR SANDSTORM:
VSBY 1/2 MILE OR LESS
8 = SMOKE OR HAZE
[NO. OF DAYS WITH] [WEATHER - DAYS WITH] 9 = BLOWING SNOW
X = TORNADO
MAX 32 OR BELOW: 0 0.01 INCH OR MORE: 14
MAX 90 OR ABOVE: 0 0.10 INCH OR MORE: 9
MIN 32 OR BELOW: 4 0.50 INCH OR MORE: 1
MIN 0 OR BELOW: 0 1.00 INCH OR MORE: 0
[HDD (BASE 65) ]
TOTAL THIS MO. 295 CLEAR (SCALE 0-3) 25
DPTR FM NORMAL -114 PTCLDY (SCALE 4-7) 1
TOTAL FM JUL 1 7938 CLOUDY (SCALE 8-10) 5
DPTR FM NORMAL 577
[CDD (BASE 65) ]
TOTAL THIS MO. 0
DPTR FM NORMAL -4 [PRESSURE DATA]
TOTAL FM JAN 1 0 HIGHEST SLP 30.49 ON 14
DPTR FM NORMAL -4 LOWEST SLP 29.62 ON 31
[REMARKS]
#FINAL-05-23#