000
CXUS54 KFWD 010830
CF6CPT
PRELIMINARY LOCAL CLIMATOLOGICAL DATA (WS FORM: F-6)
STATION: CLEBURNE
MONTH: FEBRUARY
YEAR: 2022
LATITUDE: 32 20 N
LONGITUDE: 97 24 W
TEMPERATURE IN F: :PCPN: SNOW: WIND :SUNSHINE: SKY :PK WND
================================================================================
1 2 3 4 5 6A 6B 7 8 9 10 11 12 13 14 15 16 17 18
12Z AVG MX 2MIN
DY MAX MIN AVG DEP HDD CDD WTR SNW DPTH SPD SPD DIR MIN PSBL S-S WX SPD DR
================================================================================
1 68 50 59 13 6 0 0.00 M M 9.3 15 200 M M 6 1 24 200
2 54 32 43 -4 22 0 0.02 M M 13.7 23 360 M M 9 1 29 360
3 30 18 24 -23 41 0 0.00 M M M M M M M 10 1 M M
4 34 16 25 -22 40 0 0.00 M M 12.2 17 330 M M 5 23 330
5 48 19 34 -13 31 0 0.00 M M 6.0 10 150 M M 0 16 150
6 57 28 43 -4 22 0 0.00 M M 7.1 13 170 M M 0 18 230
7 57 30 44 -3 21 0 0.00 M M 9.1 16 350 M M 0 24 350
8 66 32 49 1 16 0 0.00 M M 8.2 16 220 M M 0 21 220
9 68 34 51 3 14 0 0.00 M M 5.1 12 50 M M 0 13 99
10 72 37 55 7 10 0 0.00 M M 4.2 13 360 M M 0 12 230
11 77 39 58 10 7 0 0.00 M M 8.9 17 30 M M 1 24 30
12 57 32 45 -3 20 0 0.00 M M 18.4 30 20 M M 4 40 20
13 64 27 46 -2 19 0 0.00 M M 5.3 14 300 M M 0 20 300
14 72 34 53 5 12 0 0.00 M M 9.5 18 170 M M 0 24 190
15 70 41 56 7 9 0 0.00 M M 16.1 25 170 M M 0 36 180
16 68 61 65 16 0 0 0.00 M M 17.4 24 170 M M 8 8 36 170
17 66 30 48 -1 17 0 0.06 M M 17.7 28 320 M M 9 37 160
18 54 23 39 -10 26 0 0.00 M M 6.6 15 360 M M 0 23 360
19 64 32 48 -2 17 0 0.00 M M 4.2 12 140 M M 0 16 140
20 66 39 53 3 12 0 0.00 M M 11.7 18 170 M M 0 24 200
21 82 54 68 18 0 3 0.00 M M 15.0 26 170 M M 3 1 38 170
22 72 34 53 3 12 0 0.00 M M 15.0 23 340 M M 4 30 290
23 34 23 29 -21 36 0 M M M 16.9 24 350 M M 7 18 31 350
24 30 21 26 -24 39 0 0.00 M M 8.1 8 20 M M 10 1 12 20
25 36 21 29 -22 36 0 0.00 M M 12.0 16 20 M M 5 22 10
26 37 34 36 -15 29 0 0.00 M M 9.2 12 330 M M 7 1 14 20
27 57 27 42 -9 23 0 0.00 M M 9.7 16 360 M M 1 1 23 10
28 66 30 48 -4 17 0 0.00 M M 5.1 9 130 M M 0 20 240
================================================================================
SM 1626 898 554 3 0.08 M 281.5 M 89
================================================================================
AV 58.1 32.1 10.4 FASTST M M 3 MAX(MPH)
MISC ----> 30 20 40 20
================================================================================
NOTES:
# LAST OF SEVERAL OCCURRENCES
COLUMN 17 PEAK WIND IN M.P.H.
PRELIMINARY LOCAL CLIMATOLOGICAL DATA (WS FORM: F-6) , PAGE 2
STATION: CLEBURNE
MONTH: FEBRUARY
YEAR: 2022
LATITUDE: 32 20 N
LONGITUDE: 97 24 W
[TEMPERATURE DATA] [PRECIPITATION DATA] SYMBOLS USED IN COLUMN 16
AVERAGE MONTHLY: 45.1 TOTAL FOR MONTH: 0.08 1 = FOG OR MIST
DPTR FM NORMAL: -3.7 DPTR FM NORMAL: -2.51 2 = FOG REDUCING VISIBILITY
HIGHEST: 82 ON 21 GRTST 24HR 0.06 ON 17-17 TO 1/4 MILE OR LESS
LOWEST: 16 ON 4 3 = THUNDER
SNOW, ICE PELLETS, HAIL 4 = ICE PELLETS
TOTAL MONTH: M 5 = HAIL
GRTST 24HR M ON M 6 = FREEZING RAIN OR DRIZZLE
GRTST DEPTH: M ON M 7 = DUSTSTORM OR SANDSTORM:
VSBY 1/2 MILE OR LESS
8 = SMOKE OR HAZE
[NO. OF DAYS WITH] [WEATHER - DAYS WITH] 9 = BLOWING SNOW
X = TORNADO
MAX 32 OR BELOW: 2 0.01 INCH OR MORE: 2
MAX 90 OR ABOVE: 0 0.10 INCH OR MORE: 0
MIN 32 OR BELOW: 17 0.50 INCH OR MORE: 0
MIN 0 OR BELOW: 0 1.00 INCH OR MORE: 0
[HDD (BASE 65) ]
TOTAL THIS MO. 554 CLEAR (SCALE 0-3) 16
DPTR FM NORMAL 97 PTCLDY (SCALE 4-7) 7
TOTAL FM JUL 1 1621 CLOUDY (SCALE 8-10) 5
DPTR FM NORMAL -422
[CDD (BASE 65) ]
TOTAL THIS MO. 3
DPTR FM NORMAL 0 [PRESSURE DATA]
TOTAL FM JAN 1 3 HIGHEST SLP M ON M
DPTR FM NORMAL 2 LOWEST SLP M ON M
[REMARKS]
#FINAL-02-22#