000
CXUS56 KLOX 011155
CF6CQT
PRELIMINARY LOCAL CLIMATOLOGICAL DATA (WS FORM: F-6)
STATION: DOWNTOWN LOS ANGELES (USC) CA
MONTH: JULY
YEAR: 2023
LATITUDE: 34 1 N
LONGITUDE: 118 17 W
TEMPERATURE IN F: :PCPN: SNOW: WIND :SUNSHINE: SKY :PK WND
================================================================================
1 2 3 4 5 6A 6B 7 8 9 10 11 12 13 14 15 16 17 18
12Z AVG MX 2MIN
DY MAX MIN AVG DEP HDD CDD WTR SNW DPTH SPD SPD DIR MIN PSBL S-S WX SPD DR
================================================================================
1 79 63 71 -1 0 6 0.00 M M 1.2 9 260 M M 4 18 14 260
2 80 61 71 -1 0 6 0.00 M M 2.1 8 270 M M 3 18 14 260
3 80 60 70 -2 0 5 0.00 M M 1.3 8 260 M M 5 18 13 270
4 78 60 69 -3 0 4 0.00 M M 1.5 9 260 M M 5 18 14 270
5 79 61 70 -2 0 5 0.00 M M 1.8 9 270 M M 4 18 14 260
6 77 60 69 -4 0 4 0.00 M M 1.3 9 260 M M 3 18 14 270
7 77 61 69 -4 0 4 0.00 M M 1.9 8 270 M M 4 8 14 260
8 78 61 70 -3 0 5 0.00 M M 1.2 8 260 M M 3 14 270
9 78 62 70 -3 0 5 0.00 M M 1.7 9 260 M M 4 15 270
10 83 61 72 -1 0 7 0.00 M M 1.2 8 270 M M 0 8 15 270
11 83 62 73 0 0 8 0.00 M M 1.7 8 270 M M 0 18 12 280
12 88 64 76 3 0 11 0.00 M M 1.3 8 260 M M 0 14 270
13 90 64 77 4 0 12 0.00 M M 2.5 8 260 M M 0 16 270
14 90 64 77 4 0 12 0.00 M M 0.7 8 260 M M 0 12 270
15 87 65 76 2 0 11 0.00 M M 1.0 9 270 M M 0 13 270
16 86 66 76 2 0 11 0.00 M M 0.9 8 280 M M 0 18 13 270
17 91 68 80 6 0 15 0.00 M M 0.9 8 270 M M 0 18 13 280
18 86 67 77 3 0 12 0.00 M M 1.5 9 260 M M 0 1 14 270
19 88 67 78 4 0 13 0.00 M M 1.6 10 270 M M 0 15 260
20 89 67 78 4 0 13 0.00 M M 1.3 10 270 M M 0 8 14 270
21 83 66 75 1 0 10 0.00 M M 1.0 8 250 M M 0 1 12 270
22 83 64 74 0 0 9 0.00 M M 1.1 8 260 M M 1 18 12 260
23 89 67 78 4 0 13 0.00 M M 1.4 10 270 M M 2 18 15 280
24 85 68 77 3 0 12 0.00 M M 1.3 10 260 M M 0 14 270
25 90 68 79 5 0 14 0.00 M M 1.6 8 270 M M 0 8 13 260
26 91 70 81 7 0 16 0.00 M M 1.2 8 260 M M 0 8 14 270
27 92 69 81 7 0 16 0.00 M M 1.9 12 270 M M 0 15 270
28 87 70 79 5 0 14 0.00 M M 1.8 8 270 M M 0 15 260
29 92 70 81 7 0 16 0.00 M M 0.9 9 260 M M 0 8 14 270
30 88 70 79 5 0 14 0.00 M M 1.3 8 260 M M 0 18 12 130
31 91 72 82 8 0 17 0.00 M M 0.8 7 270 M M 0 8 11 260
================================================================================
SM 2638 2018 0 320 0.00 M 42.9 M 38
================================================================================
AV 85.1 65.1 1.4 FASTST M M 1 MAX(MPH)
MISC ----> 12 270 16 270
================================================================================
NOTES:
# LAST OF SEVERAL OCCURRENCES
COLUMN 17 PEAK WIND IN M.P.H.
PRELIMINARY LOCAL CLIMATOLOGICAL DATA (WS FORM: F-6) , PAGE 2
STATION: DOWNTOWN LOS ANGELES (USC) CA
MONTH: JULY
YEAR: 2023
LATITUDE: 34 1 N
LONGITUDE: 118 17 W
[TEMPERATURE DATA] [PRECIPITATION DATA] SYMBOLS USED IN COLUMN 16
AVERAGE MONTHLY: 75.1 TOTAL FOR MONTH: 0.00 1 = FOG OR MIST
DPTR FM NORMAL: 1.8 DPTR FM NORMAL: -0.02 2 = FOG REDUCING VISIBILITY
HIGHEST: 92 ON 29,27 GRTST 24HR 0.00 ON 1- 1 TO 1/4 MILE OR LESS
LOWEST: 60 ON 6, 4 3 = THUNDER
SNOW, ICE PELLETS, HAIL 4 = ICE PELLETS
TOTAL MONTH: M 5 = HAIL
GRTST 24HR M ON M 6 = FREEZING RAIN OR DRIZZLE
GRTST DEPTH: M ON M 7 = DUSTSTORM OR SANDSTORM:
VSBY 1/2 MILE OR LESS
8 = SMOKE OR HAZE
[NO. OF DAYS WITH] [WEATHER - DAYS WITH] 9 = BLOWING SNOW
X = TORNADO
MAX 32 OR BELOW: 0 0.01 INCH OR MORE: 0
MAX 90 OR ABOVE: 8 0.10 INCH OR MORE: 0
MIN 32 OR BELOW: 0 0.50 INCH OR MORE: 0
MIN 0 OR BELOW: 0 1.00 INCH OR MORE: 0
[HDD (BASE 65) ]
TOTAL THIS MO. 0 CLEAR (SCALE 0-3) 24
DPTR FM NORMAL 0 PTCLDY (SCALE 4-7) 7
TOTAL FM JUL 1 0 CLOUDY (SCALE 8-10) 0
DPTR FM NORMAL 0
[CDD (BASE 65) ]
TOTAL THIS MO. 320
DPTR FM NORMAL 61 [PRESSURE DATA]
TOTAL FM JAN 1 425 HIGHEST SLP M ON M
DPTR FM NORMAL -122 LOWEST SLP 29.79 ON 22
[REMARKS]
#FINAL-07-23#