000
CXUS52 KJAX 010800
CF6CRG
PRELIMINARY LOCAL CLIMATOLOGICAL DATA (WS FORM: F-6)
STATION: CRAIG EXEC ARPT
MONTH: SEPTEMBER
YEAR: 2023
LATITUDE: 30 19 N
LONGITUDE: 81 31 W
TEMPERATURE IN F: :PCPN: SNOW: WIND :SUNSHINE: SKY :PK WND
================================================================================
1 2 3 4 5 6A 6B 7 8 9 10 11 12 13 14 15 16 17 18
12Z AVG MX 2MIN
DY MAX MIN AVG DEP HDD CDD WTR SNW DPTH SPD SPD DIR MIN PSBL S-S WX SPD DR
================================================================================
1 88 78 83 2 0 18 T 0.0 0 10.3 20 90 M M 8 29 70
2 88 76 82 2 0 17 T 0.0 0 8.3 17 80 M M 6 25 90
3 87 73 80 0 0 15 0.05 0.0 0 5.2 15 50 M M 4 1 23 20
4 88 69 79 -1 0 14 0.00 0.0 0 3.2 13 90 M M 1 19 110
5 90 66 78 -2 0 13 0.00 0.0 0 2.5 10 80 M M 0 15 60
6 95 71 83 3 0 18 0.00 0.0 0 5.0 12 110 M M 0 1 18 350
7 95 74 85 5 0 20 0.00 0.0 0 5.1 13 140 M M 1 17 150
8 85 70 78 -2 0 13 0.00 0.0 0 6.2 18 340 M M 2 3 25 350
9 91 68 80 0 0 15 0.00 0.0 0 4.9 14 160 M M 0 21 140
10 93 73 83 3 0 18 T 0.0 0 4.9 14 130 M M 2 3 19 140
11 93 74 84 4 0 19 1.57 0.0 0 3.6 28 40 M M 3 13 45 30
12 90 72 81 2 0 16 0.20 0.0 0 4.8 21 350 M M 4 13 28 360
13 91 73 82 3 0 17 0.00 0.0 0 2.4 10 100 M M 2 3 14 80
14 90 74 82 3 0 17 0.03 0.0 0 3.6 14 100 M M 3 13 19 90
15 87 74 81 2 0 16 1.42 0.0 0 6.2 18 60 M M 6 13 28 70
16 87 73 80 1 0 15 0.00 0.0 0 6.6 14 80 M M 3 21 90
17 93 74 84 5 0 19 0.04 0.0 0 5.2 21 330 M M 4 3 31 320
18 88 70 79 0 0 14 0.00 0.0 0 5.3 14 360 M M 0 19 10
19 87 67 77 -1 0 12 0.00 0.0 0 4.0 13 90 M M 1 18 110
20 89 69 79 1 0 14 0.00 0.0 0 6.3 14 80 M M 2 3 20 70
21 87 74 81 3 0 16 0.05 0.0 0 8.3 18 80 M M 3 3 29 70
22 84 71 78 0 0 13 0.43 0.0 0 8.9 18 360 M M 2 13 27 100
23 88 65 77 -1 0 12 0.00 0.0 0 5.8 14 330 M M 0 19 340
24 90 64 77 -1 0 12 0.00 0.0 0 4.7 14 120 M M 1 19 80
25 90 66 78 1 0 13 0.00 0.0 0 4.3 13 170 M M 2 19 160
26 85 74 80 3 0 15 3.97 0.0 0 6.4 30 360 M M 6 13 43 10
27 86 74 80 3 0 15 0.06 0.0 0 8.5 21 50 M M 7 1 35 50
28 77 72 75 -2 0 10 0.04 0.0 0 12.1 20 30 M M 10 1 34 20
29 81 72 77 0 0 12 0.00 0.0 0 9.4 18 40 M M 8 1 25 10
30 84 76 80 4 0 15 0.00 0.0 0 11.5 20 40 M M 8 27 50
================================================================================
SM 2647 2146 0 453 7.86 0.0 183.5 M 99
================================================================================
AV 88.2 71.5 6.1 FASTST M M 3 MAX(MPH)
MISC ----> 30 360 45 30
================================================================================
NOTES:
# LAST OF SEVERAL OCCURRENCES
COLUMN 17 PEAK WIND IN M.P.H.
PRELIMINARY LOCAL CLIMATOLOGICAL DATA (WS FORM: F-6) , PAGE 2
STATION: CRAIG EXEC ARPT
MONTH: SEPTEMBER
YEAR: 2023
LATITUDE: 30 19 N
LONGITUDE: 81 31 W
[TEMPERATURE DATA] [PRECIPITATION DATA] SYMBOLS USED IN COLUMN 16
AVERAGE MONTHLY: 79.9 TOTAL FOR MONTH: 7.86 1 = FOG OR MIST
DPTR FM NORMAL: 1.1 DPTR FM NORMAL: 0.56 2 = FOG REDUCING VISIBILITY
HIGHEST: 95 ON 7, 6 GRTST 24HR 3.97 ON 26-26 TO 1/4 MILE OR LESS
LOWEST: 64 ON 24 3 = THUNDER
SNOW, ICE PELLETS, HAIL 4 = ICE PELLETS
TOTAL MONTH: 0.0 INCH 5 = HAIL
GRTST 24HR 0.0 6 = FREEZING RAIN OR DRIZZLE
GRTST DEPTH: 0 7 = DUSTSTORM OR SANDSTORM:
VSBY 1/2 MILE OR LESS
8 = SMOKE OR HAZE
[NO. OF DAYS WITH] [WEATHER - DAYS WITH] 9 = BLOWING SNOW
X = TORNADO
MAX 32 OR BELOW: 0 0.01 INCH OR MORE: 11
MAX 90 OR ABOVE: 12 0.10 INCH OR MORE: 5
MIN 32 OR BELOW: 0 0.50 INCH OR MORE: 3
MIN 0 OR BELOW: 0 1.00 INCH OR MORE: 3
[HDD (BASE 65) ]
TOTAL THIS MO. 0 CLEAR (SCALE 0-3) 19
DPTR FM NORMAL 0 PTCLDY (SCALE 4-7) 10
TOTAL FM JUL 1 0 CLOUDY (SCALE 8-10) 1
DPTR FM NORMAL 0
[CDD (BASE 65) ]
TOTAL THIS MO. 453
DPTR FM NORMAL 39 [PRESSURE DATA]
TOTAL FM JAN 1 3026 HIGHEST SLP 30.15 ON 2
DPTR FM NORMAL 589 LOWEST SLP 29.80 ON 17
[REMARKS]
#FINAL-09-23#