000
CXUS51 KRLX 011224
CF6CRW
PRELIMINARY LOCAL CLIMATOLOGICAL DATA (WS FORM: F-6)
STATION: CHARLESTON WV
MONTH: NOVEMBER
YEAR: 2021
LATITUDE: 38 22 N
LONGITUDE: 81 36 W
TEMPERATURE IN F: :PCPN: SNOW: WIND :SUNSHINE: SKY :PK WND
================================================================================
1 2 3 4 5 6A 6B 7 8 9 10 11 12 13 14 15 16 17 18
12Z AVG MX 2MIN
DY MAX MIN AVG DEP HDD CDD WTR SNW DPTH SPD SPD DIR MIN PSBL S-S WX SPD DR
================================================================================
1 60 41 51 0 14 0 0.00 0.0 0 3.7 13 270 M M 6 20 270
2 47 39 43 -8 22 0 0.06 0.0 0 2.6 10 320 M M 9 1 14 310
3 50 30 40 -10 25 0 0.00 0.0 0 1.1 10 60 M M 4 128 14 160
4 54 26 40 -10 25 0 0.00 0.0 0 1.5 9 340 M M 3 1 14 340
5 53 26 40 -10 25 0 0.00 0.0 0 1.8 13 70 M M 2 12 18 70
6 60 25 43 -6 22 0 0.00 0.0 0 0.7 7 70 M M 1 9 70
7 60 27 44 -5 21 0 0.00 0.0 0 1.0 8 220 M M 1 10 220
8 68 30 49 0 16 0 0.00 0.0 0 0.5 6 190 M M 0 1 9 200
9 72 34 53 5 12 0 0.00 0.0 0 2.3 16 210 M M 3 21 190
10 71 44 58 10 7 0 0.00 0.0 0 0.5 7 220 M M 4 10 210
11 77 43 60 12 5 0 0.38 0.0 0 8.2 26 170 M M 7 1 37 190
12 60 40 50 3 15 0 0.08 0.0 0 7.9 22 270 M M 5 1 34 270
13 48 35 42 -5 23 0 0.23 T 0 7.4 20 310 M M 10 1 27 320
14 45 36 41 -6 24 0 0.05 0.0 0 8.0 26 290 M M 9 1 48 290
15 45 35 40 -6 25 0 0.00 0.0 0 7.4 18 250 M M 9 26 250
16 63 37 50 4 15 0 0.00 0.0 0 1.8 10 240 M M 5 8 14 220
17 74 42 58 12 7 0 0.00 0.0 0 7.6 20 190 M M 5 27 220
18 64 38 51 5 14 0 0.22 0.0 0 8.1 16 290 M M 6 1 25 280
19 42 26 34 -11 31 0 0.00 0.0 0 4.0 13 250 M M 3 19 240
20 57 23 40 -5 25 0 0.00 0.0 0 2.6 12 150 M M 5 1 14 150
21 59 36 48 3 17 0 0.25 0.0 0 3.2 14 220 M M 9 1 18 220
22 49 30 40 -4 25 0 T 0.0 0 7.4 17 330 M M 6 1 24 340
23 41 24 33 -11 32 0 0.00 0.0 0 3.4 14 240 M M 0 19 240
24 54 21 38 -6 27 0 0.00 0.0 0 1.2 8 180 M M 2 10 250
25 50 34 42 -2 23 0 0.24 0.0 0 4.0 15 270 M M 9 1 21 270
26 45 25 35 -8 30 0 0.01 T 0 7.8 18 280 M M 9 18 28 280
27 46 22 34 -9 31 0 0.00 0.0 0 3.0 9 210 M M 7 13 160
28 54 34 44 1 21 0 T 0.0 0 10.3 23 320 M M 4 32 330
29 42 27 35 -7 30 0 T T 0 3.6 12 320 M M 4 17 300
30 57 32 45 3 20 0 0.00 0.0 0 9.8 16 250 M M 4 24 270
================================================================================
SM 1667 962 629 0 1.52 T 132.4 M 151
================================================================================
AV 55.6 32.1 4.4 FASTST M M 5 MAX(MPH)
MISC ----> # 26 170 48 290
================================================================================
NOTES:
# LAST OF SEVERAL OCCURRENCES
COLUMN 17 PEAK WIND IN M.P.H.
PRELIMINARY LOCAL CLIMATOLOGICAL DATA (WS FORM: F-6) , PAGE 2
STATION: CHARLESTON WV
MONTH: NOVEMBER
YEAR: 2021
LATITUDE: 38 22 N
LONGITUDE: 81 36 W
[TEMPERATURE DATA] [PRECIPITATION DATA] SYMBOLS USED IN COLUMN 16
AVERAGE MONTHLY: 43.8 TOTAL FOR MONTH: 1.52 1 = FOG OR MIST
DPTR FM NORMAL: -2.6 DPTR FM NORMAL: -1.68 2 = FOG REDUCING VISIBILITY
HIGHEST: 77 ON 11 GRTST 24HR 0.46 ON 11-12 TO 1/4 MILE OR LESS
LOWEST: 21 ON 24 3 = THUNDER
SNOW, ICE PELLETS, HAIL 4 = ICE PELLETS
TOTAL MONTH: T 5 = HAIL
GRTST 24HR T ON 13-13 6 = FREEZING RAIN OR DRIZZLE
GRTST DEPTH: 0 7 = DUSTSTORM OR SANDSTORM:
VSBY 1/2 MILE OR LESS
8 = SMOKE OR HAZE
[NO. OF DAYS WITH] [WEATHER - DAYS WITH] 9 = BLOWING SNOW
X = TORNADO
MAX 32 OR BELOW: 0 0.01 INCH OR MORE: 9
MAX 90 OR ABOVE: 0 0.10 INCH OR MORE: 5
MIN 32 OR BELOW: 15 0.50 INCH OR MORE: 0
MIN 0 OR BELOW: 0 1.00 INCH OR MORE: 0
[HDD (BASE 65) ]
TOTAL THIS MO. 629 CLEAR (SCALE 0-3) 8
DPTR FM NORMAL 71 PTCLDY (SCALE 4-7) 15
TOTAL FM JUL 1 812 CLOUDY (SCALE 8-10) 7
DPTR FM NORMAL -64
[CDD (BASE 65) ]
TOTAL THIS MO. 0
DPTR FM NORMAL -2 [PRESSURE DATA]
TOTAL FM JAN 1 1256 HIGHEST SLP 30.57 ON 19
DPTR FM NORMAL 96 LOWEST SLP 29.79 ON 11
[REMARKS]
#FINAL-11-21#